INSERT INTO `wpqh_posts` (`ID`, `post_author`, `post_date`, `post_date_gmt`, `post_content`, `post_title`, `post_excerpt`, `post_status`, `comment_status`, `ping_status`, `post_password`, `post_name`, `to_ping`, `pinged`, `post_modified`, `post_modified_gmt`, `post_content_filtered`, `post_parent`, `guid`, `menu_order`, `post_type`, `post_mime_type`, `comment_count`) VALUES
(5966, 1, '2022-08-09 13:43:54', '2022-08-09 08:13:54', '<style>/*! elementor - v3.6.8 - 27-07-2022 */\n.elementor-heading-title{padding:0;margin:0;line-height:1}.elementor-widget-heading .elementor-heading-title[class*=elementor-size-]>a{color:inherit;font-size:inherit;line-height:inherit}.elementor-widget-heading .elementor-heading-title.elementor-size-small{font-size:15px}.elementor-widget-heading .elementor-heading-title.elementor-size-medium{font-size:19px}.elementor-widget-heading .elementor-heading-title.elementor-size-large{font-size:29px}.elementor-widget-heading .elementor-heading-title.elementor-size-xl{font-size:39px}.elementor-widget-heading .elementor-heading-title.elementor-size-xxl{font-size:59px}</style><h1>Become Affiliate of Digital Gurukul & Earn upto ₹25,000-50,000 Per Month</h1>		\n		<p>Refer visitors to Digital Gurukul, Koubek Token and earn Upto <strong>₹5000</strong> for each qualified Course/KBK/Franchise Sold . 100% Transparency, No hidden conditions </p>		\n			<a href=\"https://shop.digitalgurukul.in/become-an-affiliate/\" role=\"button\">\n						Join Now\n					</a>\n			<style>/*! elementor - v3.6.8 - 27-07-2022 */\n.e-container.e-container--row .elementor-spacer-inner{width:var(--spacer-size)}.e-container.e-container--column .elementor-spacer-inner,.elementor-column .elementor-spacer-inner{height:var(--spacer-size)}</style>		\n			<h2>How you can earn with our Affiliate Program?</h2>		\n			<link rel=\"stylesheet\" href=\"https://shop.digitalgurukul.in/wp-content/plugins/elementor/assets/css/widget-icon-box.min.css\">		\n				<a href=\"#\">\n								</a>\n				<h4>\n					<a href=\"#\" >\n						Free To Join					</a>\n				</h4>\n									<p>\n						Signing up takes only a few minutes and is completely FREE. You\'ll receive a unique tracking code for use on your website right away.					</p>\n				<a href=\"#\">\n								</a>\n				<h4>\n					<a href=\"#\" >\n						Reliable Tracking					</a>\n				</h4>\n									<p>\n						Our custom tracking is hard coded into our platform. We use advanced, customized technology to ensure you always get credit for every single referral.					</p>\n				<a href=\"#\">\n								</a>\n				<h4>\n					<a href=\"#\" >\n						Dedicated Team					</a>\n				</h4>\n									<p>\n						Our affiliate managers are committed to helping you succeed. They\'re always on hand with support, insight, and personalized advice.\n					</p>\n				<a href=\"#\">\n								</a>\n				<h4>\n					<a href=\"#\" >\n						Unlimited Earnings					</a>\n				</h4>\n									<p>\n						There\'s no cap on the amount of commissions you can earn. Refer our programs, franchise, tokens to many people as you\'d like; we won\'t ever hold you back.					</p>\n				<a href=\"#\">\n								</a>\n				<h4>\n					<a href=\"#\" >\n						Customized Campaigns					</a>\n				</h4>\n									<p>\n						Use your tracking links to segment referred traffic and monitor how different activity performs. Compare campaigns by clicks, conversions, and more.					</p>\n				<a href=\"#\">\n								</a>\n				<h4>\n					<a href=\"#\" >\n						Promotional Resources					</a>\n				</h4>\n									<p>\n						Enjoy a wide selection of tried and tested creative assets. Simply select the banners or ads that most effectively complement your website\'s look and feel.					</p>\n			<h2>Our Best selling Programs (Since 2015)</h2>		\n		[product_categories number=\"4\" columns=\"4\" hide_empty=\"0\" orderby=\"name\" order=\"desc\" parent=\"0\"]		\n			<h2>How It Works? \n</h2>		\n			<style>/*! elementor - v3.6.8 - 27-07-2022 */\n.elementor-widget-divider{--divider-border-style:none;--divider-border-width:1px;--divider-color:#2c2c2c;--divider-icon-size:20px;--divider-element-spacing:10px;--divider-pattern-height:24px;--divider-pattern-size:20px;--divider-pattern-url:none;--divider-pattern-repeat:repeat-x}.elementor-widget-divider .elementor-divider{display:-webkit-box;display:-ms-flexbox;display:flex}.elementor-widget-divider .elementor-divider__text{font-size:15px;line-height:1;max-width:95%}.elementor-widget-divider .elementor-divider__element{margin:0 var(--divider-element-spacing);-ms-flex-negative:0;flex-shrink:0}.elementor-widget-divider .elementor-icon{font-size:var(--divider-icon-size)}.elementor-widget-divider .elementor-divider-separator{display:-webkit-box;display:-ms-flexbox;display:flex;margin:0;direction:ltr}.elementor-widget-divider--view-line_icon .elementor-divider-separator,.elementor-widget-divider--view-line_text .elementor-divider-separator{-webkit-box-align:center;-ms-flex-align:center;align-items:center}.elementor-widget-divider--view-line_icon .elementor-divider-separator:after,.elementor-widget-divider--view-line_icon .elementor-divider-separator:before,.elementor-widget-divider--view-line_text .elementor-divider-separator:after,.elementor-widget-divider--view-line_text .elementor-divider-separator:before{display:block;content:\"\";border-bottom:0;-webkit-box-flex:1;-ms-flex-positive:1;flex-grow:1;border-top:var(--divider-border-width) var(--divider-border-style) var(--divider-color)}.elementor-widget-divider--element-align-left .elementor-divider .elementor-divider-separator>.elementor-divider__svg:first-of-type{-webkit-box-flex:0;-ms-flex-positive:0;flex-grow:0;-ms-flex-negative:100;flex-shrink:100}.elementor-widget-divider--element-align-left .elementor-divider-separator:before{content:none}.elementor-widget-divider--element-align-left .elementor-divider__element{margin-left:0}.elementor-widget-divider--element-align-right .elementor-divider .elementor-divider-separator>.elementor-divider__svg:last-of-type{-webkit-box-flex:0;-ms-flex-positive:0;flex-grow:0;-ms-flex-negative:100;flex-shrink:100}.elementor-widget-divider--element-align-right .elementor-divider-separator:after{content:none}.elementor-widget-divider--element-align-right .elementor-divider__element{margin-right:0}.elementor-widget-divider:not(.elementor-widget-divider--view-line_text):not(.elementor-widget-divider--view-line_icon) .elementor-divider-separator{border-top:var(--divider-border-width) var(--divider-border-style) var(--divider-color)}.elementor-widget-divider--separator-type-pattern{--divider-border-style:none}.elementor-widget-divider--separator-type-pattern.elementor-widget-divider--view-line .elementor-divider-separator,.elementor-widget-divider--separator-type-pattern:not(.elementor-widget-divider--view-line) .elementor-divider-separator:after,.elementor-widget-divider--separator-type-pattern:not(.elementor-widget-divider--view-line) .elementor-divider-separator:before,.elementor-widget-divider--separator-type-pattern:not([class*=elementor-widget-divider--view]) .elementor-divider-separator{width:100%;min-height:var(--divider-pattern-height);-webkit-mask-size:var(--divider-pattern-size) 100%;mask-size:var(--divider-pattern-size) 100%;-webkit-mask-repeat:var(--divider-pattern-repeat);mask-repeat:var(--divider-pattern-repeat);background-color:var(--divider-color);-webkit-mask-image:var(--divider-pattern-url);mask-image:var(--divider-pattern-url)}.elementor-widget-divider--no-spacing{--divider-pattern-size:auto}.elementor-widget-divider--bg-round{--divider-pattern-repeat:round}.rtl .elementor-widget-divider .elementor-divider__text{direction:rtl}.e-container>.elementor-widget-divider{width:var(--container-widget-width,100%);-webkit-box-flex:1;-ms-flex-positive:1;flex-grow:1}</style>		\n				<h3>\n						Sign Up					\n				</h3>\n									<p>\n						Fill a simple signup form and you are all set to become a Digital Gurukul/Koubek Token affiliate.\n					</p>\n				<h3>\n						Promote					\n				</h3>\n									<p>\n						Use your website, blog, social media channels, etc. to promote Digital Gurukul /Koubek Token with your affiliate link.\n					</p>\n				<h3>\n						Make Money					\n				</h3>\n									<p>\n						Earn Upto ₹5000 per qualifying enrol for Digital Gurukul Courses/Franchise or Buy Koubek Tokens.\n					</p>\n				<h3>\n						Become Financially Independent					\n				</h3>\n									<p>\n						Start Your Passive Income with this program and be financially Independent					</p>\n			<h2>Join Affiliate Program of Digital Gurukul & start your income instantly </h2>		\n			<a href=\"https://shop.digitalgurukul.in/become-an-affiliate/\" role=\"button\">\n						Join now\n					</a>\n			<h2><h2 data-elementor-setting-key=\"title\" data-pen-placeholder=\"Type Here...\" style=\"text-rendering: optimizelegibility; outline-style: initial; outline-width: 0px; color: rgb(29, 21, 65); line-height: 1; font-family: Poppins, sans-serif; font-style: normal; font-size: 41px; font-weight: var( --e-global-typography-primary-font-weight ); text-align: center;\">What India\'s Biggest Celebrity Says About Us -</h2></h2>		\n		https://youtu.be/tt1T4Y75K4Yhttps://youtu.be/6bQd9uMkHBMhttps://youtu.be/r4RPYVD7K_Mhttps://youtu.be/7iGwB_PMVOshttps://youtu.be/4FCaiLaTDTE		\n			<style>/*! elementor - v3.6.8 - 27-07-2022 */\n.elementor-widget-image-box .elementor-image-box-content{width:100%}@media (min-width:768px){.elementor-widget-image-box.elementor-position-left .elementor-image-box-wrapper,.elementor-widget-image-box.elementor-position-right .elementor-image-box-wrapper{display:-webkit-box;display:-ms-flexbox;display:flex}.elementor-widget-image-box.elementor-position-right .elementor-image-box-wrapper{text-align:right;-webkit-box-orient:horizontal;-webkit-box-direction:reverse;-ms-flex-direction:row-reverse;flex-direction:row-reverse}.elementor-widget-image-box.elementor-position-left .elementor-image-box-wrapper{text-align:left;-webkit-box-orient:horizontal;-webkit-box-direction:normal;-ms-flex-direction:row;flex-direction:row}.elementor-widget-image-box.elementor-position-top .elementor-image-box-img{margin:auto}.elementor-widget-image-box.elementor-vertical-align-top .elementor-image-box-wrapper{-webkit-box-align:start;-ms-flex-align:start;align-items:flex-start}.elementor-widget-image-box.elementor-vertical-align-middle .elementor-image-box-wrapper{-webkit-box-align:center;-ms-flex-align:center;align-items:center}.elementor-widget-image-box.elementor-vertical-align-bottom .elementor-image-box-wrapper{-webkit-box-align:end;-ms-flex-align:end;align-items:flex-end}}@media (max-width:767px){.elementor-widget-image-box .elementor-image-box-img{margin-left:auto!important;margin-right:auto!important;margin-bottom:15px}}.elementor-widget-image-box .elementor-image-box-img{display:inline-block}.elementor-widget-image-box .elementor-image-box-title a{color:inherit}.elementor-widget-image-box .elementor-image-box-wrapper{text-align:center}.elementor-widget-image-box .elementor-image-box-description{margin:0}</style><h2>Have questions?</h2><p>For questions about the program, general support - contact us: affiliates@digitalgurukul.in</p>		\n			<style>/*! elementor - v3.6.8 - 27-07-2022 */\n.elementor-widget-image{text-align:center}.elementor-widget-image a{display:inline-block}.elementor-widget-image a img[src$=\".svg\"]{width:48px}.elementor-widget-image img{vertical-align:middle;display:inline-block}</style>												<img width=\"612\" height=\"408\" src=\"https://shop.digitalgurukul.in/wp-content/uploads/2022/08/indian-man-thinking-looking-up-doubts-people-concept-over-grey-background-132925688-removebg-preview.png\" alt=\"\" loading=\"lazy\" srcset=\"https://shop.digitalgurukul.in/wp-content/uploads/2022/08/indian-man-thinking-looking-up-doubts-people-concept-over-grey-background-132925688-removebg-preview.png 612w, https://shop.digitalgurukul.in/wp-content/uploads/2022/08/indian-man-thinking-looking-up-doubts-people-concept-over-grey-background-132925688-removebg-preview-300x200.png 300w, https://shop.digitalgurukul.in/wp-content/uploads/2022/08/indian-man-thinking-looking-up-doubts-people-concept-over-grey-background-132925688-removebg-preview-600x400.png 600w\" sizes=\"(max-width: 612px) 100vw, 612px\" />															\n			<h2>Frequently Asked Questions\n</h2>		\n			<style>/*! elementor - v3.6.8 - 27-07-2022 */\n.elementor-toggle{text-align:left}.elementor-toggle .elementor-tab-title{font-weight:700;line-height:1;margin:0;padding:15px;border-bottom:1px solid #d4d4d4;cursor:pointer;outline:none}.elementor-toggle .elementor-tab-title .elementor-toggle-icon{display:inline-block;width:1em}.elementor-toggle .elementor-tab-title .elementor-toggle-icon svg{-webkit-margin-start:-5px;margin-inline-start:-5px;width:1em;height:1em}.elementor-toggle .elementor-tab-title .elementor-toggle-icon.elementor-toggle-icon-right{float:right;text-align:right}.elementor-toggle .elementor-tab-title .elementor-toggle-icon.elementor-toggle-icon-left{float:left;text-align:left}.elementor-toggle .elementor-tab-title .elementor-toggle-icon .elementor-toggle-icon-closed{display:block}.elementor-toggle .elementor-tab-title .elementor-toggle-icon .elementor-toggle-icon-opened{display:none}.elementor-toggle .elementor-tab-title.elementor-active{border-bottom:none}.elementor-toggle .elementor-tab-title.elementor-active .elementor-toggle-icon-closed{display:none}.elementor-toggle .elementor-tab-title.elementor-active .elementor-toggle-icon-opened{display:block}.elementor-toggle .elementor-tab-content{padding:15px;border-bottom:1px solid #d4d4d4;display:none}@media (max-width:767px){.elementor-toggle .elementor-tab-title{padding:12px}.elementor-toggle .elementor-tab-content{padding:12px 10px}}</style>		\n												<a href=\"\">What is the Digital Gurukul/Koubek Token Affiliate Program?</a>\n					<p>The Digital Gurukul/Koubek Token Affiliate Program is a marketing program where we pay fixed commissions to our affiliates to drive new customers/referrals. You can promote Digital Gurukul/Koubek Token by using the banners and text links that we provide. We then track the referrals that you send to our website through your affiliate link and give a commission of upto ₹5000 per qualifying purchase.</p>\n												<a href=\"\">Where can I promote Digital Gurukul/Koubek Token?</a>\n					<p>You can promote Digital Gurukul/Koubek Token on your website, blog, social media, forums, email marketing, etc.</p>\n												<a href=\"\">Do I need to pay a sign up fee for this Affiliate Program?</a>\n					<p>No, the signup is absolutely free. </p>\n												<a href=\"\">Where do I sign up for the Digital Gurukul/Koubek Token Affiliate Program?</a>\n					<p>You can sign up for the Affiliate program by visiting &#8220;Becoming an Affiliate&#8221; Page on Menu section.</p>\n												<a href=\"\">Do I need to have technical skills to become a Digital Gurukul /Koubek Affiliate?</a>\n					<p>You don&#8217;t need high technical know how to become and affiliate, we will provide you with awesome banners and tracking links and all you need to do is start driving traffic and earn money.</p>\n												<a href=\"\">Where can I find the text links and banners?</a>\n					<p>You can find the text links and banners in your Affiliate Dashboard Account.</p> \n												<a href=\"\">How much can I earn?</a>\n					<p>We offer a flat commission per qualifying purchase, currently we are offering upto *₹5000 per purchase.</p><p>*Depends which product Purchased. </p> \n												<a href=\"\">Where can I monitor my commissions?</a>\n					<p>The affiliate panel provides information about Commissions, Sales and much more. For detailed information, you can use the reports feature in the panel.</p>\n												<a href=\"\">How do I get paid?</a>\n					<p>Commission payouts are made via Bank/Wire Transfer or UPI</p>\n												<a href=\"\">How often do I get paid?</a>\n					<p>The commission is processed approximately 15 days after the referral completes the transaction. The minimum payment payout balance is  ₹2500 or equivalent.</p>\n												<a href=\"\">Where do I update my bank account details to receive commissions?</a>\n					<p>To update your bank account details kindly follow the below mentioned steps:<br />1. Login to the <a tabindex=\"0\" href=\"https://shop.digitalgurukul.in/affiliate-login/\" target=\"_self\" rel=\"noopener\">Affiliate </a>portal<br />2.Click on Payments &gt; Withdrawal Settings<br />3. Mention Payout Details.</p>\n												<a href=\"\">What if my referral doesn\'t show up in reporting?</a>\n					<p>We will work with you to resolve this as quickly as possible.<br />Send an email to info@digitalgurukul.in<br />Along with the Domain name and Date of Sale</p>\n												<a href=\"\">What is the cookie duration?</a>\n					<p>The tracking cookie will remain valid for 120 days</p> \n												<a href=\"\">Will Digital Gurukul/Koubek Token help me with product updates, offers, etc.?</a>\n					<p>We will help you with updated marketing collaterals such as links and banners. Apart from this, we will also help you with updated offers and much more such <a href=\"https://t.me/+blbcMljkMPFlOGZl\">Telegram Groups</a> and Discords Groups</p>\n												<a href=\"\">Can I bid on Digital Gurukul keywords in SEM?</a>\n					<p>As per our guidelines, you are not permitted to bid on Digital Gurukul/Koubek Token brand keywords such as Digital Gurukul,Koube Token, Digital Gurukul India, etc.</p><h4> </h4>\n												<a href=\"\">Who do I contact for questions regarding the Affiliate program?</a>\n					<p>For assistance kindly send an email to info@digitalgurukul.in</p>\n			<h2>Want To Explore More About Digital Gurukul Courses/Franchise?</h2>		\n			<a href=\"https://digitalgurukul.in/\" role=\"button\">\n						Explore More\n					</a>', 'Home', '', 'inherit', 'closed', 'closed', '', '95-revision-v1', '', '', '2022-08-09 13:43:54', '2022-08-09 08:13:54', '', 95, 'https://shop.digitalgurukul.in/?p=5966', 0, 'revision', '', 0),
(5967, 1, '2022-08-09 13:44:28', '2022-08-09 08:14:28', '<style>/*! elementor - v3.6.8 - 27-07-2022 */\n.elementor-heading-title{padding:0;margin:0;line-height:1}.elementor-widget-heading .elementor-heading-title[class*=elementor-size-]>a{color:inherit;font-size:inherit;line-height:inherit}.elementor-widget-heading .elementor-heading-title.elementor-size-small{font-size:15px}.elementor-widget-heading .elementor-heading-title.elementor-size-medium{font-size:19px}.elementor-widget-heading .elementor-heading-title.elementor-size-large{font-size:29px}.elementor-widget-heading .elementor-heading-title.elementor-size-xl{font-size:39px}.elementor-widget-heading .elementor-heading-title.elementor-size-xxl{font-size:59px}</style><h1>Become Affiliate of Digital Gurukul & Earn upto ₹25,000-50,000 Per Month</h1>		\n		<p>Refer visitors to Digital Gurukul, Koubek Token and earn Upto <strong>₹5000</strong> for each qualified Course/KBK/Franchise Sold . 100% Transparency, No hidden conditions </p>		\n			<a href=\"https://shop.digitalgurukul.in/become-an-affiliate/\" role=\"button\">\n						Join Now\n					</a>\n			<style>/*! elementor - v3.6.8 - 27-07-2022 */\n.e-container.e-container--row .elementor-spacer-inner{width:var(--spacer-size)}.e-container.e-container--column .elementor-spacer-inner,.elementor-column .elementor-spacer-inner{height:var(--spacer-size)}</style>		\n			<h2>How you can earn with our Affiliate Program?</h2>		\n			<link rel=\"stylesheet\" href=\"https://shop.digitalgurukul.in/wp-content/plugins/elementor/assets/css/widget-icon-box.min.css\">		\n				<a href=\"#\">\n								</a>\n				<h4>\n					<a href=\"#\" >\n						Free To Join					</a>\n				</h4>\n									<p>\n						Signing up takes only a few minutes and is completely FREE. You\'ll receive a unique tracking code for use on your website right away.					</p>\n				<a href=\"#\">\n								</a>\n				<h4>\n					<a href=\"#\" >\n						Reliable Tracking					</a>\n				</h4>\n									<p>\n						Our custom tracking is hard coded into our platform. We use advanced, customized technology to ensure you always get credit for every single referral.					</p>\n				<a href=\"#\">\n								</a>\n				<h4>\n					<a href=\"#\" >\n						Dedicated Team					</a>\n				</h4>\n									<p>\n						Our affiliate managers are committed to helping you succeed. They\'re always on hand with support, insight, and personalized advice.\n					</p>\n				<a href=\"#\">\n								</a>\n				<h4>\n					<a href=\"#\" >\n						Unlimited Earnings					</a>\n				</h4>\n									<p>\n						There\'s no cap on the amount of commissions you can earn. Refer our programs, franchise, tokens to many people as you\'d like; we won\'t ever hold you back.					</p>\n				<a href=\"#\">\n								</a>\n				<h4>\n					<a href=\"#\" >\n						Customized Campaigns					</a>\n				</h4>\n									<p>\n						Use your tracking links to segment referred traffic and monitor how different activity performs. Compare campaigns by clicks, conversions, and more.					</p>\n				<a href=\"#\">\n								</a>\n				<h4>\n					<a href=\"#\" >\n						Promotional Resources					</a>\n				</h4>\n									<p>\n						Enjoy a wide selection of tried and tested creative assets. Simply select the banners or ads that most effectively complement your website\'s look and feel.					</p>\n			<h2>Our Best selling Programs (Since 2015)</h2>		\n		[product_categories number=\"4\" columns=\"4\" hide_empty=\"0\" orderby=\"name\" order=\"desc\" parent=\"0\"]		\n			<h2>How It Works? \n</h2>		\n			<style>/*! elementor - v3.6.8 - 27-07-2022 */\n.elementor-widget-divider{--divider-border-style:none;--divider-border-width:1px;--divider-color:#2c2c2c;--divider-icon-size:20px;--divider-element-spacing:10px;--divider-pattern-height:24px;--divider-pattern-size:20px;--divider-pattern-url:none;--divider-pattern-repeat:repeat-x}.elementor-widget-divider .elementor-divider{display:-webkit-box;display:-ms-flexbox;display:flex}.elementor-widget-divider .elementor-divider__text{font-size:15px;line-height:1;max-width:95%}.elementor-widget-divider .elementor-divider__element{margin:0 var(--divider-element-spacing);-ms-flex-negative:0;flex-shrink:0}.elementor-widget-divider .elementor-icon{font-size:var(--divider-icon-size)}.elementor-widget-divider .elementor-divider-separator{display:-webkit-box;display:-ms-flexbox;display:flex;margin:0;direction:ltr}.elementor-widget-divider--view-line_icon .elementor-divider-separator,.elementor-widget-divider--view-line_text .elementor-divider-separator{-webkit-box-align:center;-ms-flex-align:center;align-items:center}.elementor-widget-divider--view-line_icon .elementor-divider-separator:after,.elementor-widget-divider--view-line_icon .elementor-divider-separator:before,.elementor-widget-divider--view-line_text .elementor-divider-separator:after,.elementor-widget-divider--view-line_text .elementor-divider-separator:before{display:block;content:\"\";border-bottom:0;-webkit-box-flex:1;-ms-flex-positive:1;flex-grow:1;border-top:var(--divider-border-width) var(--divider-border-style) var(--divider-color)}.elementor-widget-divider--element-align-left .elementor-divider .elementor-divider-separator>.elementor-divider__svg:first-of-type{-webkit-box-flex:0;-ms-flex-positive:0;flex-grow:0;-ms-flex-negative:100;flex-shrink:100}.elementor-widget-divider--element-align-left .elementor-divider-separator:before{content:none}.elementor-widget-divider--element-align-left .elementor-divider__element{margin-left:0}.elementor-widget-divider--element-align-right .elementor-divider .elementor-divider-separator>.elementor-divider__svg:last-of-type{-webkit-box-flex:0;-ms-flex-positive:0;flex-grow:0;-ms-flex-negative:100;flex-shrink:100}.elementor-widget-divider--element-align-right .elementor-divider-separator:after{content:none}.elementor-widget-divider--element-align-right .elementor-divider__element{margin-right:0}.elementor-widget-divider:not(.elementor-widget-divider--view-line_text):not(.elementor-widget-divider--view-line_icon) .elementor-divider-separator{border-top:var(--divider-border-width) var(--divider-border-style) var(--divider-color)}.elementor-widget-divider--separator-type-pattern{--divider-border-style:none}.elementor-widget-divider--separator-type-pattern.elementor-widget-divider--view-line .elementor-divider-separator,.elementor-widget-divider--separator-type-pattern:not(.elementor-widget-divider--view-line) .elementor-divider-separator:after,.elementor-widget-divider--separator-type-pattern:not(.elementor-widget-divider--view-line) .elementor-divider-separator:before,.elementor-widget-divider--separator-type-pattern:not([class*=elementor-widget-divider--view]) .elementor-divider-separator{width:100%;min-height:var(--divider-pattern-height);-webkit-mask-size:var(--divider-pattern-size) 100%;mask-size:var(--divider-pattern-size) 100%;-webkit-mask-repeat:var(--divider-pattern-repeat);mask-repeat:var(--divider-pattern-repeat);background-color:var(--divider-color);-webkit-mask-image:var(--divider-pattern-url);mask-image:var(--divider-pattern-url)}.elementor-widget-divider--no-spacing{--divider-pattern-size:auto}.elementor-widget-divider--bg-round{--divider-pattern-repeat:round}.rtl .elementor-widget-divider .elementor-divider__text{direction:rtl}.e-container>.elementor-widget-divider{width:var(--container-widget-width,100%);-webkit-box-flex:1;-ms-flex-positive:1;flex-grow:1}</style>		\n				<h3>\n						Sign Up					\n				</h3>\n									<p>\n						Fill a simple signup form and you are all set to become a Digital Gurukul/Koubek Token affiliate.\n					</p>\n				<h3>\n						Promote					\n				</h3>\n									<p>\n						Use your website, blog, social media channels, etc. to promote Digital Gurukul /Koubek Token with your affiliate link.\n					</p>\n				<h3>\n						Make Money					\n				</h3>\n									<p>\n						Earn Upto ₹5000 per qualifying enrol for Digital Gurukul Courses/Franchise or Buy Koubek Tokens.\n					</p>\n				<h3>\n						Become Financially Independent					\n				</h3>\n									<p>\n						Start Your Passive Income with this program and be financially Independent					</p>\n			<h2>Join Affiliate Program of Digital Gurukul & start your income instantly </h2>		\n			<a href=\"https://shop.digitalgurukul.in/become-an-affiliate/\" role=\"button\">\n						Join now\n					</a>\n			<h2><h2 data-elementor-setting-key=\"title\" data-pen-placeholder=\"Type Here...\" style=\"text-rendering: optimizelegibility; outline-style: initial; outline-width: 0px; color: rgb(29, 21, 65); line-height: 1; font-family: Poppins, sans-serif; font-style: normal; font-size: 41px; font-weight: var( --e-global-typography-primary-font-weight ); text-align: center;\">What India\'s Biggest Celebrity Says About Us -</h2></h2>		\n		https://youtu.be/tt1T4Y75K4Yhttps://youtu.be/6bQd9uMkHBMhttps://youtu.be/r4RPYVD7K_Mhttps://youtu.be/7iGwB_PMVOshttps://youtu.be/4FCaiLaTDTE		\n			<style>/*! elementor - v3.6.8 - 27-07-2022 */\n.elementor-widget-image-box .elementor-image-box-content{width:100%}@media (min-width:768px){.elementor-widget-image-box.elementor-position-left .elementor-image-box-wrapper,.elementor-widget-image-box.elementor-position-right .elementor-image-box-wrapper{display:-webkit-box;display:-ms-flexbox;display:flex}.elementor-widget-image-box.elementor-position-right .elementor-image-box-wrapper{text-align:right;-webkit-box-orient:horizontal;-webkit-box-direction:reverse;-ms-flex-direction:row-reverse;flex-direction:row-reverse}.elementor-widget-image-box.elementor-position-left .elementor-image-box-wrapper{text-align:left;-webkit-box-orient:horizontal;-webkit-box-direction:normal;-ms-flex-direction:row;flex-direction:row}.elementor-widget-image-box.elementor-position-top .elementor-image-box-img{margin:auto}.elementor-widget-image-box.elementor-vertical-align-top .elementor-image-box-wrapper{-webkit-box-align:start;-ms-flex-align:start;align-items:flex-start}.elementor-widget-image-box.elementor-vertical-align-middle .elementor-image-box-wrapper{-webkit-box-align:center;-ms-flex-align:center;align-items:center}.elementor-widget-image-box.elementor-vertical-align-bottom .elementor-image-box-wrapper{-webkit-box-align:end;-ms-flex-align:end;align-items:flex-end}}@media (max-width:767px){.elementor-widget-image-box .elementor-image-box-img{margin-left:auto!important;margin-right:auto!important;margin-bottom:15px}}.elementor-widget-image-box .elementor-image-box-img{display:inline-block}.elementor-widget-image-box .elementor-image-box-title a{color:inherit}.elementor-widget-image-box .elementor-image-box-wrapper{text-align:center}.elementor-widget-image-box .elementor-image-box-description{margin:0}</style><h2>Have questions?</h2><p>For questions about the program, general support - contact us: affiliates@digitalgurukul.in</p>		\n			<style>/*! elementor - v3.6.8 - 27-07-2022 */\n.elementor-widget-image{text-align:center}.elementor-widget-image a{display:inline-block}.elementor-widget-image a img[src$=\".svg\"]{width:48px}.elementor-widget-image img{vertical-align:middle;display:inline-block}</style>												<img width=\"612\" height=\"408\" src=\"https://shop.digitalgurukul.in/wp-content/uploads/2022/08/indian-man-thinking-looking-up-doubts-people-concept-over-grey-background-132925688-removebg-preview.png\" alt=\"\" loading=\"lazy\" srcset=\"https://shop.digitalgurukul.in/wp-content/uploads/2022/08/indian-man-thinking-looking-up-doubts-people-concept-over-grey-background-132925688-removebg-preview.png 612w, https://shop.digitalgurukul.in/wp-content/uploads/2022/08/indian-man-thinking-looking-up-doubts-people-concept-over-grey-background-132925688-removebg-preview-300x200.png 300w, https://shop.digitalgurukul.in/wp-content/uploads/2022/08/indian-man-thinking-looking-up-doubts-people-concept-over-grey-background-132925688-removebg-preview-600x400.png 600w\" sizes=\"(max-width: 612px) 100vw, 612px\" />															\n			<h2>Frequently Asked Questions\n</h2>		\n			<style>/*! elementor - v3.6.8 - 27-07-2022 */\n.elementor-toggle{text-align:left}.elementor-toggle .elementor-tab-title{font-weight:700;line-height:1;margin:0;padding:15px;border-bottom:1px solid #d4d4d4;cursor:pointer;outline:none}.elementor-toggle .elementor-tab-title .elementor-toggle-icon{display:inline-block;width:1em}.elementor-toggle .elementor-tab-title .elementor-toggle-icon svg{-webkit-margin-start:-5px;margin-inline-start:-5px;width:1em;height:1em}.elementor-toggle .elementor-tab-title .elementor-toggle-icon.elementor-toggle-icon-right{float:right;text-align:right}.elementor-toggle .elementor-tab-title .elementor-toggle-icon.elementor-toggle-icon-left{float:left;text-align:left}.elementor-toggle .elementor-tab-title .elementor-toggle-icon .elementor-toggle-icon-closed{display:block}.elementor-toggle .elementor-tab-title .elementor-toggle-icon .elementor-toggle-icon-opened{display:none}.elementor-toggle .elementor-tab-title.elementor-active{border-bottom:none}.elementor-toggle .elementor-tab-title.elementor-active .elementor-toggle-icon-closed{display:none}.elementor-toggle .elementor-tab-title.elementor-active .elementor-toggle-icon-opened{display:block}.elementor-toggle .elementor-tab-content{padding:15px;border-bottom:1px solid #d4d4d4;display:none}@media (max-width:767px){.elementor-toggle .elementor-tab-title{padding:12px}.elementor-toggle .elementor-tab-content{padding:12px 10px}}</style>		\n												<a href=\"\">What is the Digital Gurukul/Koubek Token Affiliate Program?</a>\n					<p>The Digital Gurukul/Koubek Token Affiliate Program is a marketing program where we pay fixed commissions to our affiliates to drive new customers/referrals. You can promote Digital Gurukul/Koubek Token by using the banners and text links that we provide. We then track the referrals that you send to our website through your affiliate link and give a commission of upto ₹5000 per qualifying purchase.</p>\n												<a href=\"\">Where can I promote Digital Gurukul/Koubek Token?</a>\n					<p>You can promote Digital Gurukul/Koubek Token on your website, blog, social media, forums, email marketing, etc.</p>\n												<a href=\"\">Do I need to pay a sign up fee for this Affiliate Program?</a>\n					<p>No, the signup is absolutely free. </p>\n												<a href=\"\">Where do I sign up for the Digital Gurukul/Koubek Token Affiliate Program?</a>\n					<p>You can sign up for the Affiliate program by visiting &#8220;Becoming an Affiliate&#8221; Page on Menu section.</p>\n												<a href=\"\">Do I need to have technical skills to become a Digital Gurukul /Koubek Affiliate?</a>\n					<p>You don&#8217;t need high technical know how to become and affiliate, we will provide you with awesome banners and tracking links and all you need to do is start driving traffic and earn money.</p>\n												<a href=\"\">Where can I find the text links and banners?</a>\n					<p>You can find the text links and banners in your Affiliate Dashboard Account.</p> \n												<a href=\"\">How much can I earn?</a>\n					<p>We offer a flat commission per qualifying purchase, currently we are offering upto *₹5000 per purchase.</p><p>*Depends which product Purchased. </p> \n												<a href=\"\">Where can I monitor my commissions?</a>\n					<p>The affiliate panel provides information about Commissions, Sales and much more. For detailed information, you can use the reports feature in the panel.</p>\n												<a href=\"\">How do I get paid?</a>\n					<p>Commission payouts are made via Bank/Wire Transfer or UPI</p>\n												<a href=\"\">How often do I get paid?</a>\n					<p>The commission is processed approximately 15 days after the referral completes the transaction. The minimum payment payout balance is  ₹2500 or equivalent.</p>\n												<a href=\"\">Where do I update my bank account details to receive commissions?</a>\n					<p>To update your bank account details kindly follow the below mentioned steps:<br />1. Login to the <a tabindex=\"0\" href=\"https://shop.digitalgurukul.in/affiliate-login/\" target=\"_self\" rel=\"noopener\">Affiliate </a>portal<br />2.Click on Payments &gt; Withdrawal Settings<br />3. Mention Payout Details.</p>\n												<a href=\"\">What if my referral doesn\'t show up in reporting?</a>\n					<p>We will work with you to resolve this as quickly as possible.<br />Send an email to info@digitalgurukul.in<br />Along with the Domain name and Date of Sale</p>\n												<a href=\"\">What is the cookie duration?</a>\n					<p>The tracking cookie will remain valid for 120 days</p> \n												<a href=\"\">Will Digital Gurukul/Koubek Token help me with product updates, offers, etc.?</a>\n					<p>We will help you with updated marketing collaterals such as links and banners. Apart from this, we will also help you with updated offers and much more such <a href=\"https://t.me/+blbcMljkMPFlOGZl\">Telegram Groups</a> and Discords Groups</p>\n												<a href=\"\">Can I bid on Digital Gurukul keywords in SEM?</a>\n					<p>As per our guidelines, you are not permitted to bid on Digital Gurukul/Koubek Token brand keywords such as Digital Gurukul,Koube Token, Digital Gurukul India, etc.</p><h4> </h4>\n												<a href=\"\">Who do I contact for questions regarding the Affiliate program?</a>\n					<p>For assistance kindly send an email to info@digitalgurukul.in</p>\n			<h2>Want To Explore More About Digital Gurukul Courses/Franchise?</h2>		\n			<a href=\"https://digitalgurukul.in/\" role=\"button\">\n						Explore More\n					</a>', 'Home', '', 'inherit', 'closed', 'closed', '', '95-revision-v1', '', '', '2022-08-09 13:44:28', '2022-08-09 08:14:28', '', 95, 'https://shop.digitalgurukul.in/?p=5967', 0, 'revision', '', 0);
INSERT INTO `wpqh_posts` (`ID`, `post_author`, `post_date`, `post_date_gmt`, `post_content`, `post_title`, `post_excerpt`, `post_status`, `comment_status`, `ping_status`, `post_password`, `post_name`, `to_ping`, `pinged`, `post_modified`, `post_modified_gmt`, `post_content_filtered`, `post_parent`, `guid`, `menu_order`, `post_type`, `post_mime_type`, `comment_count`) VALUES
(5968, 1, '2022-08-09 13:44:28', '2022-08-09 08:14:28', '<style>/*! elementor - v3.6.8 - 27-07-2022 */\n.elementor-heading-title{padding:0;margin:0;line-height:1}.elementor-widget-heading .elementor-heading-title[class*=elementor-size-]>a{color:inherit;font-size:inherit;line-height:inherit}.elementor-widget-heading .elementor-heading-title.elementor-size-small{font-size:15px}.elementor-widget-heading .elementor-heading-title.elementor-size-medium{font-size:19px}.elementor-widget-heading .elementor-heading-title.elementor-size-large{font-size:29px}.elementor-widget-heading .elementor-heading-title.elementor-size-xl{font-size:39px}.elementor-widget-heading .elementor-heading-title.elementor-size-xxl{font-size:59px}</style><h1>Become Affiliate of Digital Gurukul & Earn upto ₹25,000-50,000 Per Month</h1>		\n		<p>Refer visitors to Digital Gurukul, Koubek Token and earn Upto <strong>₹5000</strong> for each qualified Course/KBK/Franchise Sold . 100% Transparency, No hidden conditions </p>		\n			<a href=\"https://shop.digitalgurukul.in/become-an-affiliate/\" role=\"button\">\n						Join Now\n					</a>\n			<style>/*! elementor - v3.6.8 - 27-07-2022 */\n.e-container.e-container--row .elementor-spacer-inner{width:var(--spacer-size)}.e-container.e-container--column .elementor-spacer-inner,.elementor-column .elementor-spacer-inner{height:var(--spacer-size)}</style>		\n			<h2>How you can earn with our Affiliate Program?</h2>		\n			<link rel=\"stylesheet\" href=\"https://shop.digitalgurukul.in/wp-content/plugins/elementor/assets/css/widget-icon-box.min.css\">		\n				<a href=\"#\">\n								</a>\n				<h4>\n					<a href=\"#\" >\n						Free To Join					</a>\n				</h4>\n									<p>\n						Signing up takes only a few minutes and is completely FREE. You\'ll receive a unique tracking code for use on your website right away.					</p>\n				<a href=\"#\">\n								</a>\n				<h4>\n					<a href=\"#\" >\n						Reliable Tracking					</a>\n				</h4>\n									<p>\n						Our custom tracking is hard coded into our platform. We use advanced, customized technology to ensure you always get credit for every single referral.					</p>\n				<a href=\"#\">\n								</a>\n				<h4>\n					<a href=\"#\" >\n						Dedicated Team					</a>\n				</h4>\n									<p>\n						Our affiliate managers are committed to helping you succeed. They\'re always on hand with support, insight, and personalized advice.\n					</p>\n				<a href=\"#\">\n								</a>\n				<h4>\n					<a href=\"#\" >\n						Unlimited Earnings					</a>\n				</h4>\n									<p>\n						There\'s no cap on the amount of commissions you can earn. Refer our programs, franchise, tokens to many people as you\'d like; we won\'t ever hold you back.					</p>\n				<a href=\"#\">\n								</a>\n				<h4>\n					<a href=\"#\" >\n						Customized Campaigns					</a>\n				</h4>\n									<p>\n						Use your tracking links to segment referred traffic and monitor how different activity performs. Compare campaigns by clicks, conversions, and more.					</p>\n				<a href=\"#\">\n								</a>\n				<h4>\n					<a href=\"#\" >\n						Promotional Resources					</a>\n				</h4>\n									<p>\n						Enjoy a wide selection of tried and tested creative assets. Simply select the banners or ads that most effectively complement your website\'s look and feel.					</p>\n			<h2>Our Best selling Programs (Since 2015)</h2>		\n		[product_categories number=\"4\" columns=\"4\" hide_empty=\"0\" orderby=\"name\" order=\"desc\" parent=\"0\"]		\n			<h2>How It Works? \n</h2>		\n			<style>/*! elementor - v3.6.8 - 27-07-2022 */\n.elementor-widget-divider{--divider-border-style:none;--divider-border-width:1px;--divider-color:#2c2c2c;--divider-icon-size:20px;--divider-element-spacing:10px;--divider-pattern-height:24px;--divider-pattern-size:20px;--divider-pattern-url:none;--divider-pattern-repeat:repeat-x}.elementor-widget-divider .elementor-divider{display:-webkit-box;display:-ms-flexbox;display:flex}.elementor-widget-divider .elementor-divider__text{font-size:15px;line-height:1;max-width:95%}.elementor-widget-divider .elementor-divider__element{margin:0 var(--divider-element-spacing);-ms-flex-negative:0;flex-shrink:0}.elementor-widget-divider .elementor-icon{font-size:var(--divider-icon-size)}.elementor-widget-divider .elementor-divider-separator{display:-webkit-box;display:-ms-flexbox;display:flex;margin:0;direction:ltr}.elementor-widget-divider--view-line_icon .elementor-divider-separator,.elementor-widget-divider--view-line_text .elementor-divider-separator{-webkit-box-align:center;-ms-flex-align:center;align-items:center}.elementor-widget-divider--view-line_icon .elementor-divider-separator:after,.elementor-widget-divider--view-line_icon .elementor-divider-separator:before,.elementor-widget-divider--view-line_text .elementor-divider-separator:after,.elementor-widget-divider--view-line_text .elementor-divider-separator:before{display:block;content:\"\";border-bottom:0;-webkit-box-flex:1;-ms-flex-positive:1;flex-grow:1;border-top:var(--divider-border-width) var(--divider-border-style) var(--divider-color)}.elementor-widget-divider--element-align-left .elementor-divider .elementor-divider-separator>.elementor-divider__svg:first-of-type{-webkit-box-flex:0;-ms-flex-positive:0;flex-grow:0;-ms-flex-negative:100;flex-shrink:100}.elementor-widget-divider--element-align-left .elementor-divider-separator:before{content:none}.elementor-widget-divider--element-align-left .elementor-divider__element{margin-left:0}.elementor-widget-divider--element-align-right .elementor-divider .elementor-divider-separator>.elementor-divider__svg:last-of-type{-webkit-box-flex:0;-ms-flex-positive:0;flex-grow:0;-ms-flex-negative:100;flex-shrink:100}.elementor-widget-divider--element-align-right .elementor-divider-separator:after{content:none}.elementor-widget-divider--element-align-right .elementor-divider__element{margin-right:0}.elementor-widget-divider:not(.elementor-widget-divider--view-line_text):not(.elementor-widget-divider--view-line_icon) .elementor-divider-separator{border-top:var(--divider-border-width) var(--divider-border-style) var(--divider-color)}.elementor-widget-divider--separator-type-pattern{--divider-border-style:none}.elementor-widget-divider--separator-type-pattern.elementor-widget-divider--view-line .elementor-divider-separator,.elementor-widget-divider--separator-type-pattern:not(.elementor-widget-divider--view-line) .elementor-divider-separator:after,.elementor-widget-divider--separator-type-pattern:not(.elementor-widget-divider--view-line) .elementor-divider-separator:before,.elementor-widget-divider--separator-type-pattern:not([class*=elementor-widget-divider--view]) .elementor-divider-separator{width:100%;min-height:var(--divider-pattern-height);-webkit-mask-size:var(--divider-pattern-size) 100%;mask-size:var(--divider-pattern-size) 100%;-webkit-mask-repeat:var(--divider-pattern-repeat);mask-repeat:var(--divider-pattern-repeat);background-color:var(--divider-color);-webkit-mask-image:var(--divider-pattern-url);mask-image:var(--divider-pattern-url)}.elementor-widget-divider--no-spacing{--divider-pattern-size:auto}.elementor-widget-divider--bg-round{--divider-pattern-repeat:round}.rtl .elementor-widget-divider .elementor-divider__text{direction:rtl}.e-container>.elementor-widget-divider{width:var(--container-widget-width,100%);-webkit-box-flex:1;-ms-flex-positive:1;flex-grow:1}</style>		\n				<h3>\n						Sign Up					\n				</h3>\n									<p>\n						Fill a simple signup form and you are all set to become a Digital Gurukul/Koubek Token affiliate.\n					</p>\n				<h3>\n						Promote					\n				</h3>\n									<p>\n						Use your website, blog, social media channels, etc. to promote Digital Gurukul /Koubek Token with your affiliate link.\n					</p>\n				<h3>\n						Make Money					\n				</h3>\n									<p>\n						Earn Upto ₹5000 per qualifying enrol for Digital Gurukul Courses/Franchise or Buy Koubek Tokens.\n					</p>\n				<h3>\n						Become Financially Independent					\n				</h3>\n									<p>\n						Start Your Passive Income with this program and be financially Independent					</p>\n			<h2>Join Affiliate Program of Digital Gurukul & start your income instantly </h2>		\n			<a href=\"https://shop.digitalgurukul.in/become-an-affiliate/\" role=\"button\">\n						Join now\n					</a>\n			<h2><h2 data-elementor-setting-key=\"title\" data-pen-placeholder=\"Type Here...\" style=\"text-rendering: optimizelegibility; outline-style: initial; outline-width: 0px; color: rgb(29, 21, 65); line-height: 1; font-family: Poppins, sans-serif; font-style: normal; font-size: 41px; font-weight: var( --e-global-typography-primary-font-weight ); text-align: center;\">What India\'s Biggest Celebrity Says About Us -</h2></h2>		\n		https://youtu.be/tt1T4Y75K4Yhttps://youtu.be/6bQd9uMkHBMhttps://youtu.be/r4RPYVD7K_Mhttps://youtu.be/7iGwB_PMVOshttps://youtu.be/4FCaiLaTDTE		\n			<style>/*! elementor - v3.6.8 - 27-07-2022 */\n.elementor-widget-image-box .elementor-image-box-content{width:100%}@media (min-width:768px){.elementor-widget-image-box.elementor-position-left .elementor-image-box-wrapper,.elementor-widget-image-box.elementor-position-right .elementor-image-box-wrapper{display:-webkit-box;display:-ms-flexbox;display:flex}.elementor-widget-image-box.elementor-position-right .elementor-image-box-wrapper{text-align:right;-webkit-box-orient:horizontal;-webkit-box-direction:reverse;-ms-flex-direction:row-reverse;flex-direction:row-reverse}.elementor-widget-image-box.elementor-position-left .elementor-image-box-wrapper{text-align:left;-webkit-box-orient:horizontal;-webkit-box-direction:normal;-ms-flex-direction:row;flex-direction:row}.elementor-widget-image-box.elementor-position-top .elementor-image-box-img{margin:auto}.elementor-widget-image-box.elementor-vertical-align-top .elementor-image-box-wrapper{-webkit-box-align:start;-ms-flex-align:start;align-items:flex-start}.elementor-widget-image-box.elementor-vertical-align-middle .elementor-image-box-wrapper{-webkit-box-align:center;-ms-flex-align:center;align-items:center}.elementor-widget-image-box.elementor-vertical-align-bottom .elementor-image-box-wrapper{-webkit-box-align:end;-ms-flex-align:end;align-items:flex-end}}@media (max-width:767px){.elementor-widget-image-box .elementor-image-box-img{margin-left:auto!important;margin-right:auto!important;margin-bottom:15px}}.elementor-widget-image-box .elementor-image-box-img{display:inline-block}.elementor-widget-image-box .elementor-image-box-title a{color:inherit}.elementor-widget-image-box .elementor-image-box-wrapper{text-align:center}.elementor-widget-image-box .elementor-image-box-description{margin:0}</style><h2>Have questions?</h2><p>For questions about the program, general support - contact us: affiliates@digitalgurukul.in</p>		\n			<style>/*! elementor - v3.6.8 - 27-07-2022 */\n.elementor-widget-image{text-align:center}.elementor-widget-image a{display:inline-block}.elementor-widget-image a img[src$=\".svg\"]{width:48px}.elementor-widget-image img{vertical-align:middle;display:inline-block}</style>												<img width=\"612\" height=\"408\" src=\"https://shop.digitalgurukul.in/wp-content/uploads/2022/08/indian-man-thinking-looking-up-doubts-people-concept-over-grey-background-132925688-removebg-preview.png\" alt=\"\" loading=\"lazy\" srcset=\"https://shop.digitalgurukul.in/wp-content/uploads/2022/08/indian-man-thinking-looking-up-doubts-people-concept-over-grey-background-132925688-removebg-preview.png 612w, https://shop.digitalgurukul.in/wp-content/uploads/2022/08/indian-man-thinking-looking-up-doubts-people-concept-over-grey-background-132925688-removebg-preview-300x200.png 300w, https://shop.digitalgurukul.in/wp-content/uploads/2022/08/indian-man-thinking-looking-up-doubts-people-concept-over-grey-background-132925688-removebg-preview-600x400.png 600w\" sizes=\"(max-width: 612px) 100vw, 612px\" />															\n			<h2>Frequently Asked Questions\n</h2>		\n			<style>/*! elementor - v3.6.8 - 27-07-2022 */\n.elementor-toggle{text-align:left}.elementor-toggle .elementor-tab-title{font-weight:700;line-height:1;margin:0;padding:15px;border-bottom:1px solid #d4d4d4;cursor:pointer;outline:none}.elementor-toggle .elementor-tab-title .elementor-toggle-icon{display:inline-block;width:1em}.elementor-toggle .elementor-tab-title .elementor-toggle-icon svg{-webkit-margin-start:-5px;margin-inline-start:-5px;width:1em;height:1em}.elementor-toggle .elementor-tab-title .elementor-toggle-icon.elementor-toggle-icon-right{float:right;text-align:right}.elementor-toggle .elementor-tab-title .elementor-toggle-icon.elementor-toggle-icon-left{float:left;text-align:left}.elementor-toggle .elementor-tab-title .elementor-toggle-icon .elementor-toggle-icon-closed{display:block}.elementor-toggle .elementor-tab-title .elementor-toggle-icon .elementor-toggle-icon-opened{display:none}.elementor-toggle .elementor-tab-title.elementor-active{border-bottom:none}.elementor-toggle .elementor-tab-title.elementor-active .elementor-toggle-icon-closed{display:none}.elementor-toggle .elementor-tab-title.elementor-active .elementor-toggle-icon-opened{display:block}.elementor-toggle .elementor-tab-content{padding:15px;border-bottom:1px solid #d4d4d4;display:none}@media (max-width:767px){.elementor-toggle .elementor-tab-title{padding:12px}.elementor-toggle .elementor-tab-content{padding:12px 10px}}</style>		\n												<a href=\"\">What is the Digital Gurukul/Koubek Token Affiliate Program?</a>\n					<p>The Digital Gurukul/Koubek Token Affiliate Program is a marketing program where we pay fixed commissions to our affiliates to drive new customers/referrals. You can promote Digital Gurukul/Koubek Token by using the banners and text links that we provide. We then track the referrals that you send to our website through your affiliate link and give a commission of upto ₹5000 per qualifying purchase.</p>\n												<a href=\"\">Where can I promote Digital Gurukul/Koubek Token?</a>\n					<p>You can promote Digital Gurukul/Koubek Token on your website, blog, social media, forums, email marketing, etc.</p>\n												<a href=\"\">Do I need to pay a sign up fee for this Affiliate Program?</a>\n					<p>No, the signup is absolutely free. </p>\n												<a href=\"\">Where do I sign up for the Digital Gurukul/Koubek Token Affiliate Program?</a>\n					<p>You can sign up for the Affiliate program by visiting &#8220;Becoming an Affiliate&#8221; Page on Menu section.</p>\n												<a href=\"\">Do I need to have technical skills to become a Digital Gurukul /Koubek Affiliate?</a>\n					<p>You don&#8217;t need high technical know how to become and affiliate, we will provide you with awesome banners and tracking links and all you need to do is start driving traffic and earn money.</p>\n												<a href=\"\">Where can I find the text links and banners?</a>\n					<p>You can find the text links and banners in your Affiliate Dashboard Account.</p> \n												<a href=\"\">How much can I earn?</a>\n					<p>We offer a flat commission per qualifying purchase, currently we are offering upto *₹5000 per purchase.</p><p>*Depends which product Purchased. </p> \n												<a href=\"\">Where can I monitor my commissions?</a>\n					<p>The affiliate panel provides information about Commissions, Sales and much more. For detailed information, you can use the reports feature in the panel.</p>\n												<a href=\"\">How do I get paid?</a>\n					<p>Commission payouts are made via Bank/Wire Transfer or UPI</p>\n												<a href=\"\">How often do I get paid?</a>\n					<p>The commission is processed approximately 15 days after the referral completes the transaction. The minimum payment payout balance is  ₹2500 or equivalent.</p>\n												<a href=\"\">Where do I update my bank account details to receive commissions?</a>\n					<p>To update your bank account details kindly follow the below mentioned steps:<br />1. Login to the <a tabindex=\"0\" href=\"https://shop.digitalgurukul.in/affiliate-login/\" target=\"_self\" rel=\"noopener\">Affiliate </a>portal<br />2.Click on Payments &gt; Withdrawal Settings<br />3. Mention Payout Details.</p>\n												<a href=\"\">What if my referral doesn\'t show up in reporting?</a>\n					<p>We will work with you to resolve this as quickly as possible.<br />Send an email to info@digitalgurukul.in<br />Along with the Domain name and Date of Sale</p>\n												<a href=\"\">What is the cookie duration?</a>\n					<p>The tracking cookie will remain valid for 120 days</p> \n												<a href=\"\">Will Digital Gurukul/Koubek Token help me with product updates, offers, etc.?</a>\n					<p>We will help you with updated marketing collaterals such as links and banners. Apart from this, we will also help you with updated offers and much more such <a href=\"https://t.me/+blbcMljkMPFlOGZl\">Telegram Groups</a> and Discords Groups</p>\n												<a href=\"\">Can I bid on Digital Gurukul keywords in SEM?</a>\n					<p>As per our guidelines, you are not permitted to bid on Digital Gurukul/Koubek Token brand keywords such as Digital Gurukul,Koube Token, Digital Gurukul India, etc.</p><h4> </h4>\n												<a href=\"\">Who do I contact for questions regarding the Affiliate program?</a>\n					<p>For assistance kindly send an email to info@digitalgurukul.in</p>\n			<h2>Want To Explore More About Digital Gurukul Courses/Franchise?</h2>		\n			<a href=\"https://digitalgurukul.in/\" role=\"button\">\n						Explore More\n					</a>', 'Home', '', 'inherit', 'closed', 'closed', '', '95-revision-v1', '', '', '2022-08-09 13:44:28', '2022-08-09 08:14:28', '', 95, 'https://shop.digitalgurukul.in/?p=5968', 0, 'revision', '', 0),
(5969, 1, '2022-08-09 13:44:28', '2022-08-09 08:14:28', '<style>/*! elementor - v3.6.8 - 27-07-2022 */\n.elementor-heading-title{padding:0;margin:0;line-height:1}.elementor-widget-heading .elementor-heading-title[class*=elementor-size-]>a{color:inherit;font-size:inherit;line-height:inherit}.elementor-widget-heading .elementor-heading-title.elementor-size-small{font-size:15px}.elementor-widget-heading .elementor-heading-title.elementor-size-medium{font-size:19px}.elementor-widget-heading .elementor-heading-title.elementor-size-large{font-size:29px}.elementor-widget-heading .elementor-heading-title.elementor-size-xl{font-size:39px}.elementor-widget-heading .elementor-heading-title.elementor-size-xxl{font-size:59px}</style><h1>Become Affiliate of Digital Gurukul & Earn upto ₹25,000-50,000 Per Month</h1>		\n		<p>Refer visitors to Digital Gurukul, Koubek Token and earn Upto <strong>₹5000</strong> for each qualified Course/KBK/Franchise Sold . 100% Transparency, No hidden conditions </p>		\n			<a href=\"https://shop.digitalgurukul.in/become-an-affiliate/\" role=\"button\">\n						Join Now\n					</a>\n			<style>/*! elementor - v3.6.8 - 27-07-2022 */\n.e-container.e-container--row .elementor-spacer-inner{width:var(--spacer-size)}.e-container.e-container--column .elementor-spacer-inner,.elementor-column .elementor-spacer-inner{height:var(--spacer-size)}</style>		\n			<h2>How you can earn with our Affiliate Program?</h2>		\n			<link rel=\"stylesheet\" href=\"https://shop.digitalgurukul.in/wp-content/plugins/elementor/assets/css/widget-icon-box.min.css\">		\n				<a href=\"#\">\n								</a>\n				<h4>\n					<a href=\"#\" >\n						Free To Join					</a>\n				</h4>\n									<p>\n						Signing up takes only a few minutes and is completely FREE. You\'ll receive a unique tracking code for use on your website right away.					</p>\n				<a href=\"#\">\n								</a>\n				<h4>\n					<a href=\"#\" >\n						Reliable Tracking					</a>\n				</h4>\n									<p>\n						Our custom tracking is hard coded into our platform. We use advanced, customized technology to ensure you always get credit for every single referral.					</p>\n				<a href=\"#\">\n								</a>\n				<h4>\n					<a href=\"#\" >\n						Dedicated Team					</a>\n				</h4>\n									<p>\n						Our affiliate managers are committed to helping you succeed. They\'re always on hand with support, insight, and personalized advice.\n					</p>\n				<a href=\"#\">\n								</a>\n				<h4>\n					<a href=\"#\" >\n						Unlimited Earnings					</a>\n				</h4>\n									<p>\n						There\'s no cap on the amount of commissions you can earn. Refer our programs, franchise, tokens to many people as you\'d like; we won\'t ever hold you back.					</p>\n				<a href=\"#\">\n								</a>\n				<h4>\n					<a href=\"#\" >\n						Customized Campaigns					</a>\n				</h4>\n									<p>\n						Use your tracking links to segment referred traffic and monitor how different activity performs. Compare campaigns by clicks, conversions, and more.					</p>\n				<a href=\"#\">\n								</a>\n				<h4>\n					<a href=\"#\" >\n						Promotional Resources					</a>\n				</h4>\n									<p>\n						Enjoy a wide selection of tried and tested creative assets. Simply select the banners or ads that most effectively complement your website\'s look and feel.					</p>\n			<h2>Our Best selling Programs (Since 2015)</h2>		\n		[product_categories number=\"4\" columns=\"4\" hide_empty=\"0\" orderby=\"name\" order=\"desc\" parent=\"0\"]		\n			<h2>How It Works? \n</h2>		\n			<style>/*! elementor - v3.6.8 - 27-07-2022 */\n.elementor-widget-divider{--divider-border-style:none;--divider-border-width:1px;--divider-color:#2c2c2c;--divider-icon-size:20px;--divider-element-spacing:10px;--divider-pattern-height:24px;--divider-pattern-size:20px;--divider-pattern-url:none;--divider-pattern-repeat:repeat-x}.elementor-widget-divider .elementor-divider{display:-webkit-box;display:-ms-flexbox;display:flex}.elementor-widget-divider .elementor-divider__text{font-size:15px;line-height:1;max-width:95%}.elementor-widget-divider .elementor-divider__element{margin:0 var(--divider-element-spacing);-ms-flex-negative:0;flex-shrink:0}.elementor-widget-divider .elementor-icon{font-size:var(--divider-icon-size)}.elementor-widget-divider .elementor-divider-separator{display:-webkit-box;display:-ms-flexbox;display:flex;margin:0;direction:ltr}.elementor-widget-divider--view-line_icon .elementor-divider-separator,.elementor-widget-divider--view-line_text .elementor-divider-separator{-webkit-box-align:center;-ms-flex-align:center;align-items:center}.elementor-widget-divider--view-line_icon .elementor-divider-separator:after,.elementor-widget-divider--view-line_icon .elementor-divider-separator:before,.elementor-widget-divider--view-line_text .elementor-divider-separator:after,.elementor-widget-divider--view-line_text .elementor-divider-separator:before{display:block;content:\"\";border-bottom:0;-webkit-box-flex:1;-ms-flex-positive:1;flex-grow:1;border-top:var(--divider-border-width) var(--divider-border-style) var(--divider-color)}.elementor-widget-divider--element-align-left .elementor-divider .elementor-divider-separator>.elementor-divider__svg:first-of-type{-webkit-box-flex:0;-ms-flex-positive:0;flex-grow:0;-ms-flex-negative:100;flex-shrink:100}.elementor-widget-divider--element-align-left .elementor-divider-separator:before{content:none}.elementor-widget-divider--element-align-left .elementor-divider__element{margin-left:0}.elementor-widget-divider--element-align-right .elementor-divider .elementor-divider-separator>.elementor-divider__svg:last-of-type{-webkit-box-flex:0;-ms-flex-positive:0;flex-grow:0;-ms-flex-negative:100;flex-shrink:100}.elementor-widget-divider--element-align-right .elementor-divider-separator:after{content:none}.elementor-widget-divider--element-align-right .elementor-divider__element{margin-right:0}.elementor-widget-divider:not(.elementor-widget-divider--view-line_text):not(.elementor-widget-divider--view-line_icon) .elementor-divider-separator{border-top:var(--divider-border-width) var(--divider-border-style) var(--divider-color)}.elementor-widget-divider--separator-type-pattern{--divider-border-style:none}.elementor-widget-divider--separator-type-pattern.elementor-widget-divider--view-line .elementor-divider-separator,.elementor-widget-divider--separator-type-pattern:not(.elementor-widget-divider--view-line) .elementor-divider-separator:after,.elementor-widget-divider--separator-type-pattern:not(.elementor-widget-divider--view-line) .elementor-divider-separator:before,.elementor-widget-divider--separator-type-pattern:not([class*=elementor-widget-divider--view]) .elementor-divider-separator{width:100%;min-height:var(--divider-pattern-height);-webkit-mask-size:var(--divider-pattern-size) 100%;mask-size:var(--divider-pattern-size) 100%;-webkit-mask-repeat:var(--divider-pattern-repeat);mask-repeat:var(--divider-pattern-repeat);background-color:var(--divider-color);-webkit-mask-image:var(--divider-pattern-url);mask-image:var(--divider-pattern-url)}.elementor-widget-divider--no-spacing{--divider-pattern-size:auto}.elementor-widget-divider--bg-round{--divider-pattern-repeat:round}.rtl .elementor-widget-divider .elementor-divider__text{direction:rtl}.e-container>.elementor-widget-divider{width:var(--container-widget-width,100%);-webkit-box-flex:1;-ms-flex-positive:1;flex-grow:1}</style>		\n				<h3>\n						Sign Up					\n				</h3>\n									<p>\n						Fill a simple signup form and you are all set to become a Digital Gurukul/Koubek Token affiliate.\n					</p>\n				<h3>\n						Promote					\n				</h3>\n									<p>\n						Use your website, blog, social media channels, etc. to promote Digital Gurukul /Koubek Token with your affiliate link.\n					</p>\n				<h3>\n						Make Money					\n				</h3>\n									<p>\n						Earn Upto ₹5000 per qualifying enrol for Digital Gurukul Courses/Franchise or Buy Koubek Tokens.\n					</p>\n				<h3>\n						Become Financially Independent					\n				</h3>\n									<p>\n						Start Your Passive Income with this program and be financially Independent					</p>\n			<h2>Join Affiliate Program of Digital Gurukul & start your income instantly </h2>		\n			<a href=\"https://shop.digitalgurukul.in/become-an-affiliate/\" role=\"button\">\n						Join now\n					</a>\n			<h2><h2 data-elementor-setting-key=\"title\" data-pen-placeholder=\"Type Here...\" style=\"text-rendering: optimizelegibility; outline-style: initial; outline-width: 0px; color: rgb(29, 21, 65); line-height: 1; font-family: Poppins, sans-serif; font-style: normal; font-size: 41px; font-weight: var( --e-global-typography-primary-font-weight ); text-align: center;\">What India\'s Biggest Celebrity Says About Us -</h2></h2>		\n		https://youtu.be/tt1T4Y75K4Yhttps://youtu.be/6bQd9uMkHBMhttps://youtu.be/r4RPYVD7K_Mhttps://youtu.be/7iGwB_PMVOshttps://youtu.be/4FCaiLaTDTE		\n			<style>/*! elementor - v3.6.8 - 27-07-2022 */\n.elementor-widget-image-box .elementor-image-box-content{width:100%}@media (min-width:768px){.elementor-widget-image-box.elementor-position-left .elementor-image-box-wrapper,.elementor-widget-image-box.elementor-position-right .elementor-image-box-wrapper{display:-webkit-box;display:-ms-flexbox;display:flex}.elementor-widget-image-box.elementor-position-right .elementor-image-box-wrapper{text-align:right;-webkit-box-orient:horizontal;-webkit-box-direction:reverse;-ms-flex-direction:row-reverse;flex-direction:row-reverse}.elementor-widget-image-box.elementor-position-left .elementor-image-box-wrapper{text-align:left;-webkit-box-orient:horizontal;-webkit-box-direction:normal;-ms-flex-direction:row;flex-direction:row}.elementor-widget-image-box.elementor-position-top .elementor-image-box-img{margin:auto}.elementor-widget-image-box.elementor-vertical-align-top .elementor-image-box-wrapper{-webkit-box-align:start;-ms-flex-align:start;align-items:flex-start}.elementor-widget-image-box.elementor-vertical-align-middle .elementor-image-box-wrapper{-webkit-box-align:center;-ms-flex-align:center;align-items:center}.elementor-widget-image-box.elementor-vertical-align-bottom .elementor-image-box-wrapper{-webkit-box-align:end;-ms-flex-align:end;align-items:flex-end}}@media (max-width:767px){.elementor-widget-image-box .elementor-image-box-img{margin-left:auto!important;margin-right:auto!important;margin-bottom:15px}}.elementor-widget-image-box .elementor-image-box-img{display:inline-block}.elementor-widget-image-box .elementor-image-box-title a{color:inherit}.elementor-widget-image-box .elementor-image-box-wrapper{text-align:center}.elementor-widget-image-box .elementor-image-box-description{margin:0}</style><h2>Have questions?</h2><p>For questions about the program, general support - contact us: affiliates@digitalgurukul.in</p>		\n			<style>/*! elementor - v3.6.8 - 27-07-2022 */\n.elementor-widget-image{text-align:center}.elementor-widget-image a{display:inline-block}.elementor-widget-image a img[src$=\".svg\"]{width:48px}.elementor-widget-image img{vertical-align:middle;display:inline-block}</style>												<img width=\"612\" height=\"408\" src=\"https://shop.digitalgurukul.in/wp-content/uploads/2022/08/indian-man-thinking-looking-up-doubts-people-concept-over-grey-background-132925688-removebg-preview.png\" alt=\"\" loading=\"lazy\" srcset=\"https://shop.digitalgurukul.in/wp-content/uploads/2022/08/indian-man-thinking-looking-up-doubts-people-concept-over-grey-background-132925688-removebg-preview.png 612w, https://shop.digitalgurukul.in/wp-content/uploads/2022/08/indian-man-thinking-looking-up-doubts-people-concept-over-grey-background-132925688-removebg-preview-300x200.png 300w, https://shop.digitalgurukul.in/wp-content/uploads/2022/08/indian-man-thinking-looking-up-doubts-people-concept-over-grey-background-132925688-removebg-preview-600x400.png 600w\" sizes=\"(max-width: 612px) 100vw, 612px\" />															\n			<h2>Frequently Asked Questions\n</h2>		\n			<style>/*! elementor - v3.6.8 - 27-07-2022 */\n.elementor-toggle{text-align:left}.elementor-toggle .elementor-tab-title{font-weight:700;line-height:1;margin:0;padding:15px;border-bottom:1px solid #d4d4d4;cursor:pointer;outline:none}.elementor-toggle .elementor-tab-title .elementor-toggle-icon{display:inline-block;width:1em}.elementor-toggle .elementor-tab-title .elementor-toggle-icon svg{-webkit-margin-start:-5px;margin-inline-start:-5px;width:1em;height:1em}.elementor-toggle .elementor-tab-title .elementor-toggle-icon.elementor-toggle-icon-right{float:right;text-align:right}.elementor-toggle .elementor-tab-title .elementor-toggle-icon.elementor-toggle-icon-left{float:left;text-align:left}.elementor-toggle .elementor-tab-title .elementor-toggle-icon .elementor-toggle-icon-closed{display:block}.elementor-toggle .elementor-tab-title .elementor-toggle-icon .elementor-toggle-icon-opened{display:none}.elementor-toggle .elementor-tab-title.elementor-active{border-bottom:none}.elementor-toggle .elementor-tab-title.elementor-active .elementor-toggle-icon-closed{display:none}.elementor-toggle .elementor-tab-title.elementor-active .elementor-toggle-icon-opened{display:block}.elementor-toggle .elementor-tab-content{padding:15px;border-bottom:1px solid #d4d4d4;display:none}@media (max-width:767px){.elementor-toggle .elementor-tab-title{padding:12px}.elementor-toggle .elementor-tab-content{padding:12px 10px}}</style>		\n												<a href=\"\">What is the Digital Gurukul/Koubek Token Affiliate Program?</a>\n					<p>The Digital Gurukul/Koubek Token Affiliate Program is a marketing program where we pay fixed commissions to our affiliates to drive new customers/referrals. You can promote Digital Gurukul/Koubek Token by using the banners and text links that we provide. We then track the referrals that you send to our website through your affiliate link and give a commission of upto ₹5000 per qualifying purchase.</p>\n												<a href=\"\">Where can I promote Digital Gurukul/Koubek Token?</a>\n					<p>You can promote Digital Gurukul/Koubek Token on your website, blog, social media, forums, email marketing, etc.</p>\n												<a href=\"\">Do I need to pay a sign up fee for this Affiliate Program?</a>\n					<p>No, the signup is absolutely free. </p>\n												<a href=\"\">Where do I sign up for the Digital Gurukul/Koubek Token Affiliate Program?</a>\n					<p>You can sign up for the Affiliate program by visiting &#8220;Becoming an Affiliate&#8221; Page on Menu section.</p>\n												<a href=\"\">Do I need to have technical skills to become a Digital Gurukul /Koubek Affiliate?</a>\n					<p>You don&#8217;t need high technical know how to become and affiliate, we will provide you with awesome banners and tracking links and all you need to do is start driving traffic and earn money.</p>\n												<a href=\"\">Where can I find the text links and banners?</a>\n					<p>You can find the text links and banners in your Affiliate Dashboard Account.</p> \n												<a href=\"\">How much can I earn?</a>\n					<p>We offer a flat commission per qualifying purchase, currently we are offering upto *₹5000 per purchase.</p><p>*Depends which product Purchased. </p> \n												<a href=\"\">Where can I monitor my commissions?</a>\n					<p>The affiliate panel provides information about Commissions, Sales and much more. For detailed information, you can use the reports feature in the panel.</p>\n												<a href=\"\">How do I get paid?</a>\n					<p>Commission payouts are made via Bank/Wire Transfer or UPI</p>\n												<a href=\"\">How often do I get paid?</a>\n					<p>The commission is processed approximately 15 days after the referral completes the transaction. The minimum payment payout balance is  ₹2500 or equivalent.</p>\n												<a href=\"\">Where do I update my bank account details to receive commissions?</a>\n					<p>To update your bank account details kindly follow the below mentioned steps:<br />1. Login to the <a tabindex=\"0\" href=\"https://shop.digitalgurukul.in/affiliate-login/\" target=\"_self\" rel=\"noopener\">Affiliate </a>portal<br />2.Click on Payments &gt; Withdrawal Settings<br />3. Mention Payout Details.</p>\n												<a href=\"\">What if my referral doesn\'t show up in reporting?</a>\n					<p>We will work with you to resolve this as quickly as possible.<br />Send an email to info@digitalgurukul.in<br />Along with the Domain name and Date of Sale</p>\n												<a href=\"\">What is the cookie duration?</a>\n					<p>The tracking cookie will remain valid for 120 days</p> \n												<a href=\"\">Will Digital Gurukul/Koubek Token help me with product updates, offers, etc.?</a>\n					<p>We will help you with updated marketing collaterals such as links and banners. Apart from this, we will also help you with updated offers and much more such <a href=\"https://t.me/+blbcMljkMPFlOGZl\">Telegram Groups</a> and Discords Groups</p>\n												<a href=\"\">Can I bid on Digital Gurukul keywords in SEM?</a>\n					<p>As per our guidelines, you are not permitted to bid on Digital Gurukul/Koubek Token brand keywords such as Digital Gurukul,Koube Token, Digital Gurukul India, etc.</p><h4> </h4>\n												<a href=\"\">Who do I contact for questions regarding the Affiliate program?</a>\n					<p>For assistance kindly send an email to info@digitalgurukul.in</p>\n			<h2>Want To Explore More About Digital Gurukul Courses/Franchise?</h2>		\n			<a href=\"https://digitalgurukul.in/\" role=\"button\">\n						Explore More\n					</a>', 'Home', '', 'inherit', 'closed', 'closed', '', '95-revision-v1', '', '', '2022-08-09 13:44:28', '2022-08-09 08:14:28', '', 95, 'https://shop.digitalgurukul.in/?p=5969', 0, 'revision', '', 0);
INSERT INTO `wpqh_posts` (`ID`, `post_author`, `post_date`, `post_date_gmt`, `post_content`, `post_title`, `post_excerpt`, `post_status`, `comment_status`, `ping_status`, `post_password`, `post_name`, `to_ping`, `pinged`, `post_modified`, `post_modified_gmt`, `post_content_filtered`, `post_parent`, `guid`, `menu_order`, `post_type`, `post_mime_type`, `comment_count`) VALUES
(5970, 1, '2022-08-09 14:23:35', '2022-08-09 08:53:35', '<style>/*! elementor - v3.6.8 - 27-07-2022 */\n.elementor-heading-title{padding:0;margin:0;line-height:1}.elementor-widget-heading .elementor-heading-title[class*=elementor-size-]>a{color:inherit;font-size:inherit;line-height:inherit}.elementor-widget-heading .elementor-heading-title.elementor-size-small{font-size:15px}.elementor-widget-heading .elementor-heading-title.elementor-size-medium{font-size:19px}.elementor-widget-heading .elementor-heading-title.elementor-size-large{font-size:29px}.elementor-widget-heading .elementor-heading-title.elementor-size-xl{font-size:39px}.elementor-widget-heading .elementor-heading-title.elementor-size-xxl{font-size:59px}</style><h1>Become Affiliate of Digital Gurukul & Earn upto ₹25,000-50,000 Per Month</h1>		\n		<p>Refer visitors to Digital Gurukul, Koubek Token and earn Upto <strong>₹5000</strong> for each qualified Course/KBK/Franchise Sold . 100% Transparency, No hidden conditions </p>		\n			<a href=\"https://shop.digitalgurukul.in/become-an-affiliate/\" role=\"button\">\n						Join Now\n					</a>\n			<style>/*! elementor - v3.6.8 - 27-07-2022 */\n.e-container.e-container--row .elementor-spacer-inner{width:var(--spacer-size)}.e-container.e-container--column .elementor-spacer-inner,.elementor-column .elementor-spacer-inner{height:var(--spacer-size)}</style>		\n			<h2>How you can earn with our Affiliate Program?</h2>		\n			<link rel=\"stylesheet\" href=\"https://shop.digitalgurukul.in/wp-content/plugins/elementor/assets/css/widget-icon-box.min.css\">		\n				<a href=\"#\">\n								</a>\n				<h4>\n					<a href=\"#\" >\n						Free To Join					</a>\n				</h4>\n									<p>\n						Signing up takes only a few minutes and is completely FREE. You\'ll receive a unique tracking code for use on your website right away.					</p>\n				<a href=\"#\">\n								</a>\n				<h4>\n					<a href=\"#\" >\n						Reliable Tracking					</a>\n				</h4>\n									<p>\n						Our custom tracking is hard coded into our platform. We use advanced, customized technology to ensure you always get credit for every single referral.					</p>\n				<a href=\"#\">\n								</a>\n				<h4>\n					<a href=\"#\" >\n						Dedicated Team					</a>\n				</h4>\n									<p>\n						Our affiliate managers are committed to helping you succeed. They\'re always on hand with support, insight, and personalized advice.\n					</p>\n				<a href=\"#\">\n								</a>\n				<h4>\n					<a href=\"#\" >\n						Unlimited Earnings					</a>\n				</h4>\n									<p>\n						There\'s no cap on the amount of commissions you can earn. Refer our programs, franchise, tokens to many people as you\'d like; we won\'t ever hold you back.					</p>\n				<a href=\"#\">\n								</a>\n				<h4>\n					<a href=\"#\" >\n						Customized Campaigns					</a>\n				</h4>\n									<p>\n						Use your tracking links to segment referred traffic and monitor how different activity performs. Compare campaigns by clicks, conversions, and more.					</p>\n				<a href=\"#\">\n								</a>\n				<h4>\n					<a href=\"#\" >\n						Promotional Resources					</a>\n				</h4>\n									<p>\n						Enjoy a wide selection of tried and tested creative assets. Simply select the banners or ads that most effectively complement your website\'s look and feel.					</p>\n			<h2>Our Best selling Programs (Since 2015)</h2>		\n		[product_categories number=\"4\" columns=\"4\" hide_empty=\"0\" orderby=\"name\" order=\"desc\" parent=\"0\"]		\n			<h2>How It Works? \n</h2>		\n			<style>/*! elementor - v3.6.8 - 27-07-2022 */\n.elementor-widget-divider{--divider-border-style:none;--divider-border-width:1px;--divider-color:#2c2c2c;--divider-icon-size:20px;--divider-element-spacing:10px;--divider-pattern-height:24px;--divider-pattern-size:20px;--divider-pattern-url:none;--divider-pattern-repeat:repeat-x}.elementor-widget-divider .elementor-divider{display:-webkit-box;display:-ms-flexbox;display:flex}.elementor-widget-divider .elementor-divider__text{font-size:15px;line-height:1;max-width:95%}.elementor-widget-divider .elementor-divider__element{margin:0 var(--divider-element-spacing);-ms-flex-negative:0;flex-shrink:0}.elementor-widget-divider .elementor-icon{font-size:var(--divider-icon-size)}.elementor-widget-divider .elementor-divider-separator{display:-webkit-box;display:-ms-flexbox;display:flex;margin:0;direction:ltr}.elementor-widget-divider--view-line_icon .elementor-divider-separator,.elementor-widget-divider--view-line_text .elementor-divider-separator{-webkit-box-align:center;-ms-flex-align:center;align-items:center}.elementor-widget-divider--view-line_icon .elementor-divider-separator:after,.elementor-widget-divider--view-line_icon .elementor-divider-separator:before,.elementor-widget-divider--view-line_text .elementor-divider-separator:after,.elementor-widget-divider--view-line_text .elementor-divider-separator:before{display:block;content:\"\";border-bottom:0;-webkit-box-flex:1;-ms-flex-positive:1;flex-grow:1;border-top:var(--divider-border-width) var(--divider-border-style) var(--divider-color)}.elementor-widget-divider--element-align-left .elementor-divider .elementor-divider-separator>.elementor-divider__svg:first-of-type{-webkit-box-flex:0;-ms-flex-positive:0;flex-grow:0;-ms-flex-negative:100;flex-shrink:100}.elementor-widget-divider--element-align-left .elementor-divider-separator:before{content:none}.elementor-widget-divider--element-align-left .elementor-divider__element{margin-left:0}.elementor-widget-divider--element-align-right .elementor-divider .elementor-divider-separator>.elementor-divider__svg:last-of-type{-webkit-box-flex:0;-ms-flex-positive:0;flex-grow:0;-ms-flex-negative:100;flex-shrink:100}.elementor-widget-divider--element-align-right .elementor-divider-separator:after{content:none}.elementor-widget-divider--element-align-right .elementor-divider__element{margin-right:0}.elementor-widget-divider:not(.elementor-widget-divider--view-line_text):not(.elementor-widget-divider--view-line_icon) .elementor-divider-separator{border-top:var(--divider-border-width) var(--divider-border-style) var(--divider-color)}.elementor-widget-divider--separator-type-pattern{--divider-border-style:none}.elementor-widget-divider--separator-type-pattern.elementor-widget-divider--view-line .elementor-divider-separator,.elementor-widget-divider--separator-type-pattern:not(.elementor-widget-divider--view-line) .elementor-divider-separator:after,.elementor-widget-divider--separator-type-pattern:not(.elementor-widget-divider--view-line) .elementor-divider-separator:before,.elementor-widget-divider--separator-type-pattern:not([class*=elementor-widget-divider--view]) .elementor-divider-separator{width:100%;min-height:var(--divider-pattern-height);-webkit-mask-size:var(--divider-pattern-size) 100%;mask-size:var(--divider-pattern-size) 100%;-webkit-mask-repeat:var(--divider-pattern-repeat);mask-repeat:var(--divider-pattern-repeat);background-color:var(--divider-color);-webkit-mask-image:var(--divider-pattern-url);mask-image:var(--divider-pattern-url)}.elementor-widget-divider--no-spacing{--divider-pattern-size:auto}.elementor-widget-divider--bg-round{--divider-pattern-repeat:round}.rtl .elementor-widget-divider .elementor-divider__text{direction:rtl}.e-container>.elementor-widget-divider{width:var(--container-widget-width,100%);-webkit-box-flex:1;-ms-flex-positive:1;flex-grow:1}</style>		\n				<h3>\n						Sign Up					\n				</h3>\n									<p>\n						Fill a simple signup form and you are all set to become a Digital Gurukul/Koubek Token affiliate.\n					</p>\n				<h3>\n						Promote					\n				</h3>\n									<p>\n						Use your website, blog, social media channels, etc. to promote Digital Gurukul /Koubek Token with your affiliate link.\n					</p>\n				<h3>\n						Make Money					\n				</h3>\n									<p>\n						Earn Upto ₹5000 per qualifying enrol for Digital Gurukul Courses/Franchise or Buy Koubek Tokens.\n					</p>\n				<h3>\n						Become Financially Independent					\n				</h3>\n									<p>\n						Start Your Passive Income with this program and be financially Independent					</p>\n			<h2>Join Affiliate Program of Digital Gurukul & start your income instantly </h2>		\n			<a href=\"https://shop.digitalgurukul.in/become-an-affiliate/\" role=\"button\">\n						Join now\n					</a>\n			<h2><h2 data-elementor-setting-key=\"title\" data-pen-placeholder=\"Type Here...\" style=\"text-rendering: optimizelegibility; outline-style: initial; outline-width: 0px; color: rgb(29, 21, 65); line-height: 1; font-family: Poppins, sans-serif; font-style: normal; font-size: 41px; font-weight: var( --e-global-typography-primary-font-weight ); text-align: center;\">What India\'s Biggest Celebrity Says About Us -</h2></h2>		\n		https://youtu.be/tt1T4Y75K4Yhttps://youtu.be/6bQd9uMkHBMhttps://youtu.be/r4RPYVD7K_Mhttps://youtu.be/7iGwB_PMVOshttps://youtu.be/4FCaiLaTDTE		\n			<style>/*! elementor - v3.6.8 - 27-07-2022 */\n.elementor-widget-image-box .elementor-image-box-content{width:100%}@media (min-width:768px){.elementor-widget-image-box.elementor-position-left .elementor-image-box-wrapper,.elementor-widget-image-box.elementor-position-right .elementor-image-box-wrapper{display:-webkit-box;display:-ms-flexbox;display:flex}.elementor-widget-image-box.elementor-position-right .elementor-image-box-wrapper{text-align:right;-webkit-box-orient:horizontal;-webkit-box-direction:reverse;-ms-flex-direction:row-reverse;flex-direction:row-reverse}.elementor-widget-image-box.elementor-position-left .elementor-image-box-wrapper{text-align:left;-webkit-box-orient:horizontal;-webkit-box-direction:normal;-ms-flex-direction:row;flex-direction:row}.elementor-widget-image-box.elementor-position-top .elementor-image-box-img{margin:auto}.elementor-widget-image-box.elementor-vertical-align-top .elementor-image-box-wrapper{-webkit-box-align:start;-ms-flex-align:start;align-items:flex-start}.elementor-widget-image-box.elementor-vertical-align-middle .elementor-image-box-wrapper{-webkit-box-align:center;-ms-flex-align:center;align-items:center}.elementor-widget-image-box.elementor-vertical-align-bottom .elementor-image-box-wrapper{-webkit-box-align:end;-ms-flex-align:end;align-items:flex-end}}@media (max-width:767px){.elementor-widget-image-box .elementor-image-box-img{margin-left:auto!important;margin-right:auto!important;margin-bottom:15px}}.elementor-widget-image-box .elementor-image-box-img{display:inline-block}.elementor-widget-image-box .elementor-image-box-title a{color:inherit}.elementor-widget-image-box .elementor-image-box-wrapper{text-align:center}.elementor-widget-image-box .elementor-image-box-description{margin:0}</style><h2>Have questions?</h2><p>For questions about the program, general support - contact us: affiliates@digitalgurukul.in</p>		\n			<style>/*! elementor - v3.6.8 - 27-07-2022 */\n.elementor-widget-image{text-align:center}.elementor-widget-image a{display:inline-block}.elementor-widget-image a img[src$=\".svg\"]{width:48px}.elementor-widget-image img{vertical-align:middle;display:inline-block}</style>												<img width=\"612\" height=\"408\" src=\"https://shop.digitalgurukul.in/wp-content/uploads/2022/08/indian-man-thinking-looking-up-doubts-people-concept-over-grey-background-132925688-removebg-preview.png\" alt=\"\" loading=\"lazy\" srcset=\"https://shop.digitalgurukul.in/wp-content/uploads/2022/08/indian-man-thinking-looking-up-doubts-people-concept-over-grey-background-132925688-removebg-preview.png 612w, https://shop.digitalgurukul.in/wp-content/uploads/2022/08/indian-man-thinking-looking-up-doubts-people-concept-over-grey-background-132925688-removebg-preview-300x200.png 300w, https://shop.digitalgurukul.in/wp-content/uploads/2022/08/indian-man-thinking-looking-up-doubts-people-concept-over-grey-background-132925688-removebg-preview-600x400.png 600w\" sizes=\"(max-width: 612px) 100vw, 612px\" />															\n			<h2>Frequently Asked Questions\n</h2>		\n			<style>/*! elementor - v3.6.8 - 27-07-2022 */\n.elementor-toggle{text-align:left}.elementor-toggle .elementor-tab-title{font-weight:700;line-height:1;margin:0;padding:15px;border-bottom:1px solid #d4d4d4;cursor:pointer;outline:none}.elementor-toggle .elementor-tab-title .elementor-toggle-icon{display:inline-block;width:1em}.elementor-toggle .elementor-tab-title .elementor-toggle-icon svg{-webkit-margin-start:-5px;margin-inline-start:-5px;width:1em;height:1em}.elementor-toggle .elementor-tab-title .elementor-toggle-icon.elementor-toggle-icon-right{float:right;text-align:right}.elementor-toggle .elementor-tab-title .elementor-toggle-icon.elementor-toggle-icon-left{float:left;text-align:left}.elementor-toggle .elementor-tab-title .elementor-toggle-icon .elementor-toggle-icon-closed{display:block}.elementor-toggle .elementor-tab-title .elementor-toggle-icon .elementor-toggle-icon-opened{display:none}.elementor-toggle .elementor-tab-title.elementor-active{border-bottom:none}.elementor-toggle .elementor-tab-title.elementor-active .elementor-toggle-icon-closed{display:none}.elementor-toggle .elementor-tab-title.elementor-active .elementor-toggle-icon-opened{display:block}.elementor-toggle .elementor-tab-content{padding:15px;border-bottom:1px solid #d4d4d4;display:none}@media (max-width:767px){.elementor-toggle .elementor-tab-title{padding:12px}.elementor-toggle .elementor-tab-content{padding:12px 10px}}</style>		\n												<a href=\"\">What is the Digital Gurukul/Koubek Token Affiliate Program?</a>\n					<p>The Digital Gurukul/Koubek Token Affiliate Program is a marketing program where we pay fixed commissions to our affiliates to drive new customers/referrals. You can promote Digital Gurukul/Koubek Token by using the banners and text links that we provide. We then track the referrals that you send to our website through your affiliate link and give a commission of upto ₹5000 per qualifying purchase.</p>\n												<a href=\"\">Where can I promote Digital Gurukul/Koubek Token?</a>\n					<p>You can promote Digital Gurukul/Koubek Token on your website, blog, social media, forums, email marketing, etc.</p>\n												<a href=\"\">Do I need to pay a sign up fee for this Affiliate Program?</a>\n					<p>No, the signup is absolutely free. </p>\n												<a href=\"\">Where do I sign up for the Digital Gurukul/Koubek Token Affiliate Program?</a>\n					<p>You can sign up for the Affiliate program by visiting &#8220;Becoming an Affiliate&#8221; Page on Menu section.</p>\n												<a href=\"\">Do I need to have technical skills to become a Digital Gurukul /Koubek Affiliate?</a>\n					<p>You don&#8217;t need high technical know how to become and affiliate, we will provide you with awesome banners and tracking links and all you need to do is start driving traffic and earn money.</p>\n												<a href=\"\">Where can I find the text links and banners?</a>\n					<p>You can find the text links and banners in your Affiliate Dashboard Account.</p> \n												<a href=\"\">How much can I earn?</a>\n					<p>We offer a flat commission per qualifying purchase, currently we are offering upto *₹5000 per purchase.</p><p>*Depends which product Purchased. </p> \n												<a href=\"\">Where can I monitor my commissions?</a>\n					<p>The affiliate panel provides information about Commissions, Sales and much more. For detailed information, you can use the reports feature in the panel.</p>\n												<a href=\"\">How do I get paid?</a>\n					<p>Commission payouts are made via Bank/Wire Transfer or UPI</p>\n												<a href=\"\">How often do I get paid?</a>\n					<p>The commission is processed approximately 15 days after the referral completes the transaction. The minimum payment payout balance is  ₹2500 or equivalent.</p>\n												<a href=\"\">Where do I update my bank account details to receive commissions?</a>\n					<p>To update your bank account details kindly follow the below mentioned steps:<br />1. Login to the <a tabindex=\"0\" href=\"https://shop.digitalgurukul.in/affiliate-login/\" target=\"_self\" rel=\"noopener\">Affiliate </a>portal<br />2.Click on Payments &gt; Withdrawal Settings<br />3. Mention Payout Details.</p>\n												<a href=\"\">What if my referral doesn\'t show up in reporting?</a>\n					<p>We will work with you to resolve this as quickly as possible.<br />Send an email to info@digitalgurukul.in<br />Along with the Domain name and Date of Sale</p>\n												<a href=\"\">What is the cookie duration?</a>\n					<p>The tracking cookie will remain valid for 120 days</p> \n												<a href=\"\">Will Digital Gurukul/Koubek Token help me with product updates, offers, etc.?</a>\n					<p>We will help you with updated marketing collaterals such as links and banners. Apart from this, we will also help you with updated offers and much more such <a href=\"https://t.me/+blbcMljkMPFlOGZl\">Telegram Groups</a> and Discords Groups</p>\n												<a href=\"\">Can I bid on Digital Gurukul keywords in SEM?</a>\n					<p>As per our guidelines, you are not permitted to bid on Digital Gurukul/Koubek Token brand keywords such as Digital Gurukul,Koube Token, Digital Gurukul India, etc.</p><h4> </h4>\n												<a href=\"\">Who do I contact for questions regarding the Affiliate program?</a>\n					<p>For assistance kindly send an email to info@digitalgurukul.in</p>\n			<h2>Want To Explore More About Digital Gurukul Courses/Franchise?</h2>		\n			<a href=\"https://digitalgurukul.in/\" role=\"button\">\n						Explore More\n					</a>', 'Home', '', 'inherit', 'closed', 'closed', '', '95-revision-v1', '', '', '2022-08-09 14:23:35', '2022-08-09 08:53:35', '', 95, 'https://shop.digitalgurukul.in/?p=5970', 0, 'revision', '', 0),
(5971, 1, '2022-08-09 14:23:35', '2022-08-09 08:53:35', '<style>/*! elementor - v3.6.8 - 27-07-2022 */\n.elementor-heading-title{padding:0;margin:0;line-height:1}.elementor-widget-heading .elementor-heading-title[class*=elementor-size-]>a{color:inherit;font-size:inherit;line-height:inherit}.elementor-widget-heading .elementor-heading-title.elementor-size-small{font-size:15px}.elementor-widget-heading .elementor-heading-title.elementor-size-medium{font-size:19px}.elementor-widget-heading .elementor-heading-title.elementor-size-large{font-size:29px}.elementor-widget-heading .elementor-heading-title.elementor-size-xl{font-size:39px}.elementor-widget-heading .elementor-heading-title.elementor-size-xxl{font-size:59px}</style><h1>Become Affiliate of Digital Gurukul & Earn upto ₹25,000-50,000 Per Month</h1>		\n		<p>Refer visitors to Digital Gurukul, Koubek Token and earn Upto <strong>₹5000</strong> for each qualified Course/KBK/Franchise Sold . 100% Transparency, No hidden conditions </p>		\n			<a href=\"https://shop.digitalgurukul.in/become-an-affiliate/\" role=\"button\">\n						Join Now\n					</a>\n			<style>/*! elementor - v3.6.8 - 27-07-2022 */\n.e-container.e-container--row .elementor-spacer-inner{width:var(--spacer-size)}.e-container.e-container--column .elementor-spacer-inner,.elementor-column .elementor-spacer-inner{height:var(--spacer-size)}</style>		\n			<h2>How you can earn with our Affiliate Program?</h2>		\n			<link rel=\"stylesheet\" href=\"https://shop.digitalgurukul.in/wp-content/plugins/elementor/assets/css/widget-icon-box.min.css\">		\n				<a href=\"#\">\n								</a>\n				<h4>\n					<a href=\"#\" >\n						Free To Join					</a>\n				</h4>\n									<p>\n						Signing up takes only a few minutes and is completely FREE. You\'ll receive a unique tracking code for use on your website right away.					</p>\n				<a href=\"#\">\n								</a>\n				<h4>\n					<a href=\"#\" >\n						Reliable Tracking					</a>\n				</h4>\n									<p>\n						Our custom tracking is hard coded into our platform. We use advanced, customized technology to ensure you always get credit for every single referral.					</p>\n				<a href=\"#\">\n								</a>\n				<h4>\n					<a href=\"#\" >\n						Dedicated Team					</a>\n				</h4>\n									<p>\n						Our affiliate managers are committed to helping you succeed. They\'re always on hand with support, insight, and personalized advice.\n					</p>\n				<a href=\"#\">\n								</a>\n				<h4>\n					<a href=\"#\" >\n						Unlimited Earnings					</a>\n				</h4>\n									<p>\n						There\'s no cap on the amount of commissions you can earn. Refer our programs, franchise, tokens to many people as you\'d like; we won\'t ever hold you back.					</p>\n				<a href=\"#\">\n								</a>\n				<h4>\n					<a href=\"#\" >\n						Customized Campaigns					</a>\n				</h4>\n									<p>\n						Use your tracking links to segment referred traffic and monitor how different activity performs. Compare campaigns by clicks, conversions, and more.					</p>\n				<a href=\"#\">\n								</a>\n				<h4>\n					<a href=\"#\" >\n						Promotional Resources					</a>\n				</h4>\n									<p>\n						Enjoy a wide selection of tried and tested creative assets. Simply select the banners or ads that most effectively complement your website\'s look and feel.					</p>\n			<h2>Our Best selling Programs (Since 2015)</h2>		\n		[product_categories number=\"4\" columns=\"4\" hide_empty=\"0\" orderby=\"name\" order=\"desc\" parent=\"0\"]		\n			<h2>How It Works? \n</h2>		\n			<style>/*! elementor - v3.6.8 - 27-07-2022 */\n.elementor-widget-divider{--divider-border-style:none;--divider-border-width:1px;--divider-color:#2c2c2c;--divider-icon-size:20px;--divider-element-spacing:10px;--divider-pattern-height:24px;--divider-pattern-size:20px;--divider-pattern-url:none;--divider-pattern-repeat:repeat-x}.elementor-widget-divider .elementor-divider{display:-webkit-box;display:-ms-flexbox;display:flex}.elementor-widget-divider .elementor-divider__text{font-size:15px;line-height:1;max-width:95%}.elementor-widget-divider .elementor-divider__element{margin:0 var(--divider-element-spacing);-ms-flex-negative:0;flex-shrink:0}.elementor-widget-divider .elementor-icon{font-size:var(--divider-icon-size)}.elementor-widget-divider .elementor-divider-separator{display:-webkit-box;display:-ms-flexbox;display:flex;margin:0;direction:ltr}.elementor-widget-divider--view-line_icon .elementor-divider-separator,.elementor-widget-divider--view-line_text .elementor-divider-separator{-webkit-box-align:center;-ms-flex-align:center;align-items:center}.elementor-widget-divider--view-line_icon .elementor-divider-separator:after,.elementor-widget-divider--view-line_icon .elementor-divider-separator:before,.elementor-widget-divider--view-line_text .elementor-divider-separator:after,.elementor-widget-divider--view-line_text .elementor-divider-separator:before{display:block;content:\"\";border-bottom:0;-webkit-box-flex:1;-ms-flex-positive:1;flex-grow:1;border-top:var(--divider-border-width) var(--divider-border-style) var(--divider-color)}.elementor-widget-divider--element-align-left .elementor-divider .elementor-divider-separator>.elementor-divider__svg:first-of-type{-webkit-box-flex:0;-ms-flex-positive:0;flex-grow:0;-ms-flex-negative:100;flex-shrink:100}.elementor-widget-divider--element-align-left .elementor-divider-separator:before{content:none}.elementor-widget-divider--element-align-left .elementor-divider__element{margin-left:0}.elementor-widget-divider--element-align-right .elementor-divider .elementor-divider-separator>.elementor-divider__svg:last-of-type{-webkit-box-flex:0;-ms-flex-positive:0;flex-grow:0;-ms-flex-negative:100;flex-shrink:100}.elementor-widget-divider--element-align-right .elementor-divider-separator:after{content:none}.elementor-widget-divider--element-align-right .elementor-divider__element{margin-right:0}.elementor-widget-divider:not(.elementor-widget-divider--view-line_text):not(.elementor-widget-divider--view-line_icon) .elementor-divider-separator{border-top:var(--divider-border-width) var(--divider-border-style) var(--divider-color)}.elementor-widget-divider--separator-type-pattern{--divider-border-style:none}.elementor-widget-divider--separator-type-pattern.elementor-widget-divider--view-line .elementor-divider-separator,.elementor-widget-divider--separator-type-pattern:not(.elementor-widget-divider--view-line) .elementor-divider-separator:after,.elementor-widget-divider--separator-type-pattern:not(.elementor-widget-divider--view-line) .elementor-divider-separator:before,.elementor-widget-divider--separator-type-pattern:not([class*=elementor-widget-divider--view]) .elementor-divider-separator{width:100%;min-height:var(--divider-pattern-height);-webkit-mask-size:var(--divider-pattern-size) 100%;mask-size:var(--divider-pattern-size) 100%;-webkit-mask-repeat:var(--divider-pattern-repeat);mask-repeat:var(--divider-pattern-repeat);background-color:var(--divider-color);-webkit-mask-image:var(--divider-pattern-url);mask-image:var(--divider-pattern-url)}.elementor-widget-divider--no-spacing{--divider-pattern-size:auto}.elementor-widget-divider--bg-round{--divider-pattern-repeat:round}.rtl .elementor-widget-divider .elementor-divider__text{direction:rtl}.e-container>.elementor-widget-divider{width:var(--container-widget-width,100%);-webkit-box-flex:1;-ms-flex-positive:1;flex-grow:1}</style>		\n				<h3>\n						Sign Up					\n				</h3>\n									<p>\n						Fill a simple signup form and you are all set to become a Digital Gurukul/Koubek Token affiliate.\n					</p>\n				<h3>\n						Promote					\n				</h3>\n									<p>\n						Use your website, blog, social media channels, etc. to promote Digital Gurukul /Koubek Token with your affiliate link.\n					</p>\n				<h3>\n						Make Money					\n				</h3>\n									<p>\n						Earn Upto ₹5000 per qualifying enrol for Digital Gurukul Courses/Franchise or Buy Koubek Tokens.\n					</p>\n				<h3>\n						Become Financially Independent					\n				</h3>\n									<p>\n						Start Your Passive Income with this program and be financially Independent					</p>\n			<h2>Join Affiliate Program of Digital Gurukul & start your income instantly </h2>		\n			<a href=\"https://shop.digitalgurukul.in/become-an-affiliate/\" role=\"button\">\n						Join now\n					</a>\n			<h2><h2 data-elementor-setting-key=\"title\" data-pen-placeholder=\"Type Here...\" style=\"text-rendering: optimizelegibility; outline-style: initial; outline-width: 0px; color: rgb(29, 21, 65); line-height: 1; font-family: Poppins, sans-serif; font-style: normal; font-size: 41px; font-weight: var( --e-global-typography-primary-font-weight ); text-align: center;\">What India\'s Biggest Celebrity Says About Us -</h2></h2>		\n		https://youtu.be/tt1T4Y75K4Yhttps://youtu.be/6bQd9uMkHBMhttps://youtu.be/r4RPYVD7K_Mhttps://youtu.be/7iGwB_PMVOshttps://youtu.be/4FCaiLaTDTE		\n			<style>/*! elementor - v3.6.8 - 27-07-2022 */\n.elementor-widget-image-box .elementor-image-box-content{width:100%}@media (min-width:768px){.elementor-widget-image-box.elementor-position-left .elementor-image-box-wrapper,.elementor-widget-image-box.elementor-position-right .elementor-image-box-wrapper{display:-webkit-box;display:-ms-flexbox;display:flex}.elementor-widget-image-box.elementor-position-right .elementor-image-box-wrapper{text-align:right;-webkit-box-orient:horizontal;-webkit-box-direction:reverse;-ms-flex-direction:row-reverse;flex-direction:row-reverse}.elementor-widget-image-box.elementor-position-left .elementor-image-box-wrapper{text-align:left;-webkit-box-orient:horizontal;-webkit-box-direction:normal;-ms-flex-direction:row;flex-direction:row}.elementor-widget-image-box.elementor-position-top .elementor-image-box-img{margin:auto}.elementor-widget-image-box.elementor-vertical-align-top .elementor-image-box-wrapper{-webkit-box-align:start;-ms-flex-align:start;align-items:flex-start}.elementor-widget-image-box.elementor-vertical-align-middle .elementor-image-box-wrapper{-webkit-box-align:center;-ms-flex-align:center;align-items:center}.elementor-widget-image-box.elementor-vertical-align-bottom .elementor-image-box-wrapper{-webkit-box-align:end;-ms-flex-align:end;align-items:flex-end}}@media (max-width:767px){.elementor-widget-image-box .elementor-image-box-img{margin-left:auto!important;margin-right:auto!important;margin-bottom:15px}}.elementor-widget-image-box .elementor-image-box-img{display:inline-block}.elementor-widget-image-box .elementor-image-box-title a{color:inherit}.elementor-widget-image-box .elementor-image-box-wrapper{text-align:center}.elementor-widget-image-box .elementor-image-box-description{margin:0}</style><h2>Have questions?</h2><p>For questions about the program, general support - contact us: affiliates@digitalgurukul.in</p>		\n			<style>/*! elementor - v3.6.8 - 27-07-2022 */\n.elementor-widget-image{text-align:center}.elementor-widget-image a{display:inline-block}.elementor-widget-image a img[src$=\".svg\"]{width:48px}.elementor-widget-image img{vertical-align:middle;display:inline-block}</style>												<img width=\"612\" height=\"408\" src=\"https://shop.digitalgurukul.in/wp-content/uploads/2022/08/indian-man-thinking-looking-up-doubts-people-concept-over-grey-background-132925688-removebg-preview.png\" alt=\"\" loading=\"lazy\" srcset=\"https://shop.digitalgurukul.in/wp-content/uploads/2022/08/indian-man-thinking-looking-up-doubts-people-concept-over-grey-background-132925688-removebg-preview.png 612w, https://shop.digitalgurukul.in/wp-content/uploads/2022/08/indian-man-thinking-looking-up-doubts-people-concept-over-grey-background-132925688-removebg-preview-300x200.png 300w, https://shop.digitalgurukul.in/wp-content/uploads/2022/08/indian-man-thinking-looking-up-doubts-people-concept-over-grey-background-132925688-removebg-preview-600x400.png 600w\" sizes=\"(max-width: 612px) 100vw, 612px\" />															\n			<h2>Frequently Asked Questions\n</h2>		\n			<style>/*! elementor - v3.6.8 - 27-07-2022 */\n.elementor-toggle{text-align:left}.elementor-toggle .elementor-tab-title{font-weight:700;line-height:1;margin:0;padding:15px;border-bottom:1px solid #d4d4d4;cursor:pointer;outline:none}.elementor-toggle .elementor-tab-title .elementor-toggle-icon{display:inline-block;width:1em}.elementor-toggle .elementor-tab-title .elementor-toggle-icon svg{-webkit-margin-start:-5px;margin-inline-start:-5px;width:1em;height:1em}.elementor-toggle .elementor-tab-title .elementor-toggle-icon.elementor-toggle-icon-right{float:right;text-align:right}.elementor-toggle .elementor-tab-title .elementor-toggle-icon.elementor-toggle-icon-left{float:left;text-align:left}.elementor-toggle .elementor-tab-title .elementor-toggle-icon .elementor-toggle-icon-closed{display:block}.elementor-toggle .elementor-tab-title .elementor-toggle-icon .elementor-toggle-icon-opened{display:none}.elementor-toggle .elementor-tab-title.elementor-active{border-bottom:none}.elementor-toggle .elementor-tab-title.elementor-active .elementor-toggle-icon-closed{display:none}.elementor-toggle .elementor-tab-title.elementor-active .elementor-toggle-icon-opened{display:block}.elementor-toggle .elementor-tab-content{padding:15px;border-bottom:1px solid #d4d4d4;display:none}@media (max-width:767px){.elementor-toggle .elementor-tab-title{padding:12px}.elementor-toggle .elementor-tab-content{padding:12px 10px}}</style>		\n												<a href=\"\">What is the Digital Gurukul/Koubek Token Affiliate Program?</a>\n					<p>The Digital Gurukul/Koubek Token Affiliate Program is a marketing program where we pay fixed commissions to our affiliates to drive new customers/referrals. You can promote Digital Gurukul/Koubek Token by using the banners and text links that we provide. We then track the referrals that you send to our website through your affiliate link and give a commission of upto ₹5000 per qualifying purchase.</p>\n												<a href=\"\">Where can I promote Digital Gurukul/Koubek Token?</a>\n					<p>You can promote Digital Gurukul/Koubek Token on your website, blog, social media, forums, email marketing, etc.</p>\n												<a href=\"\">Do I need to pay a sign up fee for this Affiliate Program?</a>\n					<p>No, the signup is absolutely free. </p>\n												<a href=\"\">Where do I sign up for the Digital Gurukul/Koubek Token Affiliate Program?</a>\n					<p>You can sign up for the Affiliate program by visiting &#8220;Becoming an Affiliate&#8221; Page on Menu section.</p>\n												<a href=\"\">Do I need to have technical skills to become a Digital Gurukul /Koubek Affiliate?</a>\n					<p>You don&#8217;t need high technical know how to become and affiliate, we will provide you with awesome banners and tracking links and all you need to do is start driving traffic and earn money.</p>\n												<a href=\"\">Where can I find the text links and banners?</a>\n					<p>You can find the text links and banners in your Affiliate Dashboard Account.</p> \n												<a href=\"\">How much can I earn?</a>\n					<p>We offer a flat commission per qualifying purchase, currently we are offering upto *₹5000 per purchase.</p><p>*Depends which product Purchased. </p> \n												<a href=\"\">Where can I monitor my commissions?</a>\n					<p>The affiliate panel provides information about Commissions, Sales and much more. For detailed information, you can use the reports feature in the panel.</p>\n												<a href=\"\">How do I get paid?</a>\n					<p>Commission payouts are made via Bank/Wire Transfer or UPI</p>\n												<a href=\"\">How often do I get paid?</a>\n					<p>The commission is processed approximately 15 days after the referral completes the transaction. The minimum payment payout balance is  ₹2500 or equivalent.</p>\n												<a href=\"\">Where do I update my bank account details to receive commissions?</a>\n					<p>To update your bank account details kindly follow the below mentioned steps:<br />1. Login to the <a tabindex=\"0\" href=\"https://shop.digitalgurukul.in/affiliate-login/\" target=\"_self\" rel=\"noopener\">Affiliate </a>portal<br />2.Click on Payments &gt; Withdrawal Settings<br />3. Mention Payout Details.</p>\n												<a href=\"\">What if my referral doesn\'t show up in reporting?</a>\n					<p>We will work with you to resolve this as quickly as possible.<br />Send an email to info@digitalgurukul.in<br />Along with the Domain name and Date of Sale</p>\n												<a href=\"\">What is the cookie duration?</a>\n					<p>The tracking cookie will remain valid for 120 days</p> \n												<a href=\"\">Will Digital Gurukul/Koubek Token help me with product updates, offers, etc.?</a>\n					<p>We will help you with updated marketing collaterals such as links and banners. Apart from this, we will also help you with updated offers and much more such <a href=\"https://t.me/+blbcMljkMPFlOGZl\">Telegram Groups</a> and Discords Groups</p>\n												<a href=\"\">Can I bid on Digital Gurukul keywords in SEM?</a>\n					<p>As per our guidelines, you are not permitted to bid on Digital Gurukul/Koubek Token brand keywords such as Digital Gurukul,Koube Token, Digital Gurukul India, etc.</p><h4> </h4>\n												<a href=\"\">Who do I contact for questions regarding the Affiliate program?</a>\n					<p>For assistance kindly send an email to info@digitalgurukul.in</p>\n			<h2>Want To Explore More About Digital Gurukul Courses/Franchise?</h2>		\n			<a href=\"https://digitalgurukul.in/\" role=\"button\">\n						Explore More\n					</a>', 'Home', '', 'inherit', 'closed', 'closed', '', '95-revision-v1', '', '', '2022-08-09 14:23:35', '2022-08-09 08:53:35', '', 95, 'https://shop.digitalgurukul.in/?p=5971', 0, 'revision', '', 0);
INSERT INTO `wpqh_posts` (`ID`, `post_author`, `post_date`, `post_date_gmt`, `post_content`, `post_title`, `post_excerpt`, `post_status`, `comment_status`, `ping_status`, `post_password`, `post_name`, `to_ping`, `pinged`, `post_modified`, `post_modified_gmt`, `post_content_filtered`, `post_parent`, `guid`, `menu_order`, `post_type`, `post_mime_type`, `comment_count`) VALUES
(5972, 1, '2022-08-09 14:23:35', '2022-08-09 08:53:35', '<style>/*! elementor - v3.6.8 - 27-07-2022 */\n.elementor-heading-title{padding:0;margin:0;line-height:1}.elementor-widget-heading .elementor-heading-title[class*=elementor-size-]>a{color:inherit;font-size:inherit;line-height:inherit}.elementor-widget-heading .elementor-heading-title.elementor-size-small{font-size:15px}.elementor-widget-heading .elementor-heading-title.elementor-size-medium{font-size:19px}.elementor-widget-heading .elementor-heading-title.elementor-size-large{font-size:29px}.elementor-widget-heading .elementor-heading-title.elementor-size-xl{font-size:39px}.elementor-widget-heading .elementor-heading-title.elementor-size-xxl{font-size:59px}</style><h1>Become Affiliate of Digital Gurukul & Earn upto ₹25,000-50,000 Per Month</h1>		\n		<p>Refer visitors to Digital Gurukul, Koubek Token and earn Upto <strong>₹5000</strong> for each qualified Course/KBK/Franchise Sold . 100% Transparency, No hidden conditions </p>		\n			<a href=\"https://shop.digitalgurukul.in/become-an-affiliate/\" role=\"button\">\n						Join Now\n					</a>\n			<style>/*! elementor - v3.6.8 - 27-07-2022 */\n.e-container.e-container--row .elementor-spacer-inner{width:var(--spacer-size)}.e-container.e-container--column .elementor-spacer-inner,.elementor-column .elementor-spacer-inner{height:var(--spacer-size)}</style>		\n			<h2>How you can earn with our Affiliate Program?</h2>		\n			<link rel=\"stylesheet\" href=\"https://shop.digitalgurukul.in/wp-content/plugins/elementor/assets/css/widget-icon-box.min.css\">		\n				<a href=\"#\">\n								</a>\n				<h4>\n					<a href=\"#\" >\n						Free To Join					</a>\n				</h4>\n									<p>\n						Signing up takes only a few minutes and is completely FREE. You\'ll receive a unique tracking code for use on your website right away.					</p>\n				<a href=\"#\">\n								</a>\n				<h4>\n					<a href=\"#\" >\n						Reliable Tracking					</a>\n				</h4>\n									<p>\n						Our custom tracking is hard coded into our platform. We use advanced, customized technology to ensure you always get credit for every single referral.					</p>\n				<a href=\"#\">\n								</a>\n				<h4>\n					<a href=\"#\" >\n						Dedicated Team					</a>\n				</h4>\n									<p>\n						Our affiliate managers are committed to helping you succeed. They\'re always on hand with support, insight, and personalized advice.\n					</p>\n				<a href=\"#\">\n								</a>\n				<h4>\n					<a href=\"#\" >\n						Unlimited Earnings					</a>\n				</h4>\n									<p>\n						There\'s no cap on the amount of commissions you can earn. Refer our programs, franchise, tokens to many people as you\'d like; we won\'t ever hold you back.					</p>\n				<a href=\"#\">\n								</a>\n				<h4>\n					<a href=\"#\" >\n						Customized Campaigns					</a>\n				</h4>\n									<p>\n						Use your tracking links to segment referred traffic and monitor how different activity performs. Compare campaigns by clicks, conversions, and more.					</p>\n				<a href=\"#\">\n								</a>\n				<h4>\n					<a href=\"#\" >\n						Promotional Resources					</a>\n				</h4>\n									<p>\n						Enjoy a wide selection of tried and tested creative assets. Simply select the banners or ads that most effectively complement your website\'s look and feel.					</p>\n			<h2>Our Best selling Programs (Since 2015)</h2>		\n		[product_categories number=\"4\" columns=\"4\" hide_empty=\"1\" orderby=\"name\" order=\"asc\"]		\n			<h2>How It Works? \n</h2>		\n			<style>/*! elementor - v3.6.8 - 27-07-2022 */\n.elementor-widget-divider{--divider-border-style:none;--divider-border-width:1px;--divider-color:#2c2c2c;--divider-icon-size:20px;--divider-element-spacing:10px;--divider-pattern-height:24px;--divider-pattern-size:20px;--divider-pattern-url:none;--divider-pattern-repeat:repeat-x}.elementor-widget-divider .elementor-divider{display:-webkit-box;display:-ms-flexbox;display:flex}.elementor-widget-divider .elementor-divider__text{font-size:15px;line-height:1;max-width:95%}.elementor-widget-divider .elementor-divider__element{margin:0 var(--divider-element-spacing);-ms-flex-negative:0;flex-shrink:0}.elementor-widget-divider .elementor-icon{font-size:var(--divider-icon-size)}.elementor-widget-divider .elementor-divider-separator{display:-webkit-box;display:-ms-flexbox;display:flex;margin:0;direction:ltr}.elementor-widget-divider--view-line_icon .elementor-divider-separator,.elementor-widget-divider--view-line_text .elementor-divider-separator{-webkit-box-align:center;-ms-flex-align:center;align-items:center}.elementor-widget-divider--view-line_icon .elementor-divider-separator:after,.elementor-widget-divider--view-line_icon .elementor-divider-separator:before,.elementor-widget-divider--view-line_text .elementor-divider-separator:after,.elementor-widget-divider--view-line_text .elementor-divider-separator:before{display:block;content:\"\";border-bottom:0;-webkit-box-flex:1;-ms-flex-positive:1;flex-grow:1;border-top:var(--divider-border-width) var(--divider-border-style) var(--divider-color)}.elementor-widget-divider--element-align-left .elementor-divider .elementor-divider-separator>.elementor-divider__svg:first-of-type{-webkit-box-flex:0;-ms-flex-positive:0;flex-grow:0;-ms-flex-negative:100;flex-shrink:100}.elementor-widget-divider--element-align-left .elementor-divider-separator:before{content:none}.elementor-widget-divider--element-align-left .elementor-divider__element{margin-left:0}.elementor-widget-divider--element-align-right .elementor-divider .elementor-divider-separator>.elementor-divider__svg:last-of-type{-webkit-box-flex:0;-ms-flex-positive:0;flex-grow:0;-ms-flex-negative:100;flex-shrink:100}.elementor-widget-divider--element-align-right .elementor-divider-separator:after{content:none}.elementor-widget-divider--element-align-right .elementor-divider__element{margin-right:0}.elementor-widget-divider:not(.elementor-widget-divider--view-line_text):not(.elementor-widget-divider--view-line_icon) .elementor-divider-separator{border-top:var(--divider-border-width) var(--divider-border-style) var(--divider-color)}.elementor-widget-divider--separator-type-pattern{--divider-border-style:none}.elementor-widget-divider--separator-type-pattern.elementor-widget-divider--view-line .elementor-divider-separator,.elementor-widget-divider--separator-type-pattern:not(.elementor-widget-divider--view-line) .elementor-divider-separator:after,.elementor-widget-divider--separator-type-pattern:not(.elementor-widget-divider--view-line) .elementor-divider-separator:before,.elementor-widget-divider--separator-type-pattern:not([class*=elementor-widget-divider--view]) .elementor-divider-separator{width:100%;min-height:var(--divider-pattern-height);-webkit-mask-size:var(--divider-pattern-size) 100%;mask-size:var(--divider-pattern-size) 100%;-webkit-mask-repeat:var(--divider-pattern-repeat);mask-repeat:var(--divider-pattern-repeat);background-color:var(--divider-color);-webkit-mask-image:var(--divider-pattern-url);mask-image:var(--divider-pattern-url)}.elementor-widget-divider--no-spacing{--divider-pattern-size:auto}.elementor-widget-divider--bg-round{--divider-pattern-repeat:round}.rtl .elementor-widget-divider .elementor-divider__text{direction:rtl}.e-container>.elementor-widget-divider{width:var(--container-widget-width,100%);-webkit-box-flex:1;-ms-flex-positive:1;flex-grow:1}</style>		\n				<h3>\n						Sign Up					\n				</h3>\n									<p>\n						Fill a simple signup form and you are all set to become a Digital Gurukul/Koubek Token affiliate.\n					</p>\n				<h3>\n						Promote					\n				</h3>\n									<p>\n						Use your website, blog, social media channels, etc. to promote Digital Gurukul /Koubek Token with your affiliate link.\n					</p>\n				<h3>\n						Make Money					\n				</h3>\n									<p>\n						Earn Upto ₹5000 per qualifying enrol for Digital Gurukul Courses/Franchise or Buy Koubek Tokens.\n					</p>\n				<h3>\n						Become Financially Independent					\n				</h3>\n									<p>\n						Start Your Passive Income with this program and be financially Independent					</p>\n			<h2>Join Affiliate Program of Digital Gurukul & start your income instantly </h2>		\n			<a href=\"https://shop.digitalgurukul.in/become-an-affiliate/\" role=\"button\">\n						Join now\n					</a>\n			<h2><h2 data-elementor-setting-key=\"title\" data-pen-placeholder=\"Type Here...\" style=\"text-rendering: optimizelegibility; outline-style: initial; outline-width: 0px; color: rgb(29, 21, 65); line-height: 1; font-family: Poppins, sans-serif; font-style: normal; font-size: 41px; font-weight: var( --e-global-typography-primary-font-weight ); text-align: center;\">What India\'s Biggest Celebrity Says About Us -</h2></h2>		\n		https://youtu.be/tt1T4Y75K4Yhttps://youtu.be/6bQd9uMkHBMhttps://youtu.be/r4RPYVD7K_Mhttps://youtu.be/7iGwB_PMVOshttps://youtu.be/4FCaiLaTDTE		\n			<style>/*! elementor - v3.6.8 - 27-07-2022 */\n.elementor-widget-image-box .elementor-image-box-content{width:100%}@media (min-width:768px){.elementor-widget-image-box.elementor-position-left .elementor-image-box-wrapper,.elementor-widget-image-box.elementor-position-right .elementor-image-box-wrapper{display:-webkit-box;display:-ms-flexbox;display:flex}.elementor-widget-image-box.elementor-position-right .elementor-image-box-wrapper{text-align:right;-webkit-box-orient:horizontal;-webkit-box-direction:reverse;-ms-flex-direction:row-reverse;flex-direction:row-reverse}.elementor-widget-image-box.elementor-position-left .elementor-image-box-wrapper{text-align:left;-webkit-box-orient:horizontal;-webkit-box-direction:normal;-ms-flex-direction:row;flex-direction:row}.elementor-widget-image-box.elementor-position-top .elementor-image-box-img{margin:auto}.elementor-widget-image-box.elementor-vertical-align-top .elementor-image-box-wrapper{-webkit-box-align:start;-ms-flex-align:start;align-items:flex-start}.elementor-widget-image-box.elementor-vertical-align-middle .elementor-image-box-wrapper{-webkit-box-align:center;-ms-flex-align:center;align-items:center}.elementor-widget-image-box.elementor-vertical-align-bottom .elementor-image-box-wrapper{-webkit-box-align:end;-ms-flex-align:end;align-items:flex-end}}@media (max-width:767px){.elementor-widget-image-box .elementor-image-box-img{margin-left:auto!important;margin-right:auto!important;margin-bottom:15px}}.elementor-widget-image-box .elementor-image-box-img{display:inline-block}.elementor-widget-image-box .elementor-image-box-title a{color:inherit}.elementor-widget-image-box .elementor-image-box-wrapper{text-align:center}.elementor-widget-image-box .elementor-image-box-description{margin:0}</style><h2>Have questions?</h2><p>For questions about the program, general support - contact us: affiliates@digitalgurukul.in</p>		\n			<style>/*! elementor - v3.6.8 - 27-07-2022 */\n.elementor-widget-image{text-align:center}.elementor-widget-image a{display:inline-block}.elementor-widget-image a img[src$=\".svg\"]{width:48px}.elementor-widget-image img{vertical-align:middle;display:inline-block}</style>												<img width=\"612\" height=\"408\" src=\"https://shop.digitalgurukul.in/wp-content/uploads/2022/08/indian-man-thinking-looking-up-doubts-people-concept-over-grey-background-132925688-removebg-preview.png\" alt=\"\" loading=\"lazy\" srcset=\"https://shop.digitalgurukul.in/wp-content/uploads/2022/08/indian-man-thinking-looking-up-doubts-people-concept-over-grey-background-132925688-removebg-preview.png 612w, https://shop.digitalgurukul.in/wp-content/uploads/2022/08/indian-man-thinking-looking-up-doubts-people-concept-over-grey-background-132925688-removebg-preview-300x200.png 300w, https://shop.digitalgurukul.in/wp-content/uploads/2022/08/indian-man-thinking-looking-up-doubts-people-concept-over-grey-background-132925688-removebg-preview-600x400.png 600w\" sizes=\"(max-width: 612px) 100vw, 612px\" />															\n			<h2>Frequently Asked Questions\n</h2>		\n			<style>/*! elementor - v3.6.8 - 27-07-2022 */\n.elementor-toggle{text-align:left}.elementor-toggle .elementor-tab-title{font-weight:700;line-height:1;margin:0;padding:15px;border-bottom:1px solid #d4d4d4;cursor:pointer;outline:none}.elementor-toggle .elementor-tab-title .elementor-toggle-icon{display:inline-block;width:1em}.elementor-toggle .elementor-tab-title .elementor-toggle-icon svg{-webkit-margin-start:-5px;margin-inline-start:-5px;width:1em;height:1em}.elementor-toggle .elementor-tab-title .elementor-toggle-icon.elementor-toggle-icon-right{float:right;text-align:right}.elementor-toggle .elementor-tab-title .elementor-toggle-icon.elementor-toggle-icon-left{float:left;text-align:left}.elementor-toggle .elementor-tab-title .elementor-toggle-icon .elementor-toggle-icon-closed{display:block}.elementor-toggle .elementor-tab-title .elementor-toggle-icon .elementor-toggle-icon-opened{display:none}.elementor-toggle .elementor-tab-title.elementor-active{border-bottom:none}.elementor-toggle .elementor-tab-title.elementor-active .elementor-toggle-icon-closed{display:none}.elementor-toggle .elementor-tab-title.elementor-active .elementor-toggle-icon-opened{display:block}.elementor-toggle .elementor-tab-content{padding:15px;border-bottom:1px solid #d4d4d4;display:none}@media (max-width:767px){.elementor-toggle .elementor-tab-title{padding:12px}.elementor-toggle .elementor-tab-content{padding:12px 10px}}</style>		\n												<a href=\"\">What is the Digital Gurukul/Koubek Token Affiliate Program?</a>\n					<p>The Digital Gurukul/Koubek Token Affiliate Program is a marketing program where we pay fixed commissions to our affiliates to drive new customers/referrals. You can promote Digital Gurukul/Koubek Token by using the banners and text links that we provide. We then track the referrals that you send to our website through your affiliate link and give a commission of upto ₹5000 per qualifying purchase.</p>\n												<a href=\"\">Where can I promote Digital Gurukul/Koubek Token?</a>\n					<p>You can promote Digital Gurukul/Koubek Token on your website, blog, social media, forums, email marketing, etc.</p>\n												<a href=\"\">Do I need to pay a sign up fee for this Affiliate Program?</a>\n					<p>No, the signup is absolutely free. </p>\n												<a href=\"\">Where do I sign up for the Digital Gurukul/Koubek Token Affiliate Program?</a>\n					<p>You can sign up for the Affiliate program by visiting &#8220;Becoming an Affiliate&#8221; Page on Menu section.</p>\n												<a href=\"\">Do I need to have technical skills to become a Digital Gurukul /Koubek Affiliate?</a>\n					<p>You don&#8217;t need high technical know how to become and affiliate, we will provide you with awesome banners and tracking links and all you need to do is start driving traffic and earn money.</p>\n												<a href=\"\">Where can I find the text links and banners?</a>\n					<p>You can find the text links and banners in your Affiliate Dashboard Account.</p> \n												<a href=\"\">How much can I earn?</a>\n					<p>We offer a flat commission per qualifying purchase, currently we are offering upto *₹5000 per purchase.</p><p>*Depends which product Purchased. </p> \n												<a href=\"\">Where can I monitor my commissions?</a>\n					<p>The affiliate panel provides information about Commissions, Sales and much more. For detailed information, you can use the reports feature in the panel.</p>\n												<a href=\"\">How do I get paid?</a>\n					<p>Commission payouts are made via Bank/Wire Transfer or UPI</p>\n												<a href=\"\">How often do I get paid?</a>\n					<p>The commission is processed approximately 15 days after the referral completes the transaction. The minimum payment payout balance is  ₹2500 or equivalent.</p>\n												<a href=\"\">Where do I update my bank account details to receive commissions?</a>\n					<p>To update your bank account details kindly follow the below mentioned steps:<br />1. Login to the <a tabindex=\"0\" href=\"https://shop.digitalgurukul.in/affiliate-login/\" target=\"_self\" rel=\"noopener\">Affiliate </a>portal<br />2.Click on Payments &gt; Withdrawal Settings<br />3. Mention Payout Details.</p>\n												<a href=\"\">What if my referral doesn\'t show up in reporting?</a>\n					<p>We will work with you to resolve this as quickly as possible.<br />Send an email to info@digitalgurukul.in<br />Along with the Domain name and Date of Sale</p>\n												<a href=\"\">What is the cookie duration?</a>\n					<p>The tracking cookie will remain valid for 120 days</p> \n												<a href=\"\">Will Digital Gurukul/Koubek Token help me with product updates, offers, etc.?</a>\n					<p>We will help you with updated marketing collaterals such as links and banners. Apart from this, we will also help you with updated offers and much more such <a href=\"https://t.me/+blbcMljkMPFlOGZl\">Telegram Groups</a> and Discords Groups</p>\n												<a href=\"\">Can I bid on Digital Gurukul keywords in SEM?</a>\n					<p>As per our guidelines, you are not permitted to bid on Digital Gurukul/Koubek Token brand keywords such as Digital Gurukul,Koube Token, Digital Gurukul India, etc.</p><h4> </h4>\n												<a href=\"\">Who do I contact for questions regarding the Affiliate program?</a>\n					<p>For assistance kindly send an email to info@digitalgurukul.in</p>\n			<h2>Want To Explore More About Digital Gurukul Courses/Franchise?</h2>		\n			<a href=\"https://digitalgurukul.in/\" role=\"button\">\n						Explore More\n					</a>', 'Home', '', 'inherit', 'closed', 'closed', '', '95-revision-v1', '', '', '2022-08-09 14:23:35', '2022-08-09 08:53:35', '', 95, 'https://shop.digitalgurukul.in/?p=5972', 0, 'revision', '', 0),
(5973, 1, '2022-08-09 20:54:28', '2022-08-09 15:24:28', '', 'Koubek Token Package : 9,00,000 KBK TOKENS', 'Note: Coins Will Be Transferred To Your Crypto Wallet Within 2 Hours of Successful Transaction Completion', 'inherit', 'closed', 'closed', '', '5948-autosave-v1', '', '', '2022-08-09 20:54:28', '2022-08-09 15:24:28', '', 5948, 'https://shop.digitalgurukul.in/?p=5973', 0, 'revision', '', 0),
(5975, 1, '2022-08-09 22:03:47', '2022-08-09 16:33:47', '', 'Order &ndash; August 9, 2022 @ 10:03 PM', '', 'wc-processing', 'open', 'closed', 'wc_order_piz6RWwkMLL9L', 'order-aug-09-2022-0433-pm', '', '', '2022-08-09 22:04:38', '2022-08-09 16:34:38', '', 0, 'https://shop.digitalgurukul.in/?post_type=shop_order&#038;p=5975', 0, 'shop_order', '', 3),
(5976, 0, '2022-08-09 22:04:11', '2022-08-09 16:34:11', '', '20210811_143549-scaled.jpg6144', '', 'inherit', 'open', 'closed', '', '20210811_143549-scaled-jpg6144', '', '', '2022-08-09 22:04:11', '2022-08-09 16:34:11', '', 0, 'https://shop.digitalgurukul.in/20210811_143549-scaled-jpg6144/', 0, 'attachment', 'image/jpeg', 0),
(5978, 16, '2022-08-09 22:30:58', '2022-08-09 17:00:58', '', 'Snapchat-1588107916.jpg5292', '', 'inherit', 'open', 'closed', '', 'snapchat-1588107916-jpg5292', '', '', '2022-08-09 22:30:58', '2022-08-09 17:00:58', '', 0, 'https://shop.digitalgurukul.in/snapchat-1588107916-jpg5292/', 0, 'attachment', 'image/jpeg', 0),
(5980, 41, '2022-08-09 23:10:32', '2022-08-09 17:40:32', '', 'FB-DP.png7942', '', 'inherit', 'open', 'closed', '', 'fb-dp-png7942', '', '', '2022-08-09 23:10:32', '2022-08-09 17:40:32', '', 0, 'https://shop.digitalgurukul.in/fb-dp-png7942/', 0, 'attachment', 'image/png', 0),
(5981, 0, '2022-08-09 23:31:25', '2022-08-09 18:01:25', '', 'Screenshot_20210917_155340', '', 'inherit', 'open', 'closed', '', 'screenshot_20210917_155340', '', '', '2022-08-09 23:31:25', '2022-08-09 18:01:25', '', 0, 'https://shop.digitalgurukul.in/wp-content/uploads/2022/08/Screenshot_20210917_155340.jpg', 0, 'attachment', 'image/jpeg', 0),
(5983, 0, '2022-08-09 23:51:42', '2022-08-09 18:21:42', '', 'Snapchat-2123023402.jpg9867', '', 'inherit', 'open', 'closed', '', 'snapchat-2123023402-jpg9867', '', '', '2022-08-09 23:51:42', '2022-08-09 18:21:42', '', 0, 'https://shop.digitalgurukul.in/snapchat-2123023402-jpg9867/', 0, 'attachment', 'image/jpeg', 0),
(5984, 0, '2022-08-10 06:11:17', '2022-08-10 00:41:17', '', 'IMG_20220802_075235_625', '', 'inherit', 'open', 'closed', '', 'img_20220802_075235_625', '', '', '2022-08-10 06:11:17', '2022-08-10 00:41:17', '', 0, 'https://shop.digitalgurukul.in/wp-content/uploads/2022/08/IMG_20220802_075235_625.jpg', 0, 'attachment', 'image/jpeg', 0),
(5986, 0, '2022-08-10 06:12:57', '2022-08-10 00:42:57', '', 'IMG_20220802_075235_625-1-scaled.jpg4748', '', 'inherit', 'open', 'closed', '', 'img_20220802_075235_625-1-scaled-jpg4748', '', '', '2022-08-10 06:12:57', '2022-08-10 00:42:57', '', 0, 'https://shop.digitalgurukul.in/img_20220802_075235_625-1-scaled-jpg4748/', 0, 'attachment', 'image/jpeg', 0),
(5987, 0, '2022-08-10 17:15:30', '2022-08-10 11:45:30', '', 'IMG-20220810-WA0002', '', 'inherit', 'open', 'closed', '', 'img-20220810-wa0002', '', '', '2022-08-10 17:15:30', '2022-08-10 11:45:30', '', 0, 'https://shop.digitalgurukul.in/wp-content/uploads/2022/08/IMG-20220810-WA0002.jpg', 0, 'attachment', 'image/jpeg', 0),
(5989, 0, '2022-08-10 17:18:44', '2022-08-10 11:48:44', '', 'Snapchat-1408141192.jpg4133', '', 'inherit', 'open', 'closed', '', 'snapchat-1408141192-jpg4133', '', '', '2022-08-10 17:18:44', '2022-08-10 11:48:44', '', 0, 'https://shop.digitalgurukul.in/snapchat-1408141192-jpg4133/', 0, 'attachment', 'image/jpeg', 0),
(5991, 0, '2022-08-10 18:43:32', '2022-08-10 13:13:32', '', 'IMG_20220616_225110-scaled.jpg9118', '', 'inherit', 'open', 'closed', '', 'img_20220616_225110-scaled-jpg9118', '', '', '2022-08-10 18:43:32', '2022-08-10 13:13:32', '', 0, 'https://shop.digitalgurukul.in/img_20220616_225110-scaled-jpg9118/', 0, 'attachment', 'image/jpeg', 0),
(5992, 1, '2022-08-11 10:52:02', '2022-08-11 05:22:02', 'Alt MBA Program is Flagship Program of Digital Gurukul -\n\nCheck out the complete program details here - https://digitalgurukul.in/altmbaprogram/\n\n&nbsp;', 'Alt MBA Program', '<div class=\"elementor-element elementor-element-4a843e0 elementor-widget elementor-widget-heading\" data-id=\"4a843e0\" data-element_type=\"widget\" data-widget_type=\"heading.default\">\n<div class=\"elementor-widget-container\">\n<h6>This is a Registration Amount To Book Your Ticket To an Amazing Career Journey With Digital Gurukul</h6>\nOur Team Will Coordinate With You Within 2 Hours After the Successful Transaction\n<h1>Master the Future of Business Education\nlike never before</h1>\n</div>\n</div>\n<div class=\"elementor-element elementor-element-8b2d75d elementor-widget elementor-widget-text-editor\" data-id=\"8b2d75d\" data-element_type=\"widget\" data-widget_type=\"text-editor.default\">\n<div class=\"elementor-widget-container\">\n<div class=\"elementor-text-editor elementor-clearfix\">\n\nLIVE Online Training – Hindi/English – Flexible EMI Options! (Updated 2022)\n\n<section class=\"elementor-section elementor-top-section elementor-element elementor-element-86f70a0 elementor-section-boxed elementor-section-height-default elementor-section-height-default\" data-id=\"86f70a0\" data-element_type=\"section\">\n<div class=\"elementor-container elementor-column-gap-default\">\n<div class=\"elementor-row\">\n<div class=\"elementor-column elementor-col-100 elementor-top-column elementor-element elementor-element-ab2282f\" data-id=\"ab2282f\" data-element_type=\"column\">\n<div class=\"elementor-column-wrap elementor-element-populated\">\n<div class=\"elementor-widget-wrap\">\n<div class=\"elementor-element elementor-element-ee5b818 elementor-widget elementor-widget-heading\" data-id=\"ee5b818\" data-element_type=\"widget\" data-widget_type=\"heading.default\">\n<div class=\"elementor-widget-container\">\n<h2 class=\"elementor-heading-title elementor-size-default\">Why This Course ?</h2>\n</div>\n</div>\n<div class=\"elementor-element elementor-element-1ab384b elementor-widget elementor-widget-spacer\" data-id=\"1ab384b\" data-element_type=\"widget\" data-widget_type=\"spacer.default\">\n<div class=\"elementor-widget-container\">\n<div class=\"elementor-spacer\">\n<div class=\"elementor-spacer-inner\"></div>\n</div>\n</div>\n</div>\n</div>\n</div>\n</div>\n</div>\n</div>\n</section><section class=\"elementor-section elementor-top-section elementor-element elementor-element-ba80e70 elementor-section-boxed elementor-section-height-default elementor-section-height-default\" data-id=\"ba80e70\" data-element_type=\"section\">\n<div class=\"elementor-container elementor-column-gap-default\">\n<div class=\"elementor-row\">\n<div class=\"elementor-column elementor-col-50 elementor-top-column elementor-element elementor-element-d530d89\" data-id=\"d530d89\" data-element_type=\"column\">\n<div class=\"elementor-column-wrap elementor-element-populated\">\n<div class=\"elementor-widget-wrap\">\n<div class=\"elementor-element elementor-element-9a8b83e elementor-widget elementor-widget-heading\" data-id=\"9a8b83e\" data-element_type=\"widget\" data-widget_type=\"heading.default\">\n<div class=\"elementor-widget-container\">\n<h2 class=\"elementor-heading-title elementor-size-default\">Age Old MBA</h2>\n</div>\n</div>\n<div class=\"elementor-element elementor-element-977e31b elementor-widget elementor-widget-text-editor\" data-id=\"977e31b\" data-element_type=\"widget\" data-widget_type=\"text-editor.default\">\n<div class=\"elementor-widget-container\">\n<div class=\"elementor-text-editor elementor-clearfix\">\n<ol>\n 	<li>Physical Classroom Based Learning</li>\n 	<li>More Emphasis on theoretical knowledge</li>\n 	<li>Set PPT are repeated in every class</li>\n 	<li> Duration – 2 years</li>\n</ol>\n</div>\n</div>\n</div>\n</div>\n</div>\n</div>\n<div class=\"elementor-column elementor-col-50 elementor-top-column elementor-element elementor-element-9b8b552\" data-id=\"9b8b552\" data-element_type=\"column\">\n<div class=\"elementor-column-wrap elementor-element-populated\">\n<div class=\"elementor-widget-wrap\">\n<div class=\"elementor-element elementor-element-523914b elementor-widget elementor-widget-heading\" data-id=\"523914b\" data-element_type=\"widget\" data-widget_type=\"heading.default\">\n<div class=\"elementor-widget-container\">\n<h2 class=\"elementor-heading-title elementor-size-default\">AltMBA</h2>\n</div>\n</div>\n<div class=\"elementor-element elementor-element-5973072 elementor-widget elementor-widget-text-editor\" data-id=\"5973072\" data-element_type=\"widget\" data-widget_type=\"text-editor.default\">\n<div class=\"elementor-widget-container\">\n<div class=\"elementor-text-editor elementor-clearfix\">\n<ol>\n 	<li>No Need to Travel</li>\n 	<li>Interactive LIVE Video Session</li>\n 	<li>Focus on Practical know – how</li>\n 	<li>Duration – 6 Months.</li>\n</ol>\n<section class=\"elementor-section elementor-inner-section elementor-element elementor-element-a18d88b elementor-section-boxed elementor-section-height-default elementor-section-height-default\" data-id=\"a18d88b\" data-element_type=\"section\">\n<div class=\"elementor-container elementor-column-gap-no\">\n<div class=\"elementor-row\">\n<div class=\"elementor-column elementor-col-50 elementor-inner-column elementor-element elementor-element-38cc33e9\" data-id=\"38cc33e9\" data-element_type=\"column\">\n<div class=\"elementor-column-wrap elementor-element-populated\">\n<div class=\"elementor-widget-wrap\">\n<div class=\"elementor-element elementor-element-56e37363 elementor-widget elementor-widget-heading\" data-id=\"56e37363\" data-element_type=\"widget\" data-widget_type=\"heading.default\">\n<div class=\"elementor-widget-container\">\n<h4 class=\"elementor-heading-title elementor-size-default\">KEY HIGHLIGHTS OF THE METAMBA PROGRAM</h4>\n</div>\n</div>\n<div class=\"elementor-element elementor-element-19456653 elementor-widget-divider--view-line elementor-widget elementor-widget-divider\" data-id=\"19456653\" data-element_type=\"widget\" data-widget_type=\"divider.default\">\n<div class=\"elementor-widget-container\">\n<div class=\"elementor-divider\"></div>\n</div>\n</div>\n<div class=\"elementor-element elementor-element-2e40d20f elementor-widget elementor-widget-text-editor\" data-id=\"2e40d20f\" data-element_type=\"widget\" data-widget_type=\"text-editor.default\">\n<div class=\"elementor-widget-container\">\n<div class=\"elementor-text-editor elementor-clearfix\">\n<div class=\"et_pb_column et_pb_column_1_3 et_pb_column_11 et_pb_css_mix_blend_mode_passthrough\">\n<div class=\"et_pb_module et_pb_text et_pb_text_14 list et_pb_text_align_left et_pb_bg_layout_light\">\n<div class=\"et_pb_text_inner\">\n<ul class=\"arrow_right\">\n 	<li class=\"list\">150+ Learning Hours</li>\n 	<li class=\"list\">Internship &amp; Job Guaranteed*.</li>\n 	<li class=\"list\">Live Classes with case-studies &amp; practical projects</li>\n 	<li class=\"list\">Mastering Digital business &amp; Management skills</li>\n 	<li>Easy EMI Options available.</li>\n</ul>\n</div>\n</div>\n<div class=\"et_pb_module et_pb_text et_pb_text_15 list et_pb_text_align_left et_pb_bg_layout_light\">\n<div class=\"et_pb_text_inner\"></div>\n</div>\n</div>\n</div>\n</div>\n</div>\n</div>\n</div>\n</div>\n<div class=\"elementor-column elementor-col-50 elementor-inner-column elementor-element elementor-element-4096db8f\" data-id=\"4096db8f\" data-element_type=\"column\">\n<div class=\"elementor-column-wrap elementor-element-populated\">\n<div class=\"elementor-widget-wrap\">\n<div class=\"elementor-element elementor-element-459efae8 elementor-widget elementor-widget-heading\" data-id=\"459efae8\" data-element_type=\"widget\" data-widget_type=\"heading.default\">\n<div class=\"elementor-widget-container\">\n<h4 class=\"elementor-heading-title elementor-size-default\">MINIMUM ELIGIBILITY ?</h4>\n</div>\n</div>\n<div class=\"elementor-element elementor-element-57cc4527 elementor-widget-divider--view-line elementor-widget elementor-widget-divider\" data-id=\"57cc4527\" data-element_type=\"widget\" data-widget_type=\"divider.default\">\n<div class=\"elementor-widget-container\">\n<div class=\"elementor-divider\"></div>\n</div>\n</div>\n<div class=\"elementor-element elementor-element-c1b9160 elementor-widget elementor-widget-text-editor\" data-id=\"c1b9160\" data-element_type=\"widget\" data-widget_type=\"text-editor.default\">\n<div class=\"elementor-widget-container\">\n<div class=\"elementor-text-editor elementor-clearfix\"><section id=\"section-programValues\" class=\"ProgramValues\">\n<div class=\"ProgramValues__list__desc u-ellipsis\">\n<ul class=\"procedurelist\">\n 	<li>Candidates with minimum 50% in Degree exam from a recognised University, completed by June 2021 or later</li>\n 	<li>Should have taken CAT (2019 or later) conducted by the IIMs for the year specified in the advertisement and/or/ XAT (2019 or later) and/or ATMA (Feb, Apr 2020 or later) and/or CMAT (2020or later) and / or GMAT (2018 onwards).</li>\n 	<li>If you’re in a job, we would advise you to take a 4-month leave. You would need weekday mornings to attend lectures and discussions. The biggest eligibility criteria: You need to dedicate 40-50 hours per week for learning.</li>\n 	<li><strong>Exception</strong>\nIf You’re young and you want to learn business early. Go ahead and apply. Realize that your selection will be done on exceptional grounds. Through the application process prove that you are a star.</li>\n</ul>\n</div>\n</section><section id=\"section-downloadSyllabus\" class=\"section DownloadSyllabus l-row la-c-c\">\n<div class=\"DownloadSyllabus__container l-row la-spbt-c container\">\n<div class=\"DownloadSyllabus__content\"></div>\n</div>\n</section></div>\n</div>\n</div>\n</div>\n</div>\n</div>\n</div>\n</div>\n</section><section class=\"elementor-section elementor-inner-section elementor-element elementor-element-7bb93a22 elementor-section-content-middle elementor-section-boxed elementor-section-height-default elementor-section-height-default\" data-id=\"7bb93a22\" data-element_type=\"section\">\n<div class=\"elementor-container elementor-column-gap-no\">\n<div class=\"elementor-row\">\n<div class=\"elementor-column elementor-col-50 elementor-inner-column elementor-element elementor-element-5672e3be\" data-id=\"5672e3be\" data-element_type=\"column\">\n<div class=\"elementor-column-wrap elementor-element-populated\">\n<div class=\"elementor-widget-wrap\">\n<div class=\"elementor-element elementor-element-1344dacd elementor-widget elementor-widget-heading\" data-id=\"1344dacd\" data-element_type=\"widget\" data-widget_type=\"heading.default\">\n<div class=\"elementor-widget-container\">\n<h4 class=\"elementor-heading-title elementor-size-default\">POST COMPLETION OF THE PROGRAM?</h4>\n</div>\n</div>\n<div class=\"elementor-element elementor-element-1971dda6 elementor-widget-divider--view-line elementor-widget elementor-widget-divider\" data-id=\"1971dda6\" data-element_type=\"widget\" data-widget_type=\"divider.default\">\n<div class=\"elementor-widget-container\">\n<div class=\"elementor-divider\"></div>\n</div>\n</div>\n<div class=\"elementor-element elementor-element-46e41313 elementor-widget elementor-widget-text-editor\" data-id=\"46e41313\" data-element_type=\"widget\" data-widget_type=\"text-editor.default\">\n<div class=\"elementor-widget-container\">\n<div class=\"elementor-text-editor elementor-clearfix\">\n<div class=\"et_pb_module et_pb_text et_pb_text_17 divider-hr et_pb_text_align_center et_pb_bg_layout_dark\">\n<div class=\"et_pb_text_inner\">\n<p class=\"leftheader\">On successful completion of the MBA Program (Alt), there will be interviews lined up for you through our hiring partners. We will help you prepare for it and make sure you succeed. Digital Gurukul is Asia’s leading Digital Institute &amp; renowned amongst India’s top startups and brands.</p>\nSince this Program is proof of work based MBA Program – Students needs to show their portfolio of work to interviewer instead of showing a degree or flouting their college name.\n\nYour work will prove that you understand business and can execute projects.\n\n</div>\n</div>\n</div>\n</div>\n</div>\n</div>\n</div>\n</div>\n<div class=\"elementor-column elementor-col-50 elementor-inner-column elementor-element elementor-element-6da8949d\" data-id=\"6da8949d\" data-element_type=\"column\">\n<div class=\"elementor-column-wrap elementor-element-populated\">\n<div class=\"elementor-widget-wrap\">\n<div class=\"elementor-element elementor-element-35411797 elementor-widget elementor-widget-heading\" data-id=\"35411797\" data-element_type=\"widget\" data-widget_type=\"heading.default\">\n<div class=\"elementor-widget-container\">\n<h4 class=\"elementor-heading-title elementor-size-default\">CAREER OPPORTUNITIES?</h4>\n</div>\n</div>\n<div class=\"elementor-element elementor-element-231f878d elementor-widget-divider--view-line elementor-widget elementor-widget-divider\" data-id=\"231f878d\" data-element_type=\"widget\" data-widget_type=\"divider.default\">\n<div class=\"elementor-widget-container\">\n<div class=\"elementor-divider\"></div>\n</div>\n</div>\n<div class=\"elementor-element elementor-element-675fef73 elementor-widget elementor-widget-text-editor\" data-id=\"675fef73\" data-element_type=\"widget\" data-widget_type=\"text-editor.default\">\n<div class=\"elementor-widget-container\">\n<div class=\"elementor-text-editor elementor-clearfix\">\n\nPure MBA roles, mainly in the fields of Marketing, Sales, Finance, HR, Strategy, etc. We are not targeting Product Managers, or consulting in big corporations.\n\n</div>\nVisit Link Mention Below for all details Regarding the Course :\n\n</div>\n</div>\n</div>\n</div>\n</div>\n</div>\n</div>\n</section></div>\n</div>\n</div>\n</div>\n</div>\n</div>\n</div>\n</div>\n</section></div>\n</div>\n</div>\n<div class=\"elementor-element elementor-element-8e47949 elementor-align-center elementor-widget elementor-widget-button\" data-id=\"8e47949\" data-element_type=\"widget\" data-widget_type=\"button.default\">\n<div class=\"elementor-button-wrapper\">https://digitalgurukul.in/altmbaprogram/ or Call/Whatsapp: +91 95848 31230</div>\n</div>', 'inherit', 'closed', 'closed', '', '5619-autosave-v1', '', '', '2022-08-11 10:52:02', '2022-08-11 05:22:02', '', 5619, 'https://shop.digitalgurukul.in/?p=5992', 0, 'revision', '', 0),
(5995, 0, '2022-08-14 20:58:31', '2022-08-14 15:28:31', '', '16604908864874032936661202946809', '', 'inherit', 'open', 'closed', '', '16604908864874032936661202946809', '', '', '2022-08-14 20:58:31', '2022-08-14 15:28:31', '', 0, 'https://shop.digitalgurukul.in/wp-content/uploads/2022/08/16604908864874032936661202946809.jpg', 0, 'attachment', 'image/jpeg', 0),
(5997, 0, '2022-08-16 00:07:23', '2022-08-15 18:37:23', '', 'IMG_20220308_161327-scaled.jpg5827', '', 'inherit', 'open', 'closed', '', 'img_20220308_161327-scaled-jpg5827', '', '', '2022-08-16 00:07:23', '2022-08-15 18:37:23', '', 0, 'https://shop.digitalgurukul.in/img_20220308_161327-scaled-jpg5827/', 0, 'attachment', 'image/jpeg', 0),
(5998, 57, '2022-08-16 10:24:13', '2022-08-16 04:54:13', 'Note: Koubek Tokens Will Be Transferred To Your Crypto Wallet Within 2 Hours of Successful Transaction Completion.\r\n\r\nWhatsapp Helpline Number - Swati- 09303950783', 'Koubek Token Deluxue Package', 'Note: Koubek Tokens Will Be Transferred To Your Crypto Wallet Within 2 Hours of Successful Transaction Completion.\r\n\r\nWhatsapp Helpline Number - Swati- 09303950783', 'publish', 'closed', 'closed', '', 'koubek-token-deluxue-package', '', '', '2022-08-16 10:25:02', '2022-08-16 04:55:02', '', 0, 'https://shop.digitalgurukul.in/?post_type=product&#038;p=5998', 0, 'product', '', 0),
(5999, 57, '2022-08-16 10:25:16', '2022-08-16 04:55:16', 'Note: Koubek Tokens Will Be Transferred To Your Crypto Wallet Within 2 Hours of Successful Transaction Completion.\r\n\r\nWhatsapp Helpline Number - Swati- 09303950783', 'Koubek Token Executive Package', 'Note: Koubek Tokens Will Be Transferred To Your Crypto Wallet Within 2 Hours of Successful Transaction Completion.\r\n\r\nWhatsapp Helpline Number - Swati- 09303950783', 'publish', 'closed', 'closed', '', 'koubek-token-executive-package', '', '', '2022-08-16 10:26:02', '2022-08-16 04:56:02', '', 0, 'https://shop.digitalgurukul.in/?post_type=product&#038;p=5999', 0, 'product', '', 0),
(6000, 1, '2022-08-16 10:44:03', '2022-08-16 05:14:03', '', 'Order &ndash; August 16, 2022 @ 10:44 AM', '', 'wc-cancelled', 'open', 'closed', 'wc_order_9oSgJE4sponXC', 'order-aug-16-2022-0514-am', '', '', '2022-08-16 16:40:02', '2022-08-16 11:10:02', '', 0, 'https://shop.digitalgurukul.in/?post_type=shop_order&#038;p=6000', 0, 'shop_order', '', 2),
(6003, 0, '2022-08-17 10:09:24', '2022-08-17 04:39:24', '', 'IMG_20220809_201801.jpg6418', '', 'inherit', 'open', 'closed', '', 'img_20220809_201801-jpg6418', '', '', '2022-08-17 10:09:24', '2022-08-17 04:39:24', '', 0, 'https://shop.digitalgurukul.in/img_20220809_201801-jpg6418/', 0, 'attachment', 'image/jpeg', 0),
(6005, 0, '2022-08-19 13:14:28', '2022-08-19 07:44:28', '', '299711167_465869822061924_577119736813363939_n.jpg429', '', 'inherit', 'open', 'closed', '', '299711167_465869822061924_577119736813363939_n-jpg429', '', '', '2022-08-19 13:14:28', '2022-08-19 07:44:28', '', 0, 'https://shop.digitalgurukul.in/299711167_465869822061924_577119736813363939_n-jpg429/', 0, 'attachment', 'image/jpeg', 0),
(6006, 1, '2022-08-19 20:34:27', '2022-08-19 15:04:27', '', 'Order &ndash; August 19, 2022 @ 08:34 PM', '', 'wc-cancelled', 'open', 'closed', 'wc_order_9je83Ni5hjBhl', 'order-aug-19-2022-0304-pm', '', '', '2022-08-20 16:40:01', '2022-08-20 11:10:01', '', 0, 'https://shop.digitalgurukul.in/?post_type=shop_order&#038;p=6006', 0, 'shop_order', '', 2),
(6008, 0, '2022-08-21 10:51:37', '2022-08-21 05:21:37', '', 'IMG_20220724_165252.jpg3832', '', 'inherit', 'open', 'closed', '', 'img_20220724_165252-jpg3832', '', '', '2022-08-21 10:51:37', '2022-08-21 05:21:37', '', 0, 'https://shop.digitalgurukul.in/img_20220724_165252-jpg3832/', 0, 'attachment', 'image/jpeg', 0),
(6010, 0, '2022-08-30 11:08:09', '2022-08-30 05:38:09', '', 'IMG_20220829_095608', '', 'inherit', 'open', 'closed', '', 'img_20220829_095608', '', '', '2022-08-30 11:08:09', '2022-08-30 05:38:09', '', 0, 'https://shop.digitalgurukul.in/wp-content/uploads/2022/08/IMG_20220829_095608.jpg', 0, 'attachment', 'image/jpeg', 0),
(6011, 1, '2022-08-31 19:57:30', '2022-08-31 14:27:30', '', 'Order &ndash; August 31, 2022 @ 07:57 PM', '', 'wc-processing', 'open', 'closed', 'wc_order_02zEqqvnBJzup', 'order-aug-31-2022-0227-pm', '', '', '2022-08-31 19:58:52', '2022-08-31 14:28:52', '', 0, 'https://shop.digitalgurukul.in/?post_type=shop_order&#038;p=6011', 0, 'shop_order', '', 3),
(6015, 0, '2022-09-03 16:40:22', '2022-09-03 11:10:22', '', 'IMG_20200610_142548-scaled.jpg6942', '', 'inherit', 'open', 'closed', '', 'img_20200610_142548-scaled-jpg6942', '', '', '2022-09-03 16:40:22', '2022-09-03 11:10:22', '', 0, 'https://shop.digitalgurukul.in/img_20200610_142548-scaled-jpg6942/', 0, 'attachment', 'image/jpeg', 0),
(6017, 0, '2022-09-27 12:29:06', '2022-09-27 06:59:06', '', 'Snapchat-590993367.jpg2395', '', 'inherit', 'open', 'closed', '', 'snapchat-590993367-jpg2395', '', '', '2022-09-27 12:29:06', '2022-09-27 06:59:06', '', 0, 'https://shop.digitalgurukul.in/snapchat-590993367-jpg2395/', 0, 'attachment', 'image/jpeg', 0),
(6019, 0, '2022-09-27 13:03:59', '2022-09-27 07:33:59', '', 'Snapchat-590993367.jpg5958', '', 'inherit', 'open', 'closed', '', 'snapchat-590993367-jpg5958', '', '', '2022-09-27 13:03:59', '2022-09-27 07:33:59', '', 0, 'https://shop.digitalgurukul.in/snapchat-590993367-jpg5958/', 0, 'attachment', 'image/jpeg', 0),
(6021, 0, '2022-09-27 13:14:49', '2022-09-27 07:44:49', '', 'Snapchat-590993367.jpg1996', '', 'inherit', 'open', 'closed', '', 'snapchat-590993367-jpg1996', '', '', '2022-09-27 13:14:49', '2022-09-27 07:44:49', '', 0, 'https://shop.digitalgurukul.in/snapchat-590993367-jpg1996/', 0, 'attachment', 'image/jpeg', 0),
(6023, 0, '2022-09-27 13:16:21', '2022-09-27 07:46:21', '', 'Snapchat-590993367.jpg905', '', 'inherit', 'open', 'closed', '', 'snapchat-590993367-jpg905', '', '', '2022-09-27 13:16:21', '2022-09-27 07:46:21', '', 0, 'https://shop.digitalgurukul.in/snapchat-590993367-jpg905/', 0, 'attachment', 'image/jpeg', 0),
(6025, 0, '2022-09-27 13:32:37', '2022-09-27 08:02:37', '', 'Snapchat-590993367.jpg1225', '', 'inherit', 'open', 'closed', '', 'snapchat-590993367-jpg1225', '', '', '2022-09-27 13:32:37', '2022-09-27 08:02:37', '', 0, 'https://shop.digitalgurukul.in/snapchat-590993367-jpg1225/', 0, 'attachment', 'image/jpeg', 0),
(6027, 0, '2022-09-27 14:27:59', '2022-09-27 08:57:59', '', '1664269042789164424752737358877-scaled.jpg7333', '', 'inherit', 'open', 'closed', '', '1664269042789164424752737358877-scaled-jpg7333', '', '', '2022-09-27 14:27:59', '2022-09-27 08:57:59', '', 0, 'https://shop.digitalgurukul.in/1664269042789164424752737358877-scaled-jpg7333/', 0, 'attachment', 'image/jpeg', 0),
(6029, 0, '2022-09-27 14:54:26', '2022-09-27 09:24:26', '', 'Snapchat-590993367.jpg4318', '', 'inherit', 'open', 'closed', '', 'snapchat-590993367-jpg4318', '', '', '2022-09-27 14:54:26', '2022-09-27 09:24:26', '', 0, 'https://shop.digitalgurukul.in/snapchat-590993367-jpg4318/', 0, 'attachment', 'image/jpeg', 0),
(6031, 147, '2022-09-27 15:44:42', '2022-09-27 10:14:42', '', '16642736138202272756808045413775-scaled.jpg2153', '', 'inherit', 'open', 'closed', '', '16642736138202272756808045413775-scaled-jpg2153', '', '', '2022-09-27 15:44:42', '2022-09-27 10:14:42', '', 0, 'https://shop.digitalgurukul.in/16642736138202272756808045413775-scaled-jpg2153/', 0, 'attachment', 'image/jpeg', 0),
(6033, 0, '2022-09-27 16:01:57', '2022-09-27 10:31:57', '', 'SmartSelect_20220901-140000_YouTube.jpg1226', '', 'inherit', 'open', 'closed', '', 'smartselect_20220901-140000_youtube-jpg1226', '', '', '2022-09-27 16:01:57', '2022-09-27 10:31:57', '', 0, 'https://shop.digitalgurukul.in/smartselect_20220901-140000_youtube-jpg1226/', 0, 'attachment', 'image/jpeg', 0),
(6035, 0, '2022-09-27 16:20:50', '2022-09-27 10:50:50', '', 'SmartSelect_20220901-140000_YouTube.jpg6908', '', 'inherit', 'open', 'closed', '', 'smartselect_20220901-140000_youtube-jpg6908', '', '', '2022-09-27 16:20:50', '2022-09-27 10:50:50', '', 0, 'https://shop.digitalgurukul.in/smartselect_20220901-140000_youtube-jpg6908/', 0, 'attachment', 'image/jpeg', 0),
(6037, 0, '2022-10-03 17:07:48', '2022-10-03 11:37:48', '', 'IMG-20220210-WA0009-scaled.jpeg1192', '', 'inherit', 'open', 'closed', '', 'img-20220210-wa0009-scaled-jpeg1192', '', '', '2022-10-03 17:07:48', '2022-10-03 11:37:48', '', 0, 'https://shop.digitalgurukul.in/img-20220210-wa0009-scaled-jpeg1192/', 0, 'attachment', 'image/jpeg', 0),
(6039, 0, '2022-10-22 22:09:22', '2022-10-22 16:39:22', '', 'B59E002A-D940-4051-AAAD-77FBCF769D4C.jpeg9324', '', 'inherit', 'open', 'closed', '', 'b59e002a-d940-4051-aaad-77fbcf769d4c-jpeg9324', '', '', '2022-10-22 22:09:22', '2022-10-22 16:39:22', '', 0, 'https://shop.digitalgurukul.in/b59e002a-d940-4051-aaad-77fbcf769d4c-jpeg9324/', 0, 'attachment', 'image/jpeg', 0),
(6041, 0, '2022-10-22 22:22:51', '2022-10-22 16:52:51', '', 'Screenshot_2022_1013_162631.png2618', '', 'inherit', 'open', 'closed', '', 'screenshot_2022_1013_162631-png2618', '', '', '2022-10-22 22:22:51', '2022-10-22 16:52:51', '', 0, 'https://shop.digitalgurukul.in/screenshot_2022_1013_162631-png2618/', 0, 'attachment', 'image/png', 0),
(6045, 1, '2024-07-18 10:50:46', '0000-00-00 00:00:00', '', 'Auto Draft', '', 'auto-draft', 'open', 'open', '', '', '', '', '2024-07-18 10:50:46', '0000-00-00 00:00:00', '', 0, 'https://shop.digitalgurukul.in/?p=6045', 0, 'post', '', 0);

-- --------------------------------------------------------

--
-- Table structure for table `wpqh_rio_process_queue`
--

CREATE TABLE `wpqh_rio_process_queue` (
  `id` bigint(20) UNSIGNED NOT NULL,
  `server_id` varchar(60) DEFAULT NULL,
  `object_id` bigint(20) UNSIGNED DEFAULT NULL,
  `object_name` varchar(255) DEFAULT NULL,
  `item_type` varchar(60) NOT NULL,
  `item_hash` char(64) DEFAULT NULL COMMENT 'sha256 size',
  `item_hash_alternative` char(64) DEFAULT NULL COMMENT 'sha256 size',
  `result_status` varchar(60) NOT NULL,
  `processing_level` varchar(60) NOT NULL,
  `is_backed_up` tinyint(1) NOT NULL DEFAULT 0,
  `original_size` int(11) UNSIGNED NOT NULL,
  `final_size` int(11) UNSIGNED NOT NULL,
  `original_mime_type` varchar(60) NOT NULL,
  `final_mime_type` varchar(60) NOT NULL,
  `extra_data` text DEFAULT NULL,
  `created_at` bigint(20) NOT NULL
) ENGINE=InnoDB DEFAULT CHARSET=utf8mb4 COLLATE=utf8mb4_unicode_520_ci;

--
-- Dumping data for table `wpqh_rio_process_queue`
--

INSERT INTO `wpqh_rio_process_queue` (`id`, `server_id`, `object_id`, `object_name`, `item_type`, `item_hash`, `item_hash_alternative`, `result_status`, `processing_level`, `is_backed_up`, `original_size`, `final_size`, `original_mime_type`, `final_mime_type`, `extra_data`, `created_at`) VALUES
(1, NULL, 6, '', 'attachment', NULL, NULL, 'success', 'normal', 1, 117395, 84587, 'image/png', 'image/png', '{\"thumbnails_count\":2,\"original_main_size\":102644,\"class\":\"RIO_Attachment_Extra_Data\"}', 1697654826),
(2, NULL, 1754, '', 'attachment', NULL, NULL, 'success', 'normal', 1, 20898, 20045, 'image/jpeg', 'image/jpeg', '{\"thumbnails_count\":2,\"original_main_size\":11176,\"class\":\"RIO_Attachment_Extra_Data\"}', 1697654828),
(3, NULL, 1775, '', 'attachment', NULL, NULL, 'success', 'normal', 1, 15857, 14934, 'image/jpeg', 'image/jpeg', '{\"thumbnails_count\":2,\"original_main_size\":6933,\"class\":\"RIO_Attachment_Extra_Data\"}', 1697654830),
(4, NULL, 1785, '', 'attachment', NULL, NULL, 'success', 'normal', 1, 17349, 16762, 'image/jpeg', 'image/jpeg', '{\"thumbnails_count\":2,\"original_main_size\":8088,\"class\":\"RIO_Attachment_Extra_Data\"}', 1697654833),
(5, NULL, 1855, '', 'attachment', NULL, NULL, 'success', 'normal', 1, 4820, 2950, 'image/png', 'image/png', '{\"thumbnails_count\":1,\"original_main_size\":1580,\"class\":\"RIO_Attachment_Extra_Data\"}', 1697654835),
(6, NULL, 1857, '', 'attachment', NULL, NULL, 'success', 'normal', 1, 7781, 4792, 'image/png', 'image/png', '{\"thumbnails_count\":1,\"original_main_size\":2787,\"class\":\"RIO_Attachment_Extra_Data\"}', 1697654836),
(7, NULL, 1895, '', 'attachment', NULL, NULL, 'success', 'normal', 1, 548158, 280278, 'image/jpeg', 'image/jpeg', '{\"thumbnails_count\":2,\"original_main_size\":517395,\"class\":\"RIO_Attachment_Extra_Data\"}', 1697654839),
(8, NULL, 2032, '', 'attachment', NULL, NULL, 'success', 'normal', 1, 42390, 18446, 'image/png', 'image/png', '{\"thumbnails_count\":1,\"original_main_size\":8458,\"class\":\"RIO_Attachment_Extra_Data\"}', 1697654841),
(9, NULL, 2061, '', 'attachment', NULL, NULL, 'success', 'normal', 1, 51603, 50815, 'image/jpeg', 'image/jpeg', '{\"thumbnails_count\":2,\"original_main_size\":35243,\"class\":\"RIO_Attachment_Extra_Data\"}', 1697654843),
(10, NULL, 2064, '', 'attachment', NULL, NULL, 'success', 'normal', 1, 192606, 190285, 'image/jpeg', 'image/jpeg', '{\"thumbnails_count\":2,\"original_main_size\":158890,\"class\":\"RIO_Attachment_Extra_Data\"}', 1697654845),
(11, NULL, 2112, '', 'attachment', NULL, NULL, 'success', 'normal', 1, 34666, 19503, 'image/png', 'image/png', '{\"thumbnails_count\":2,\"original_main_size\":8815,\"class\":\"RIO_Attachment_Extra_Data\"}', 1697654847),
(12, NULL, 2137, '', 'attachment', NULL, NULL, 'success', 'normal', 1, 34163, 19472, 'image/png', 'image/png', '{\"thumbnails_count\":2,\"original_main_size\":8795,\"class\":\"RIO_Attachment_Extra_Data\"}', 1697654849),
(13, NULL, 2234, '', 'attachment', NULL, NULL, 'success', 'normal', 1, 949, 941, 'image/png', 'image/png', '{\"thumbnails_count\":0,\"original_main_size\":949,\"class\":\"RIO_Attachment_Extra_Data\"}', 1697654851),
(14, NULL, 2478, '', 'attachment', NULL, NULL, 'success', 'normal', 1, 6041, 4032, 'image/png', 'image/png', '{\"thumbnails_count\":1,\"original_main_size\":2176,\"class\":\"RIO_Attachment_Extra_Data\"}', 1697654854),
(15, NULL, 2515, '', 'attachment', NULL, NULL, 'success', 'normal', 1, 3303, 3303, 'image/png', 'image/png', '{\"thumbnails_count\":0,\"original_main_size\":3303,\"class\":\"RIO_Attachment_Extra_Data\"}', 1697654855),
(16, NULL, 2516, '', 'attachment', NULL, NULL, 'success', 'normal', 1, 3561, 3561, 'image/png', 'image/png', '{\"thumbnails_count\":0,\"original_main_size\":3561,\"class\":\"RIO_Attachment_Extra_Data\"}', 1697654856),
(17, NULL, 2518, '', 'attachment', NULL, NULL, 'success', 'normal', 1, 778, 761, 'image/png', 'image/png', '{\"thumbnails_count\":0,\"original_main_size\":778,\"class\":\"RIO_Attachment_Extra_Data\"}', 1697654857),
(18, NULL, 3007, '', 'attachment', NULL, NULL, 'success', 'normal', 1, 96781, 95069, 'image/jpeg', 'image/jpeg', '{\"thumbnails_count\":2,\"original_main_size\":76001,\"class\":\"RIO_Attachment_Extra_Data\"}', 1697654860),
(19, NULL, 3009, '', 'attachment', NULL, NULL, 'success', 'normal', 1, 110518, 108807, 'image/jpeg', 'image/jpeg', '{\"thumbnails_count\":2,\"original_main_size\":91585,\"class\":\"RIO_Attachment_Extra_Data\"}', 1697654862),
(20, NULL, 3010, '', 'attachment', NULL, NULL, 'success', 'normal', 1, 123131, 122006, 'image/jpeg', 'image/jpeg', '{\"thumbnails_count\":2,\"original_main_size\":102632,\"class\":\"RIO_Attachment_Extra_Data\"}', 1697654865),
(21, NULL, 4193, '', 'attachment', NULL, NULL, 'success', 'normal', 1, 615726, 156175, 'image/png', 'image/png', '{\"thumbnails_count\":2,\"original_main_size\":479534,\"class\":\"RIO_Attachment_Extra_Data\"}', 1697654869),
(22, NULL, 4204, '', 'attachment', NULL, NULL, 'success', 'normal', 1, 62254, 22891, 'image/png', 'image/png', '{\"thumbnails_count\":1,\"original_main_size\":37520,\"class\":\"RIO_Attachment_Extra_Data\"}', 1697654871),
(23, NULL, 4208, '', 'attachment', NULL, NULL, 'success', 'normal', 1, 338116, 114287, 'image/jpeg', 'image/jpeg', '{\"thumbnails_count\":2,\"original_main_size\":320062,\"class\":\"RIO_Attachment_Extra_Data\"}', 1697654873),
(24, NULL, 4210, '', 'attachment', NULL, NULL, 'success', 'normal', 1, 301579, 99942, 'image/jpeg', 'image/jpeg', '{\"thumbnails_count\":2,\"original_main_size\":285467,\"class\":\"RIO_Attachment_Extra_Data\"}', 1697654876),
(25, NULL, 4211, '', 'attachment', NULL, NULL, 'success', 'normal', 1, 379899, 132553, 'image/jpeg', 'image/jpeg', '{\"thumbnails_count\":2,\"original_main_size\":354166,\"class\":\"RIO_Attachment_Extra_Data\"}', 1697654878),
(26, NULL, 4212, '', 'attachment', NULL, NULL, 'success', 'normal', 1, 209560, 69323, 'image/jpeg', 'image/jpeg', '{\"thumbnails_count\":2,\"original_main_size\":198977,\"class\":\"RIO_Attachment_Extra_Data\"}', 1697654880),
(27, NULL, 4213, '', 'attachment', NULL, NULL, 'success', 'normal', 1, 228014, 77287, 'image/jpeg', 'image/jpeg', '{\"thumbnails_count\":2,\"original_main_size\":218258,\"class\":\"RIO_Attachment_Extra_Data\"}', 1697654883),
(28, NULL, 4215, '', 'attachment', NULL, NULL, 'success', 'normal', 1, 251422, 97301, 'image/jpeg', 'image/jpeg', '{\"thumbnails_count\":2,\"original_main_size\":235135,\"class\":\"RIO_Attachment_Extra_Data\"}', 1697654886),
(29, NULL, 4216, '', 'attachment', NULL, NULL, 'success', 'normal', 1, 237168, 80296, 'image/jpeg', 'image/jpeg', '{\"thumbnails_count\":2,\"original_main_size\":224803,\"class\":\"RIO_Attachment_Extra_Data\"}', 1697654888),
(30, NULL, 4217, '', 'attachment', NULL, NULL, 'success', 'normal', 1, 296057, 92753, 'image/jpeg', 'image/jpeg', '{\"thumbnails_count\":2,\"original_main_size\":282023,\"class\":\"RIO_Attachment_Extra_Data\"}', 1697654890),
(31, NULL, 4218, '', 'attachment', NULL, NULL, 'success', 'normal', 1, 409414, 135910, 'image/jpeg', 'image/jpeg', '{\"thumbnails_count\":2,\"original_main_size\":390871,\"class\":\"RIO_Attachment_Extra_Data\"}', 1697654892),
(32, NULL, 4225, '', 'attachment', NULL, NULL, 'success', 'normal', 1, 279957, 104128, 'image/jpeg', 'image/jpeg', '{\"thumbnails_count\":2,\"original_main_size\":264009,\"class\":\"RIO_Attachment_Extra_Data\"}', 1697654895),
(33, NULL, 4226, '', 'attachment', NULL, NULL, 'success', 'normal', 1, 160432, 59832, 'image/jpeg', 'image/jpeg', '{\"thumbnails_count\":2,\"original_main_size\":151204,\"class\":\"RIO_Attachment_Extra_Data\"}', 1697654897),
(34, NULL, 4227, '', 'attachment', NULL, NULL, 'success', 'normal', 1, 143084, 57246, 'image/jpeg', 'image/jpeg', '{\"thumbnails_count\":2,\"original_main_size\":133425,\"class\":\"RIO_Attachment_Extra_Data\"}', 1697654899),
(35, NULL, 4256, '', 'attachment', NULL, NULL, 'success', 'normal', 1, 117395, 84587, 'image/png', 'image/png', '{\"thumbnails_count\":2,\"original_main_size\":102644,\"class\":\"RIO_Attachment_Extra_Data\"}', 1697654902),
(36, NULL, 4259, '', 'attachment', NULL, NULL, 'success', 'normal', 1, 80013, 76502, 'image/jpeg', 'image/jpeg', '{\"thumbnails_count\":2,\"original_main_size\":68330,\"class\":\"RIO_Attachment_Extra_Data\"}', 1697654904),
(37, NULL, 5336, '', 'attachment', NULL, NULL, 'success', 'normal', 1, 20898, 20045, 'image/jpeg', 'image/jpeg', '{\"thumbnails_count\":2,\"original_main_size\":11176,\"class\":\"RIO_Attachment_Extra_Data\"}', 1697654907),
(38, NULL, 5337, '', 'attachment', NULL, NULL, 'success', 'normal', 1, 15857, 14934, 'image/jpeg', 'image/jpeg', '{\"thumbnails_count\":2,\"original_main_size\":6933,\"class\":\"RIO_Attachment_Extra_Data\"}', 1697654909),
(39, NULL, 5338, '', 'attachment', NULL, NULL, 'success', 'normal', 1, 17349, 16762, 'image/jpeg', 'image/jpeg', '{\"thumbnails_count\":2,\"original_main_size\":8088,\"class\":\"RIO_Attachment_Extra_Data\"}', 1697654911),
(40, NULL, 5339, '', 'attachment', NULL, NULL, 'success', 'normal', 1, 4820, 2950, 'image/png', 'image/png', '{\"thumbnails_count\":1,\"original_main_size\":1580,\"class\":\"RIO_Attachment_Extra_Data\"}', 1697654913),
(41, NULL, 5340, '', 'attachment', NULL, NULL, 'success', 'normal', 1, 7781, 4792, 'image/png', 'image/png', '{\"thumbnails_count\":1,\"original_main_size\":2787,\"class\":\"RIO_Attachment_Extra_Data\"}', 1697654914),
(42, NULL, 5341, '', 'attachment', NULL, NULL, 'success', 'normal', 1, 548158, 280278, 'image/jpeg', 'image/jpeg', '{\"thumbnails_count\":2,\"original_main_size\":517395,\"class\":\"RIO_Attachment_Extra_Data\"}', 1697654917),
(43, NULL, 5342, '', 'attachment', NULL, NULL, 'success', 'normal', 1, 42390, 18446, 'image/png', 'image/png', '{\"thumbnails_count\":1,\"original_main_size\":8458,\"class\":\"RIO_Attachment_Extra_Data\"}', 1697654919),
(44, NULL, 5343, '', 'attachment', NULL, NULL, 'success', 'normal', 1, 51603, 50815, 'image/jpeg', 'image/jpeg', '{\"thumbnails_count\":2,\"original_main_size\":35243,\"class\":\"RIO_Attachment_Extra_Data\"}', 1697654921),
(45, NULL, 5344, '', 'attachment', NULL, NULL, 'success', 'normal', 1, 192606, 190285, 'image/jpeg', 'image/jpeg', '{\"thumbnails_count\":2,\"original_main_size\":158890,\"class\":\"RIO_Attachment_Extra_Data\"}', 1697654923),
(46, NULL, 5345, '', 'attachment', NULL, NULL, 'success', 'normal', 1, 34666, 19503, 'image/png', 'image/png', '{\"thumbnails_count\":2,\"original_main_size\":8815,\"class\":\"RIO_Attachment_Extra_Data\"}', 1697654925),
(47, NULL, 5346, '', 'attachment', NULL, NULL, 'success', 'normal', 1, 34163, 19472, 'image/png', 'image/png', '{\"thumbnails_count\":2,\"original_main_size\":8795,\"class\":\"RIO_Attachment_Extra_Data\"}', 1697654927),
(48, NULL, 5347, '', 'attachment', NULL, NULL, 'success', 'normal', 1, 949, 941, 'image/png', 'image/png', '{\"thumbnails_count\":0,\"original_main_size\":949,\"class\":\"RIO_Attachment_Extra_Data\"}', 1697654930),
(49, NULL, 5349, '', 'attachment', NULL, NULL, 'success', 'normal', 1, 6041, 4032, 'image/png', 'image/png', '{\"thumbnails_count\":1,\"original_main_size\":2176,\"class\":\"RIO_Attachment_Extra_Data\"}', 1697654931),
(50, NULL, 5350, '', 'attachment', NULL, NULL, 'success', 'normal', 1, 3303, 3303, 'image/png', 'image/png', '{\"thumbnails_count\":0,\"original_main_size\":3303,\"class\":\"RIO_Attachment_Extra_Data\"}', 1697654933),
(51, NULL, 5351, '', 'attachment', NULL, NULL, 'success', 'normal', 1, 3561, 3561, 'image/png', 'image/png', '{\"thumbnails_count\":0,\"original_main_size\":3561,\"class\":\"RIO_Attachment_Extra_Data\"}', 1697654934),
(52, NULL, 5352, '', 'attachment', NULL, NULL, 'success', 'normal', 1, 778, 761, 'image/png', 'image/png', '{\"thumbnails_count\":0,\"original_main_size\":778,\"class\":\"RIO_Attachment_Extra_Data\"}', 1697654937),
(53, NULL, 5353, '', 'attachment', NULL, NULL, 'success', 'normal', 1, 96781, 95069, 'image/jpeg', 'image/jpeg', '{\"thumbnails_count\":2,\"original_main_size\":76001,\"class\":\"RIO_Attachment_Extra_Data\"}', 1697654939),
(54, NULL, 5354, '', 'attachment', NULL, NULL, 'success', 'normal', 1, 110518, 108807, 'image/jpeg', 'image/jpeg', '{\"thumbnails_count\":2,\"original_main_size\":91585,\"class\":\"RIO_Attachment_Extra_Data\"}', 1697654941),
(55, NULL, 5355, '', 'attachment', NULL, NULL, 'success', 'normal', 1, 123131, 122006, 'image/jpeg', 'image/jpeg', '{\"thumbnails_count\":2,\"original_main_size\":102632,\"class\":\"RIO_Attachment_Extra_Data\"}', 1697654943),
(56, NULL, 5356, '', 'attachment', NULL, NULL, 'success', 'normal', 1, 615726, 156175, 'image/png', 'image/png', '{\"thumbnails_count\":2,\"original_main_size\":479534,\"class\":\"RIO_Attachment_Extra_Data\"}', 1697654946),
(57, NULL, 5357, '', 'attachment', NULL, NULL, 'success', 'normal', 1, 62254, 22891, 'image/png', 'image/png', '{\"thumbnails_count\":1,\"original_main_size\":37520,\"class\":\"RIO_Attachment_Extra_Data\"}', 1697654948),
(58, NULL, 5358, '', 'attachment', NULL, NULL, 'success', 'normal', 1, 338116, 114287, 'image/jpeg', 'image/jpeg', '{\"thumbnails_count\":2,\"original_main_size\":320062,\"class\":\"RIO_Attachment_Extra_Data\"}', 1697654950),
(59, NULL, 5359, '', 'attachment', NULL, NULL, 'success', 'normal', 1, 301579, 99942, 'image/jpeg', 'image/jpeg', '{\"thumbnails_count\":2,\"original_main_size\":285467,\"class\":\"RIO_Attachment_Extra_Data\"}', 1697654953),
(60, NULL, 5360, '', 'attachment', NULL, NULL, 'success', 'normal', 1, 379899, 132553, 'image/jpeg', 'image/jpeg', '{\"thumbnails_count\":2,\"original_main_size\":354166,\"class\":\"RIO_Attachment_Extra_Data\"}', 1697654955),
(61, NULL, 5361, '', 'attachment', NULL, NULL, 'success', 'normal', 1, 209560, 69323, 'image/jpeg', 'image/jpeg', '{\"thumbnails_count\":2,\"original_main_size\":198977,\"class\":\"RIO_Attachment_Extra_Data\"}', 1697654958),
(62, NULL, 5362, '', 'attachment', NULL, NULL, 'success', 'normal', 1, 228014, 77287, 'image/jpeg', 'image/jpeg', '{\"thumbnails_count\":2,\"original_main_size\":218258,\"class\":\"RIO_Attachment_Extra_Data\"}', 1697654961),
(63, NULL, 5363, '', 'attachment', NULL, NULL, 'success', 'normal', 1, 251422, 97301, 'image/jpeg', 'image/jpeg', '{\"thumbnails_count\":2,\"original_main_size\":235135,\"class\":\"RIO_Attachment_Extra_Data\"}', 1697654963),
(64, NULL, 5364, '', 'attachment', NULL, NULL, 'success', 'normal', 1, 237168, 80296, 'image/jpeg', 'image/jpeg', '{\"thumbnails_count\":2,\"original_main_size\":224803,\"class\":\"RIO_Attachment_Extra_Data\"}', 1697654965),
(65, NULL, 5365, '', 'attachment', NULL, NULL, 'success', 'normal', 1, 296057, 92753, 'image/jpeg', 'image/jpeg', '{\"thumbnails_count\":2,\"original_main_size\":282023,\"class\":\"RIO_Attachment_Extra_Data\"}', 1697654967),
(66, NULL, 5366, '', 'attachment', NULL, NULL, 'success', 'normal', 1, 409414, 135910, 'image/jpeg', 'image/jpeg', '{\"thumbnails_count\":2,\"original_main_size\":390871,\"class\":\"RIO_Attachment_Extra_Data\"}', 1697654970),
(67, NULL, 5367, '', 'attachment', NULL, NULL, 'success', 'normal', 1, 279957, 104128, 'image/jpeg', 'image/jpeg', '{\"thumbnails_count\":2,\"original_main_size\":264009,\"class\":\"RIO_Attachment_Extra_Data\"}', 1697654972),
(68, NULL, 5368, '', 'attachment', NULL, NULL, 'success', 'normal', 1, 160432, 59832, 'image/jpeg', 'image/jpeg', '{\"thumbnails_count\":2,\"original_main_size\":151204,\"class\":\"RIO_Attachment_Extra_Data\"}', 1697654974),
(69, NULL, 5369, '', 'attachment', NULL, NULL, 'success', 'normal', 1, 143084, 57246, 'image/jpeg', 'image/jpeg', '{\"thumbnails_count\":2,\"original_main_size\":133425,\"class\":\"RIO_Attachment_Extra_Data\"}', 1697654976),
(70, NULL, 5370, '', 'attachment', NULL, NULL, 'success', 'normal', 1, 117395, 84718, 'image/png', 'image/png', '{\"thumbnails_count\":2,\"original_main_size\":102644,\"class\":\"RIO_Attachment_Extra_Data\"}', 1697654978),
(71, NULL, 5371, '', 'attachment', NULL, NULL, 'success', 'normal', 1, 80013, 76502, 'image/jpeg', 'image/jpeg', '{\"thumbnails_count\":2,\"original_main_size\":68330,\"class\":\"RIO_Attachment_Extra_Data\"}', 1697654980),
(72, NULL, 5420, '', 'attachment', NULL, NULL, 'success', 'normal', 1, 20898, 20045, 'image/jpeg', 'image/jpeg', '{\"thumbnails_count\":2,\"original_main_size\":11176,\"class\":\"RIO_Attachment_Extra_Data\"}', 1697654982),
(73, NULL, 5421, '', 'attachment', NULL, NULL, 'success', 'normal', 1, 15857, 14934, 'image/jpeg', 'image/jpeg', '{\"thumbnails_count\":2,\"original_main_size\":6933,\"class\":\"RIO_Attachment_Extra_Data\"}', 1697654984),
(74, NULL, 5422, '', 'attachment', NULL, NULL, 'success', 'normal', 1, 17349, 16762, 'image/jpeg', 'image/jpeg', '{\"thumbnails_count\":2,\"original_main_size\":8088,\"class\":\"RIO_Attachment_Extra_Data\"}', 1697654986),
(75, NULL, 5423, '', 'attachment', NULL, NULL, 'success', 'normal', 1, 4820, 2950, 'image/png', 'image/png', '{\"thumbnails_count\":1,\"original_main_size\":1580,\"class\":\"RIO_Attachment_Extra_Data\"}', 1697654988),
(76, NULL, 5424, '', 'attachment', NULL, NULL, 'success', 'normal', 1, 7781, 4792, 'image/png', 'image/png', '{\"thumbnails_count\":1,\"original_main_size\":2787,\"class\":\"RIO_Attachment_Extra_Data\"}', 1697654990),
(77, NULL, 5425, '', 'attachment', NULL, NULL, 'success', 'normal', 1, 548158, 280278, 'image/jpeg', 'image/jpeg', '{\"thumbnails_count\":2,\"original_main_size\":517395,\"class\":\"RIO_Attachment_Extra_Data\"}', 1697654993),
(78, NULL, 5426, '', 'attachment', NULL, NULL, 'success', 'normal', 1, 42390, 18446, 'image/png', 'image/png', '{\"thumbnails_count\":1,\"original_main_size\":8458,\"class\":\"RIO_Attachment_Extra_Data\"}', 1697654995),
(79, NULL, 5427, '', 'attachment', NULL, NULL, 'success', 'normal', 1, 51603, 50815, 'image/jpeg', 'image/jpeg', '{\"thumbnails_count\":2,\"original_main_size\":35243,\"class\":\"RIO_Attachment_Extra_Data\"}', 1697654997),
(80, NULL, 5428, '', 'attachment', NULL, NULL, 'success', 'normal', 1, 192606, 190285, 'image/jpeg', 'image/jpeg', '{\"thumbnails_count\":2,\"original_main_size\":158890,\"class\":\"RIO_Attachment_Extra_Data\"}', 1697654999),
(81, NULL, 5429, '', 'attachment', NULL, NULL, 'success', 'normal', 1, 34666, 19503, 'image/png', 'image/png', '{\"thumbnails_count\":2,\"original_main_size\":8815,\"class\":\"RIO_Attachment_Extra_Data\"}', 1697655001),
(82, NULL, 5430, '', 'attachment', NULL, NULL, 'success', 'normal', 1, 34163, 19472, 'image/png', 'image/png', '{\"thumbnails_count\":2,\"original_main_size\":8795,\"class\":\"RIO_Attachment_Extra_Data\"}', 1697655003),
(83, NULL, 5431, '', 'attachment', NULL, NULL, 'success', 'normal', 1, 949, 941, 'image/png', 'image/png', '{\"thumbnails_count\":0,\"original_main_size\":949,\"class\":\"RIO_Attachment_Extra_Data\"}', 1697655005),
(84, NULL, 5433, '', 'attachment', NULL, NULL, 'success', 'normal', 1, 6041, 4032, 'image/png', 'image/png', '{\"thumbnails_count\":1,\"original_main_size\":2176,\"class\":\"RIO_Attachment_Extra_Data\"}', 1697655007),
(85, NULL, 5434, '', 'attachment', NULL, NULL, 'success', 'normal', 1, 3303, 3303, 'image/png', 'image/png', '{\"thumbnails_count\":0,\"original_main_size\":3303,\"class\":\"RIO_Attachment_Extra_Data\"}', 1697655008),
(86, NULL, 5435, '', 'attachment', NULL, NULL, 'success', 'normal', 1, 3561, 3561, 'image/png', 'image/png', '{\"thumbnails_count\":0,\"original_main_size\":3561,\"class\":\"RIO_Attachment_Extra_Data\"}', 1697655010),
(87, NULL, 5436, '', 'attachment', NULL, NULL, 'success', 'normal', 1, 778, 761, 'image/png', 'image/png', '{\"thumbnails_count\":0,\"original_main_size\":778,\"class\":\"RIO_Attachment_Extra_Data\"}', 1697655011),
(88, NULL, 5437, '', 'attachment', NULL, NULL, 'success', 'normal', 1, 96781, 95069, 'image/jpeg', 'image/jpeg', '{\"thumbnails_count\":2,\"original_main_size\":76001,\"class\":\"RIO_Attachment_Extra_Data\"}', 1697655013),
(89, NULL, 5438, '', 'attachment', NULL, NULL, 'success', 'normal', 1, 110518, 108807, 'image/jpeg', 'image/jpeg', '{\"thumbnails_count\":2,\"original_main_size\":91585,\"class\":\"RIO_Attachment_Extra_Data\"}', 1697655015),
(90, NULL, 5439, '', 'attachment', NULL, NULL, 'success', 'normal', 1, 123131, 122006, 'image/jpeg', 'image/jpeg', '{\"thumbnails_count\":2,\"original_main_size\":102632,\"class\":\"RIO_Attachment_Extra_Data\"}', 1697655018),
(91, NULL, 5440, '', 'attachment', NULL, NULL, 'success', 'normal', 1, 615726, 156175, 'image/png', 'image/png', '{\"thumbnails_count\":2,\"original_main_size\":479534,\"class\":\"RIO_Attachment_Extra_Data\"}', 1697655022),
(92, NULL, 5441, '', 'attachment', NULL, NULL, 'success', 'normal', 1, 62254, 22891, 'image/png', 'image/png', '{\"thumbnails_count\":1,\"original_main_size\":37520,\"class\":\"RIO_Attachment_Extra_Data\"}', 1697655024),
(93, NULL, 5442, '', 'attachment', NULL, NULL, 'success', 'normal', 1, 338116, 114287, 'image/jpeg', 'image/jpeg', '{\"thumbnails_count\":2,\"original_main_size\":320062,\"class\":\"RIO_Attachment_Extra_Data\"}', 1697655027),
(94, NULL, 5443, '', 'attachment', NULL, NULL, 'success', 'normal', 1, 301579, 99942, 'image/jpeg', 'image/jpeg', '{\"thumbnails_count\":2,\"original_main_size\":285467,\"class\":\"RIO_Attachment_Extra_Data\"}', 1697655030),
(95, NULL, 5444, '', 'attachment', NULL, NULL, 'success', 'normal', 1, 379899, 132553, 'image/jpeg', 'image/jpeg', '{\"thumbnails_count\":2,\"original_main_size\":354166,\"class\":\"RIO_Attachment_Extra_Data\"}', 1697655032),
(96, NULL, 5445, '', 'attachment', NULL, NULL, 'success', 'normal', 1, 209560, 69323, 'image/jpeg', 'image/jpeg', '{\"thumbnails_count\":2,\"original_main_size\":198977,\"class\":\"RIO_Attachment_Extra_Data\"}', 1697655034),
(97, NULL, 5446, '', 'attachment', NULL, NULL, 'success', 'normal', 1, 228014, 77287, 'image/jpeg', 'image/jpeg', '{\"thumbnails_count\":2,\"original_main_size\":218258,\"class\":\"RIO_Attachment_Extra_Data\"}', 1697655037),
(98, NULL, 5447, '', 'attachment', NULL, NULL, 'success', 'normal', 1, 251422, 97301, 'image/jpeg', 'image/jpeg', '{\"thumbnails_count\":2,\"original_main_size\":235135,\"class\":\"RIO_Attachment_Extra_Data\"}', 1697655039),
(99, NULL, 5448, '', 'attachment', NULL, NULL, 'success', 'normal', 1, 237168, 80296, 'image/jpeg', 'image/jpeg', '{\"thumbnails_count\":2,\"original_main_size\":224803,\"class\":\"RIO_Attachment_Extra_Data\"}', 1697655041),
(100, NULL, 5449, '', 'attachment', NULL, NULL, 'success', 'normal', 1, 296057, 92753, 'image/jpeg', 'image/jpeg', '{\"thumbnails_count\":2,\"original_main_size\":282023,\"class\":\"RIO_Attachment_Extra_Data\"}', 1697655043),
(101, NULL, 5450, '', 'attachment', NULL, NULL, 'success', 'normal', 1, 409414, 135910, 'image/jpeg', 'image/jpeg', '{\"thumbnails_count\":2,\"original_main_size\":390871,\"class\":\"RIO_Attachment_Extra_Data\"}', 1697655045),
(102, NULL, 5451, '', 'attachment', NULL, NULL, 'success', 'normal', 1, 279957, 104128, 'image/jpeg', 'image/jpeg', '{\"thumbnails_count\":2,\"original_main_size\":264009,\"class\":\"RIO_Attachment_Extra_Data\"}', 1697655048),
(103, NULL, 5452, '', 'attachment', NULL, NULL, 'success', 'normal', 1, 160432, 59832, 'image/jpeg', 'image/jpeg', '{\"thumbnails_count\":2,\"original_main_size\":151204,\"class\":\"RIO_Attachment_Extra_Data\"}', 1697655050),
(104, NULL, 5453, '', 'attachment', NULL, NULL, 'success', 'normal', 1, 143084, 57246, 'image/jpeg', 'image/jpeg', '{\"thumbnails_count\":2,\"original_main_size\":133425,\"class\":\"RIO_Attachment_Extra_Data\"}', 1697655053),
(105, NULL, 5454, '', 'attachment', NULL, NULL, 'success', 'normal', 1, 117395, 84587, 'image/png', 'image/png', '{\"thumbnails_count\":2,\"original_main_size\":102644,\"class\":\"RIO_Attachment_Extra_Data\"}', 1697655056),
(106, NULL, 5455, '', 'attachment', NULL, NULL, 'success', 'normal', 1, 80013, 76502, 'image/jpeg', 'image/jpeg', '{\"thumbnails_count\":2,\"original_main_size\":68330,\"class\":\"RIO_Attachment_Extra_Data\"}', 1697655059),
(107, NULL, 5522, '', 'attachment', NULL, NULL, 'success', 'normal', 1, 20898, 20045, 'image/jpeg', 'image/jpeg', '{\"thumbnails_count\":2,\"original_main_size\":11176,\"class\":\"RIO_Attachment_Extra_Data\"}', 1697655062),
(108, NULL, 5525, '', 'attachment', NULL, NULL, 'success', 'normal', 1, 15857, 14934, 'image/jpeg', 'image/jpeg', '{\"thumbnails_count\":2,\"original_main_size\":6933,\"class\":\"RIO_Attachment_Extra_Data\"}', 1697655063),
(109, NULL, 5530, '', 'attachment', NULL, NULL, 'success', 'normal', 1, 17349, 16762, 'image/jpeg', 'image/jpeg', '{\"thumbnails_count\":2,\"original_main_size\":8088,\"class\":\"RIO_Attachment_Extra_Data\"}', 1697655065),
(110, NULL, 5532, '', 'attachment', NULL, NULL, 'success', 'normal', 1, 4820, 2950, 'image/png', 'image/png', '{\"thumbnails_count\":1,\"original_main_size\":1580,\"class\":\"RIO_Attachment_Extra_Data\"}', 1697655067),
(111, NULL, 5534, '', 'attachment', NULL, NULL, 'success', 'normal', 1, 7781, 4792, 'image/png', 'image/png', '{\"thumbnails_count\":1,\"original_main_size\":2787,\"class\":\"RIO_Attachment_Extra_Data\"}', 1697655069),
(112, NULL, 5536, '', 'attachment', NULL, NULL, 'success', 'normal', 1, 548270, 280353, 'image/jpeg', 'image/jpeg', '{\"thumbnails_count\":2,\"original_main_size\":517395,\"class\":\"RIO_Attachment_Extra_Data\"}', 1697655072),
(113, NULL, 5539, '', 'attachment', NULL, NULL, 'success', 'normal', 1, 42390, 18446, 'image/png', 'image/png', '{\"thumbnails_count\":1,\"original_main_size\":8458,\"class\":\"RIO_Attachment_Extra_Data\"}', 1697655074),
(114, NULL, 5540, '', 'attachment', NULL, NULL, 'success', 'normal', 1, 51603, 50815, 'image/jpeg', 'image/jpeg', '{\"thumbnails_count\":2,\"original_main_size\":35243,\"class\":\"RIO_Attachment_Extra_Data\"}', 1697655077),
(115, NULL, 5541, '', 'attachment', NULL, NULL, 'success', 'normal', 1, 192606, 190285, 'image/jpeg', 'image/jpeg', '{\"thumbnails_count\":2,\"original_main_size\":158890,\"class\":\"RIO_Attachment_Extra_Data\"}', 1697655080),
(116, NULL, 5542, '', 'attachment', NULL, NULL, 'success', 'normal', 1, 34666, 19503, 'image/png', 'image/png', '{\"thumbnails_count\":2,\"original_main_size\":8815,\"class\":\"RIO_Attachment_Extra_Data\"}', 1697655081),
(117, NULL, 5543, '', 'attachment', NULL, NULL, 'success', 'normal', 1, 34163, 19472, 'image/png', 'image/png', '{\"thumbnails_count\":2,\"original_main_size\":8795,\"class\":\"RIO_Attachment_Extra_Data\"}', 1697655083),
(118, NULL, 5544, '', 'attachment', NULL, NULL, 'success', 'normal', 1, 949, 941, 'image/png', 'image/png', '{\"thumbnails_count\":0,\"original_main_size\":949,\"class\":\"RIO_Attachment_Extra_Data\"}', 1697655085),
(119, NULL, 5546, '', 'attachment', NULL, NULL, 'success', 'normal', 1, 6041, 4032, 'image/png', 'image/png', '{\"thumbnails_count\":1,\"original_main_size\":2176,\"class\":\"RIO_Attachment_Extra_Data\"}', 1697655086),
(120, NULL, 5547, '', 'attachment', NULL, NULL, 'success', 'normal', 1, 3303, 3303, 'image/png', 'image/png', '{\"thumbnails_count\":0,\"original_main_size\":3303,\"class\":\"RIO_Attachment_Extra_Data\"}', 1697655088),
(121, NULL, 5548, '', 'attachment', NULL, NULL, 'success', 'normal', 1, 3561, 3561, 'image/png', 'image/png', '{\"thumbnails_count\":0,\"original_main_size\":3561,\"class\":\"RIO_Attachment_Extra_Data\"}', 1697655089),
(122, NULL, 5549, '', 'attachment', NULL, NULL, 'success', 'normal', 1, 778, 761, 'image/png', 'image/png', '{\"thumbnails_count\":0,\"original_main_size\":778,\"class\":\"RIO_Attachment_Extra_Data\"}', 1697655091),
(123, NULL, 5550, '', 'attachment', NULL, NULL, 'success', 'normal', 1, 96781, 95069, 'image/jpeg', 'image/jpeg', '{\"thumbnails_count\":2,\"original_main_size\":76001,\"class\":\"RIO_Attachment_Extra_Data\"}', 1697655093),
(124, NULL, 5551, '', 'attachment', NULL, NULL, 'success', 'normal', 1, 110518, 108807, 'image/jpeg', 'image/jpeg', '{\"thumbnails_count\":2,\"original_main_size\":91585,\"class\":\"RIO_Attachment_Extra_Data\"}', 1697655095),
(125, NULL, 5552, '', 'attachment', NULL, NULL, 'success', 'normal', 1, 123131, 122006, 'image/jpeg', 'image/jpeg', '{\"thumbnails_count\":2,\"original_main_size\":102632,\"class\":\"RIO_Attachment_Extra_Data\"}', 1697655098),
(126, NULL, 5553, '', 'attachment', NULL, NULL, 'success', 'normal', 1, 615726, 156175, 'image/png', 'image/png', '{\"thumbnails_count\":2,\"original_main_size\":479534,\"class\":\"RIO_Attachment_Extra_Data\"}', 1697655102),
(127, NULL, 5554, '', 'attachment', NULL, NULL, 'success', 'normal', 1, 62254, 23027, 'image/png', 'image/png', '{\"thumbnails_count\":1,\"original_main_size\":37520,\"class\":\"RIO_Attachment_Extra_Data\"}', 1697655104),
(128, NULL, 5555, '', 'attachment', NULL, NULL, 'success', 'normal', 1, 338116, 114287, 'image/jpeg', 'image/jpeg', '{\"thumbnails_count\":2,\"original_main_size\":320062,\"class\":\"RIO_Attachment_Extra_Data\"}', 1697655106),
(129, NULL, 5556, '', 'attachment', NULL, NULL, 'success', 'normal', 1, 301579, 99942, 'image/jpeg', 'image/jpeg', '{\"thumbnails_count\":2,\"original_main_size\":285467,\"class\":\"RIO_Attachment_Extra_Data\"}', 1697655108),
(130, NULL, 5557, '', 'attachment', NULL, NULL, 'success', 'normal', 1, 379899, 132553, 'image/jpeg', 'image/jpeg', '{\"thumbnails_count\":2,\"original_main_size\":354166,\"class\":\"RIO_Attachment_Extra_Data\"}', 1697655110),
(131, NULL, 5558, '', 'attachment', NULL, NULL, 'success', 'normal', 1, 209560, 69323, 'image/jpeg', 'image/jpeg', '{\"thumbnails_count\":2,\"original_main_size\":198977,\"class\":\"RIO_Attachment_Extra_Data\"}', 1697655113),
(132, NULL, 5559, '', 'attachment', NULL, NULL, 'success', 'normal', 1, 228014, 77287, 'image/jpeg', 'image/jpeg', '{\"thumbnails_count\":2,\"original_main_size\":218258,\"class\":\"RIO_Attachment_Extra_Data\"}', 1697655115),
(133, NULL, 5560, '', 'attachment', NULL, NULL, 'success', 'normal', 1, 251422, 97301, 'image/jpeg', 'image/jpeg', '{\"thumbnails_count\":2,\"original_main_size\":235135,\"class\":\"RIO_Attachment_Extra_Data\"}', 1697655117),
(134, NULL, 5561, '', 'attachment', NULL, NULL, 'success', 'normal', 1, 237168, 80296, 'image/jpeg', 'image/jpeg', '{\"thumbnails_count\":2,\"original_main_size\":224803,\"class\":\"RIO_Attachment_Extra_Data\"}', 1697655119),
(135, NULL, 5562, '', 'attachment', NULL, NULL, 'success', 'normal', 1, 296057, 92753, 'image/jpeg', 'image/jpeg', '{\"thumbnails_count\":2,\"original_main_size\":282023,\"class\":\"RIO_Attachment_Extra_Data\"}', 1697655123),
(136, NULL, 5563, '', 'attachment', NULL, NULL, 'success', 'normal', 1, 409414, 135910, 'image/jpeg', 'image/jpeg', '{\"thumbnails_count\":2,\"original_main_size\":390871,\"class\":\"RIO_Attachment_Extra_Data\"}', 1697655126),
(137, NULL, 5564, '', 'attachment', NULL, NULL, 'success', 'normal', 1, 279957, 104128, 'image/jpeg', 'image/jpeg', '{\"thumbnails_count\":2,\"original_main_size\":264009,\"class\":\"RIO_Attachment_Extra_Data\"}', 1697655128),
(138, NULL, 5565, '', 'attachment', NULL, NULL, 'success', 'normal', 1, 160432, 59832, 'image/jpeg', 'image/jpeg', '{\"thumbnails_count\":2,\"original_main_size\":151204,\"class\":\"RIO_Attachment_Extra_Data\"}', 1697655130),
(139, NULL, 5566, '', 'attachment', NULL, NULL, 'success', 'normal', 1, 143084, 57246, 'image/jpeg', 'image/jpeg', '{\"thumbnails_count\":2,\"original_main_size\":133425,\"class\":\"RIO_Attachment_Extra_Data\"}', 1697655132),
(140, NULL, 5567, '', 'attachment', NULL, NULL, 'success', 'normal', 1, 117395, 84587, 'image/png', 'image/png', '{\"thumbnails_count\":2,\"original_main_size\":102644,\"class\":\"RIO_Attachment_Extra_Data\"}', 1697655135),
(141, NULL, 5568, '', 'attachment', NULL, NULL, 'success', 'normal', 1, 80013, 76502, 'image/jpeg', 'image/jpeg', '{\"thumbnails_count\":2,\"original_main_size\":68330,\"class\":\"RIO_Attachment_Extra_Data\"}', 1697655137),
(142, NULL, 5620, '', 'attachment', NULL, NULL, 'success', 'normal', 1, 318163, 148854, 'image/jpeg', 'image/jpeg', '{\"thumbnails_count\":2,\"original_main_size\":283156,\"class\":\"RIO_Attachment_Extra_Data\"}', 1697655139),
(143, NULL, 5622, '', 'attachment', NULL, NULL, 'success', 'normal', 1, 190265, 180671, 'image/jpeg', 'image/jpeg', '{\"thumbnails_count\":2,\"original_main_size\":119129,\"class\":\"RIO_Attachment_Extra_Data\"}', 1697655141),
(144, NULL, 5624, '', 'attachment', NULL, NULL, 'success', 'normal', 1, 712328, 219896, 'image/png', 'image/png', '{\"thumbnails_count\":2,\"original_main_size\":555923,\"class\":\"RIO_Attachment_Extra_Data\"}', 1697655145),
(145, NULL, 5625, '', 'attachment', NULL, NULL, 'success', 'normal', 1, 798940, 280699, 'image/png', 'image/png', '{\"thumbnails_count\":2,\"original_main_size\":636535,\"class\":\"RIO_Attachment_Extra_Data\"}', 1697655149),
(146, NULL, 5626, '', 'attachment', NULL, NULL, 'success', 'normal', 1, 669128, 204719, 'image/png', 'image/png', '{\"thumbnails_count\":2,\"original_main_size\":521372,\"class\":\"RIO_Attachment_Extra_Data\"}', 1697655153),
(147, NULL, 5655, '', 'attachment', NULL, NULL, 'success', 'normal', 1, 5324404, 1044097, 'image/png', 'image/png', '{\"thumbnails_count\":2,\"original_main_size\":5262367,\"class\":\"RIO_Attachment_Extra_Data\"}', 1697655167),
(148, NULL, 5656, '', 'attachment', NULL, NULL, 'success', 'normal', 1, 12148812, 729322, 'image/png', 'image/png', '{\"thumbnails_count\":2,\"original_main_size\":12067896,\"class\":\"RIO_Attachment_Extra_Data\"}', 1697655195),
(149, NULL, 5664, '', 'attachment', NULL, NULL, 'success', 'normal', 1, 363488, 297835, 'image/jpeg', 'image/jpeg', '{\"thumbnails_count\":2,\"original_main_size\":349074,\"class\":\"RIO_Attachment_Extra_Data\"}', 1697655198),
(150, NULL, 5666, '', 'attachment', NULL, NULL, 'success', 'normal', 1, 347018, 271266, 'image/png', 'image/png', '{\"thumbnails_count\":2,\"original_main_size\":228266,\"class\":\"RIO_Attachment_Extra_Data\"}', 1697655202),
(151, NULL, 5687, '', 'attachment', NULL, NULL, 'success', 'normal', 1, 79579, 46054, 'image/png', 'image/png', '{\"thumbnails_count\":2,\"original_main_size\":61245,\"class\":\"RIO_Attachment_Extra_Data\"}', 1697655205),
(152, NULL, 5690, '', 'attachment', NULL, NULL, 'success', 'normal', 1, 93921, 49181, 'image/png', 'image/png', '{\"thumbnails_count\":2,\"original_main_size\":70223,\"class\":\"RIO_Attachment_Extra_Data\"}', 1697655208),
(153, NULL, 5692, '', 'attachment', NULL, NULL, 'success', 'normal', 1, 17954, 14332, 'image/png', 'image/png', '{\"thumbnails_count\":2,\"original_main_size\":9955,\"class\":\"RIO_Attachment_Extra_Data\"}', 1697655210),
(154, NULL, 5757, '', 'attachment', NULL, NULL, 'success', 'normal', 1, 48330, 27715, 'image/png', 'image/png', '{\"thumbnails_count\":2,\"original_main_size\":10779,\"class\":\"RIO_Attachment_Extra_Data\"}', 1697655213),
(155, NULL, 5762, '', 'attachment', NULL, NULL, 'success', 'normal', 1, 197987, 66406, 'image/png', 'image/png', '{\"thumbnails_count\":2,\"original_main_size\":141091,\"class\":\"RIO_Attachment_Extra_Data\"}', 1697655216),
(156, NULL, 5835, '', 'attachment', NULL, NULL, 'success', 'normal', 1, 978473, 420002, 'image/png', 'image/png', '{\"thumbnails_count\":2,\"original_main_size\":905906,\"class\":\"RIO_Attachment_Extra_Data\"}', 1697655221),
(157, NULL, 5836, '', 'attachment', NULL, NULL, 'success', 'normal', 1, 858071, 511508, 'image/png', 'image/png', '{\"thumbnails_count\":2,\"original_main_size\":762259,\"class\":\"RIO_Attachment_Extra_Data\"}', 1697655225),
(158, NULL, 5838, '', 'attachment', NULL, NULL, 'success', 'normal', 1, 856086, 512478, 'image/png', 'image/png', '{\"thumbnails_count\":2,\"original_main_size\":766180,\"class\":\"RIO_Attachment_Extra_Data\"}', 1697655229),
(159, NULL, 5840, '', 'attachment', NULL, NULL, 'success', 'normal', 1, 854253, 504588, 'image/png', 'image/png', '{\"thumbnails_count\":2,\"original_main_size\":758455,\"class\":\"RIO_Attachment_Extra_Data\"}', 1697655233),
(160, NULL, 5842, '', 'attachment', NULL, NULL, 'success', 'normal', 1, 859645, 502365, 'image/png', 'image/png', '{\"thumbnails_count\":2,\"original_main_size\":762283,\"class\":\"RIO_Attachment_Extra_Data\"}', 1697655236),
(161, NULL, 5878, '', 'attachment', NULL, NULL, 'success', 'normal', 1, 26008, 26008, 'image/jpeg', 'image/jpeg', '{\"thumbnails_count\":2,\"original_main_size\":18260,\"class\":\"RIO_Attachment_Extra_Data\"}', 1697655239),
(162, NULL, 5918, '', 'attachment', NULL, NULL, 'success', 'normal', 1, 52558, 39938, 'image/jpeg', 'image/jpeg', '{\"thumbnails_count\":1,\"original_main_size\":30929,\"class\":\"RIO_Attachment_Extra_Data\"}', 1697655242),
(163, NULL, 5919, '', 'attachment', NULL, NULL, 'success', 'normal', 1, 413129, 407050, 'image/jpeg', 'image/jpeg', '{\"thumbnails_count\":2,\"original_main_size\":383101,\"class\":\"RIO_Attachment_Extra_Data\"}', 1697655245),
(164, NULL, 5920, '', 'attachment', NULL, NULL, 'success', 'normal', 1, 166043, 165968, 'image/jpeg', 'image/jpeg', '{\"thumbnails_count\":2,\"original_main_size\":146771,\"class\":\"RIO_Attachment_Extra_Data\"}', 1697655247),
(165, NULL, 5921, '', 'attachment', NULL, NULL, 'success', 'normal', 1, 194938, 192319, 'image/jpeg', 'image/jpeg', '{\"thumbnails_count\":2,\"original_main_size\":173708,\"class\":\"RIO_Attachment_Extra_Data\"}', 1697655250),
(166, NULL, 5922, '', 'attachment', NULL, NULL, 'success', 'normal', 1, 100831, 96846, 'image/jpeg', 'image/jpeg', '{\"thumbnails_count\":2,\"original_main_size\":87273,\"class\":\"RIO_Attachment_Extra_Data\"}', 1697655252),
(167, NULL, 5923, '', 'attachment', NULL, NULL, 'success', 'normal', 1, 243153, 238344, 'image/jpeg', 'image/jpeg', '{\"thumbnails_count\":2,\"original_main_size\":218223,\"class\":\"RIO_Attachment_Extra_Data\"}', 1697655254),
(168, NULL, 5924, '', 'attachment', NULL, NULL, 'success', 'normal', 1, 170896, 170202, 'image/jpeg', 'image/jpeg', '{\"thumbnails_count\":2,\"original_main_size\":139133,\"class\":\"RIO_Attachment_Extra_Data\"}', 1697655256),
(169, NULL, 5925, '', 'attachment', NULL, NULL, 'success', 'normal', 1, 103497, 102025, 'image/jpeg', 'image/jpeg', '{\"thumbnails_count\":2,\"original_main_size\":93679,\"class\":\"RIO_Attachment_Extra_Data\"}', 1697655258),
(170, NULL, 5926, '', 'attachment', NULL, NULL, 'success', 'normal', 1, 207477, 207383, 'image/jpeg', 'image/jpeg', '{\"thumbnails_count\":2,\"original_main_size\":193326,\"class\":\"RIO_Attachment_Extra_Data\"}', 1697655261),
(171, NULL, 5927, '', 'attachment', NULL, NULL, 'success', 'normal', 1, 295471, 293716, 'image/jpeg', 'image/jpeg', '{\"thumbnails_count\":2,\"original_main_size\":269260,\"class\":\"RIO_Attachment_Extra_Data\"}', 1697655263),
(172, NULL, 5928, '', 'attachment', NULL, NULL, 'success', 'normal', 1, 499402, 495518, 'image/jpeg', 'image/jpeg', '{\"thumbnails_count\":2,\"original_main_size\":467377,\"class\":\"RIO_Attachment_Extra_Data\"}', 1697655266),
(173, NULL, 5929, '', 'attachment', NULL, NULL, 'success', 'normal', 1, 356866, 321140, 'image/jpeg', 'image/jpeg', '{\"thumbnails_count\":2,\"original_main_size\":327575,\"class\":\"RIO_Attachment_Extra_Data\"}', 1697655268),
(174, NULL, 5930, '', 'attachment', NULL, NULL, 'success', 'normal', 1, 97746, 97365, 'image/jpeg', 'image/jpeg', '{\"thumbnails_count\":2,\"original_main_size\":77075,\"class\":\"RIO_Attachment_Extra_Data\"}', 1697655271),
(175, NULL, 5931, '', 'attachment', NULL, NULL, 'success', 'normal', 1, 219675, 216758, 'image/jpeg', 'image/jpeg', '{\"thumbnails_count\":2,\"original_main_size\":183184,\"class\":\"RIO_Attachment_Extra_Data\"}', 1697655274),
(176, NULL, 5932, '', 'attachment', NULL, NULL, 'success', 'normal', 1, 195591, 192190, 'image/jpeg', 'image/jpeg', '{\"thumbnails_count\":2,\"original_main_size\":160424,\"class\":\"RIO_Attachment_Extra_Data\"}', 1697655277),
(177, NULL, 5933, '', 'attachment', NULL, NULL, 'success', 'normal', 1, 90399, 88638, 'image/jpeg', 'image/jpeg', '{\"thumbnails_count\":2,\"original_main_size\":72298,\"class\":\"RIO_Attachment_Extra_Data\"}', 1697655280),
(178, NULL, 5934, '', 'attachment', NULL, NULL, 'success', 'normal', 1, 198233, 195881, 'image/jpeg', 'image/jpeg', '{\"thumbnails_count\":2,\"original_main_size\":165782,\"class\":\"RIO_Attachment_Extra_Data\"}', 1697655282),
(179, NULL, 5976, '', 'attachment', NULL, NULL, 'success', 'normal', 1, 85273, 35970, 'image/jpeg', 'image/jpeg', '{\"thumbnails_count\":1,\"original_main_size\":77711,\"class\":\"RIO_Attachment_Extra_Data\"}', 1697655284),
(180, NULL, 5978, '', 'attachment', NULL, NULL, 'success', 'normal', 1, 56034, 21282, 'image/jpeg', 'image/jpeg', '{\"thumbnails_count\":1,\"original_main_size\":51379,\"class\":\"RIO_Attachment_Extra_Data\"}', 1697655286),
(181, NULL, 5980, '', 'attachment', NULL, NULL, 'success', 'normal', 1, 71917, 53700, 'image/jpeg', 'image/jpeg', '{\"thumbnails_count\":1,\"original_main_size\":44360,\"class\":\"RIO_Attachment_Extra_Data\"}', 1697655288),
(182, NULL, 5981, '', 'attachment', NULL, NULL, 'success', 'normal', 1, 658910, 192329, 'image/jpeg', 'image/jpeg', '{\"thumbnails_count\":2,\"original_main_size\":644101,\"class\":\"RIO_Attachment_Extra_Data\"}', 1697655291),
(183, NULL, 5983, '', 'attachment', NULL, NULL, 'success', 'normal', 1, 40563, 16286, 'image/jpeg', 'image/jpeg', '{\"thumbnails_count\":1,\"original_main_size\":36326,\"class\":\"RIO_Attachment_Extra_Data\"}', 1697655293),
(184, NULL, 5984, '', 'attachment', NULL, NULL, 'success', 'normal', 1, 551155, 275241, 'image/jpeg', 'image/jpeg', '{\"thumbnails_count\":2,\"original_main_size\":450592,\"class\":\"RIO_Attachment_Extra_Data\"}', 1697655296),
(185, NULL, 5986, '', 'attachment', NULL, NULL, 'success', 'normal', 1, 71514, 29207, 'image/jpeg', 'image/jpeg', '{\"thumbnails_count\":1,\"original_main_size\":64891,\"class\":\"RIO_Attachment_Extra_Data\"}', 1697655299),
(186, NULL, 5987, '', 'attachment', NULL, NULL, 'success', 'normal', 1, 88261, 85889, 'image/jpeg', 'image/jpeg', '{\"thumbnails_count\":2,\"original_main_size\":74922,\"class\":\"RIO_Attachment_Extra_Data\"}', 1697655301),
(187, NULL, 5989, '', 'attachment', NULL, NULL, 'success', 'normal', 1, 71360, 30531, 'image/jpeg', 'image/jpeg', '{\"thumbnails_count\":1,\"original_main_size\":64525,\"class\":\"RIO_Attachment_Extra_Data\"}', 1697655303),
(188, NULL, 5991, '', 'attachment', NULL, NULL, 'success', 'normal', 1, 32361, 14390, 'image/jpeg', 'image/jpeg', '{\"thumbnails_count\":1,\"original_main_size\":28961,\"class\":\"RIO_Attachment_Extra_Data\"}', 1697655305),
(189, NULL, 5995, '', 'attachment', NULL, NULL, 'success', 'normal', 1, 481833, 188423, 'image/jpeg', 'image/jpeg', '{\"thumbnails_count\":2,\"original_main_size\":459909,\"class\":\"RIO_Attachment_Extra_Data\"}', 1697655308),
(190, NULL, 5997, '', 'attachment', NULL, NULL, 'success', 'normal', 1, 62570, 24027, 'image/jpeg', 'image/jpeg', '{\"thumbnails_count\":1,\"original_main_size\":56794,\"class\":\"RIO_Attachment_Extra_Data\"}', 1697655310),
(191, NULL, 6003, '', 'attachment', NULL, NULL, 'success', 'normal', 1, 54428, 21775, 'image/jpeg', 'image/jpeg', '{\"thumbnails_count\":1,\"original_main_size\":48984,\"class\":\"RIO_Attachment_Extra_Data\"}', 1697655312),
(192, NULL, 6005, '', 'attachment', NULL, NULL, 'success', 'normal', 1, 52554, 20907, 'image/jpeg', 'image/jpeg', '{\"thumbnails_count\":1,\"original_main_size\":47387,\"class\":\"RIO_Attachment_Extra_Data\"}', 1697655314),
(193, NULL, 6008, '', 'attachment', NULL, NULL, 'success', 'normal', 1, 53204, 20262, 'image/jpeg', 'image/jpeg', '{\"thumbnails_count\":1,\"original_main_size\":47946,\"class\":\"RIO_Attachment_Extra_Data\"}', 1697655315),
(194, NULL, 6010, '', 'attachment', NULL, NULL, 'success', 'normal', 1, 597954, 260511, 'image/jpeg', 'image/jpeg', '{\"thumbnails_count\":2,\"original_main_size\":576802,\"class\":\"RIO_Attachment_Extra_Data\"}', 1697655318),
(195, NULL, 6015, '', 'attachment', NULL, NULL, 'success', 'normal', 1, 36441, 12531, 'image/jpeg', 'image/jpeg', '{\"thumbnails_count\":1,\"original_main_size\":33292,\"class\":\"RIO_Attachment_Extra_Data\"}', 1697655320),
(196, NULL, 6017, '', 'attachment', NULL, NULL, 'success', 'normal', 1, 59126, 21958, 'image/jpeg', 'image/jpeg', '{\"thumbnails_count\":1,\"original_main_size\":53908,\"class\":\"RIO_Attachment_Extra_Data\"}', 1697655322),
(197, NULL, 6019, '', 'attachment', NULL, NULL, 'success', 'normal', 1, 59111, 21867, 'image/jpeg', 'image/jpeg', '{\"thumbnails_count\":1,\"original_main_size\":53871,\"class\":\"RIO_Attachment_Extra_Data\"}', 1697655324),
(198, NULL, 6021, '', 'attachment', NULL, NULL, 'success', 'normal', 1, 59159, 21898, 'image/jpeg', 'image/jpeg', '{\"thumbnails_count\":1,\"original_main_size\":53934,\"class\":\"RIO_Attachment_Extra_Data\"}', 1697655326),
(199, NULL, 6023, '', 'attachment', NULL, NULL, 'success', 'normal', 1, 59269, 21931, 'image/jpeg', 'image/jpeg', '{\"thumbnails_count\":1,\"original_main_size\":54022,\"class\":\"RIO_Attachment_Extra_Data\"}', 1697655328),
(200, NULL, 6025, '', 'attachment', NULL, NULL, 'success', 'normal', 1, 59198, 21906, 'image/jpeg', 'image/jpeg', '{\"thumbnails_count\":1,\"original_main_size\":53997,\"class\":\"RIO_Attachment_Extra_Data\"}', 1697655330),
(201, NULL, 6027, '', 'attachment', NULL, NULL, 'success', 'normal', 1, 68248, 28889, 'image/jpeg', 'image/jpeg', '{\"thumbnails_count\":1,\"original_main_size\":61421,\"class\":\"RIO_Attachment_Extra_Data\"}', 1697655331),
(202, NULL, 6029, '', 'attachment', NULL, NULL, 'success', 'normal', 1, 59159, 21898, 'image/jpeg', 'image/jpeg', '{\"thumbnails_count\":1,\"original_main_size\":53934,\"class\":\"RIO_Attachment_Extra_Data\"}', 1697655333),
(203, NULL, 6031, '', 'attachment', NULL, NULL, 'success', 'normal', 1, 62247, 26140, 'image/jpeg', 'image/jpeg', '{\"thumbnails_count\":1,\"original_main_size\":56075,\"class\":\"RIO_Attachment_Extra_Data\"}', 1697655335),
(204, NULL, 6033, '', 'attachment', NULL, NULL, 'success', 'normal', 1, 58200, 23867, 'image/jpeg', 'image/jpeg', '{\"thumbnails_count\":1,\"original_main_size\":52389,\"class\":\"RIO_Attachment_Extra_Data\"}', 1697655337),
(205, NULL, 6035, '', 'attachment', NULL, NULL, 'success', 'normal', 1, 58200, 23867, 'image/jpeg', 'image/jpeg', '{\"thumbnails_count\":1,\"original_main_size\":52389,\"class\":\"RIO_Attachment_Extra_Data\"}', 1697655338),
(206, NULL, 6037, '', 'attachment', NULL, NULL, 'success', 'normal', 1, 47211, 17014, 'image/jpeg', 'image/jpeg', '{\"thumbnails_count\":1,\"original_main_size\":43269,\"class\":\"RIO_Attachment_Extra_Data\"}', 1697655340),
(207, NULL, 6039, '', 'attachment', NULL, NULL, 'success', 'normal', 1, 51041, 22937, 'image/jpeg', 'image/jpeg', '{\"thumbnails_count\":1,\"original_main_size\":45381,\"class\":\"RIO_Attachment_Extra_Data\"}', 1697655342),
(208, NULL, 6041, '', 'attachment', NULL, NULL, 'success', 'normal', 1, 100343, 79990, 'image/jpeg', 'image/jpeg', '{\"thumbnails_count\":1,\"original_main_size\":63699,\"class\":\"RIO_Attachment_Extra_Data\"}', 1697655343);

-- --------------------------------------------------------

--
-- Table structure for table `wpqh_termmeta`
--

CREATE TABLE `wpqh_termmeta` (
  `meta_id` bigint(20) UNSIGNED NOT NULL,
  `term_id` bigint(20) UNSIGNED NOT NULL DEFAULT 0,
  `meta_key` varchar(255) DEFAULT NULL,
  `meta_value` longtext DEFAULT NULL
) ENGINE=InnoDB DEFAULT CHARSET=utf8mb4 COLLATE=utf8mb4_unicode_520_ci;

--
-- Dumping data for table `wpqh_termmeta`
--

INSERT INTO `wpqh_termmeta` (`meta_id`, `term_id`, `meta_key`, `meta_value`) VALUES
(5, 24, '_astra_sites_imported_term', '1'),
(6, 25, '_astra_sites_imported_term', '1'),
(7, 26, '_astra_sites_imported_term', '1'),
(8, 27, '_astra_sites_imported_term', '1'),
(9, 28, '_astra_sites_imported_term', '1'),
(10, 29, '_astra_sites_imported_term', '1'),
(13, 21, 'product_count_product_cat', '1'),
(16, 35, 'order', '6'),
(17, 35, 'product_count_product_cat', '0'),
(18, 36, 'order', '2'),
(19, 36, 'uap_referral_type', 'flat'),
(20, 36, 'uap_referral_value', ''),
(21, 36, 'display_type', ''),
(22, 36, 'thumbnail_id', '5620'),
(23, 37, 'order', '7'),
(24, 37, 'uap_referral_type', 'flat'),
(25, 37, 'uap_referral_value', ''),
(26, 37, 'display_type', ''),
(27, 37, 'thumbnail_id', '5934'),
(28, 38, 'order', '5'),
(29, 38, 'uap_referral_type', 'flat'),
(30, 38, 'uap_referral_value', ''),
(31, 38, 'display_type', ''),
(32, 38, 'thumbnail_id', '5835'),
(33, 35, 'display_type', 'products'),
(34, 35, 'thumbnail_id', '0'),
(35, 35, 'uap_referral_type', 'flat'),
(36, 35, 'uap_referral_value', ''),
(37, 39, 'order', '8'),
(38, 39, 'uap_referral_type', 'flat'),
(39, 39, 'uap_referral_value', ''),
(40, 39, 'display_type', ''),
(41, 39, 'thumbnail_id', '0'),
(42, 40, 'order', '4'),
(43, 40, 'uap_referral_type', 'flat'),
(44, 40, 'uap_referral_value', ''),
(45, 40, 'display_type', ''),
(46, 40, 'thumbnail_id', '0'),
(47, 41, 'order', '3'),
(48, 41, 'uap_referral_type', 'flat'),
(49, 41, 'uap_referral_value', ''),
(50, 41, 'display_type', ''),
(51, 41, 'thumbnail_id', '0'),
(52, 38, 'product_count_product_cat', '5'),
(53, 37, 'product_count_product_cat', '1'),
(54, 36, 'product_count_product_cat', '2'),
(55, 40, 'product_count_product_cat', '0'),
(56, 21, 'display_type', ''),
(57, 21, 'thumbnail_id', '5622'),
(58, 21, 'uap_referral_type', 'flat'),
(59, 21, 'uap_referral_value', ''),
(60, 21, 'order', '1');

-- --------------------------------------------------------

--
-- Table structure for table `wpqh_terms`
--

CREATE TABLE `wpqh_terms` (
  `term_id` bigint(20) UNSIGNED NOT NULL,
  `name` varchar(200) NOT NULL DEFAULT '',
  `slug` varchar(200) NOT NULL DEFAULT '',
  `term_group` bigint(10) NOT NULL DEFAULT 0
) ENGINE=InnoDB DEFAULT CHARSET=utf8mb4 COLLATE=utf8mb4_unicode_520_ci;

--
-- Dumping data for table `wpqh_terms`
--

INSERT INTO `wpqh_terms` (`term_id`, `name`, `slug`, `term_group`) VALUES
(1, 'Uncategorized', 'uncategorized', 0),
(2, 'Landing', 'landing', 0),
(3, 'Optin (Woo)', 'optin', 0),
(4, 'Checkout (Woo)', 'checkout', 0),
(5, 'Thank You (Woo)', 'thankyou', 0),
(6, 'Upsell (Woo)', 'upsell', 0),
(7, 'Downsell (Woo)', 'downsell', 0),
(8, 'simple', 'simple', 0),
(9, 'grouped', 'grouped', 0),
(10, 'variable', 'variable', 0),
(11, 'external', 'external', 0),
(12, 'exclude-from-search', 'exclude-from-search', 0),
(13, 'exclude-from-catalog', 'exclude-from-catalog', 0),
(14, 'featured', 'featured', 0),
(15, 'outofstock', 'outofstock', 0),
(16, 'rated-1', 'rated-1', 0),
(17, 'rated-2', 'rated-2', 0),
(18, 'rated-3', 'rated-3', 0),
(19, 'rated-4', 'rated-4', 0),
(20, 'rated-5', 'rated-5', 0),
(21, 'Uncategorized', 'uncategorized', 0),
(24, 'page', 'page', 0),
(25, 'section', 'section', 0),
(26, 'Main Menu', 'main-menu', 0),
(27, 'Quick Links', 'quick-links', 0),
(28, 'Secondary Menu', 'secondary-menu', 0),
(29, 'Site Links', 'site-links', 0),
(30, 'flow-5332', 'flow-5332', 0),
(31, 'flow-5416', 'flow-5416', 0),
(32, 'flow-5466', 'flow-5466', 0),
(33, 'astra', 'astra', 0),
(35, 'Koubek Token', 'koubek-token', 0),
(36, 'Courses', 'courses', 0),
(37, 'Franchise', 'franchise', 0),
(38, 'Crypto Project', 'crypto-project', 0),
(39, 'Digital Gurukul Franchise', 'digital-gurukul-franchise', 0),
(40, 'Diploma Program', 'diploma-programs', 0),
(41, 'AltMBA Program', 'altmba-program', 0);

-- --------------------------------------------------------

--
-- Table structure for table `wpqh_term_relationships`
--

CREATE TABLE `wpqh_term_relationships` (
  `object_id` bigint(20) UNSIGNED NOT NULL DEFAULT 0,
  `term_taxonomy_id` bigint(20) UNSIGNED NOT NULL DEFAULT 0,
  `term_order` int(11) NOT NULL DEFAULT 0
) ENGINE=InnoDB DEFAULT CHARSET=utf8mb4 COLLATE=utf8mb4_unicode_520_ci;

--
-- Dumping data for table `wpqh_term_relationships`
--

INSERT INTO `wpqh_term_relationships` (`object_id`, `term_taxonomy_id`, `term_order`) VALUES
(1, 1, 0),
(406, 26, 0),
(4063, 27, 0),
(4064, 27, 0),
(4065, 27, 0),
(4066, 27, 0),
(4068, 29, 0),
(4069, 29, 0),
(4070, 29, 0),
(4071, 29, 0),
(5015, 1, 0),
(5329, 28, 0),
(5333, 4, 0),
(5333, 30, 0),
(5334, 5, 0),
(5334, 30, 0),
(5383, 27, 0),
(5384, 27, 0),
(5385, 27, 0),
(5386, 27, 0),
(5387, 29, 0),
(5388, 29, 0),
(5389, 29, 0),
(5390, 29, 0),
(5415, 1, 0),
(5417, 4, 0),
(5417, 31, 0),
(5418, 5, 0),
(5418, 31, 0),
(5468, 4, 0),
(5468, 32, 0),
(5469, 27, 0),
(5470, 27, 0),
(5471, 27, 0),
(5472, 27, 0),
(5473, 29, 0),
(5474, 29, 0),
(5475, 29, 0),
(5476, 29, 0),
(5478, 5, 0),
(5478, 32, 0),
(5518, 1, 0),
(5580, 27, 0),
(5581, 27, 0),
(5582, 27, 0),
(5583, 27, 0),
(5584, 29, 0),
(5585, 29, 0),
(5586, 29, 0),
(5587, 29, 0),
(5589, 28, 0),
(5612, 1, 0),
(5619, 8, 0),
(5619, 36, 0),
(5621, 8, 0),
(5621, 36, 0),
(5623, 8, 0),
(5623, 38, 0),
(5643, 8, 0),
(5643, 21, 0),
(5644, 26, 0),
(5645, 26, 0),
(5663, 33, 0),
(5841, 8, 0),
(5841, 37, 0),
(5947, 8, 0),
(5947, 38, 0),
(5948, 8, 0),
(5948, 38, 0),
(5998, 8, 0),
(5998, 38, 0),
(5999, 8, 0),
(5999, 38, 0);

-- --------------------------------------------------------

--
-- Table structure for table `wpqh_term_taxonomy`
--

CREATE TABLE `wpqh_term_taxonomy` (
  `term_taxonomy_id` bigint(20) UNSIGNED NOT NULL,
  `term_id` bigint(20) UNSIGNED NOT NULL DEFAULT 0,
  `taxonomy` varchar(32) NOT NULL DEFAULT '',
  `description` longtext NOT NULL,
  `parent` bigint(20) UNSIGNED NOT NULL DEFAULT 0,
  `count` bigint(20) NOT NULL DEFAULT 0
) ENGINE=InnoDB DEFAULT CHARSET=utf8mb4 COLLATE=utf8mb4_unicode_520_ci;

--
-- Dumping data for table `wpqh_term_taxonomy`
--

INSERT INTO `wpqh_term_taxonomy` (`term_taxonomy_id`, `term_id`, `taxonomy`, `description`, `parent`, `count`) VALUES
(1, 1, 'category', '', 0, 5),
(2, 2, 'cartflows_step_type', '', 0, 0),
(3, 3, 'cartflows_step_type', '', 0, 0),
(4, 4, 'cartflows_step_type', '', 0, 3),
(5, 5, 'cartflows_step_type', '', 0, 3),
(6, 6, 'cartflows_step_type', '', 0, 0),
(7, 7, 'cartflows_step_type', '', 0, 0),
(8, 8, 'product_type', '', 0, 9),
(9, 9, 'product_type', '', 0, 0),
(10, 10, 'product_type', '', 0, 0),
(11, 11, 'product_type', '', 0, 0),
(12, 12, 'product_visibility', '', 0, 0),
(13, 13, 'product_visibility', '', 0, 0),
(14, 14, 'product_visibility', '', 0, 0),
(15, 15, 'product_visibility', '', 0, 0),
(16, 16, 'product_visibility', '', 0, 0),
(17, 17, 'product_visibility', '', 0, 0),
(18, 18, 'product_visibility', '', 0, 0),
(19, 19, 'product_visibility', '', 0, 0),
(20, 20, 'product_visibility', '', 0, 0),
(21, 21, 'product_cat', '', 0, 1),
(24, 24, 'elementor_library_type', '', 0, 0),
(25, 25, 'elementor_library_type', '', 0, 0),
(26, 26, 'nav_menu', '', 0, 3),
(27, 27, 'nav_menu', '', 0, 16),
(28, 28, 'nav_menu', '', 0, 2),
(29, 29, 'nav_menu', '', 0, 16),
(30, 30, 'cartflows_step_flow', '', 0, 2),
(31, 31, 'cartflows_step_flow', '', 0, 2),
(32, 32, 'cartflows_step_flow', '', 0, 2),
(33, 33, 'wp_theme', '', 0, 1),
(35, 35, 'product_cat', '', 38, 0),
(36, 36, 'product_cat', '', 0, 2),
(37, 37, 'product_cat', '', 0, 1),
(38, 38, 'product_cat', '', 0, 5),
(39, 39, 'product_cat', '', 37, 0),
(40, 40, 'product_cat', '', 36, 0),
(41, 41, 'product_cat', '', 36, 0);

-- --------------------------------------------------------

--
-- Table structure for table `wpqh_uap_affiliates`
--

CREATE TABLE `wpqh_uap_affiliates` (
  `id` int(11) NOT NULL,
  `uid` int(11) NOT NULL,
  `rank_id` int(11) NOT NULL,
  `start_data` timestamp NOT NULL DEFAULT current_timestamp(),
  `status` tinyint(1) DEFAULT 0
) ENGINE=MyISAM DEFAULT CHARSET=utf8mb3 COLLATE=utf8mb3_general_ci;

--
-- Dumping data for table `wpqh_uap_affiliates`
--

INSERT INTO `wpqh_uap_affiliates` (`id`, `uid`, `rank_id`, `start_data`, `status`) VALUES
(1, 2, 1, '2022-08-04 09:22:55', 1),
(2, 3, 1, '2022-08-04 09:25:36', 1),
(3, 4, 1, '2022-08-08 07:34:51', 1),
(4, 5, 1, '2022-08-08 07:42:33', 1),
(5, 6, 1, '2022-08-08 18:57:54', 1),
(6, 7, 1, '2022-08-08 21:55:30', 1),
(7, 8, 1, '2022-08-09 16:55:46', 1),
(8, 9, 1, '2022-08-09 21:46:52', 1),
(9, 10, 1, '2022-08-09 21:48:15', 1),
(10, 11, 4, '2022-08-09 21:48:20', 1),
(11, 12, 1, '2022-08-09 21:50:11', 1),
(12, 13, 1, '2022-08-09 21:51:28', 1),
(13, 14, 1, '2022-08-09 21:52:11', 1),
(14, 15, 1, '2022-08-09 21:52:12', 1),
(15, 16, 1, '2022-08-09 21:59:51', 1),
(16, 17, 1, '2022-08-09 22:01:17', 1),
(17, 18, 1, '2022-08-09 22:01:34', 1),
(18, 19, 1, '2022-08-09 22:01:43', 1),
(19, 20, 1, '2022-08-09 22:02:03', 1),
(20, 21, 1, '2022-08-09 22:03:19', 1),
(21, 22, 1, '2022-08-09 22:04:26', 1),
(22, 23, 1, '2022-08-09 22:05:04', 1),
(23, 24, 1, '2022-08-09 22:05:17', 1),
(24, 25, 1, '2022-08-09 22:06:46', 1),
(25, 26, 1, '2022-08-09 22:08:36', 1),
(26, 27, 1, '2022-08-09 22:08:55', 1),
(27, 28, 1, '2022-08-09 22:11:20', 1),
(28, 29, 1, '2022-08-09 22:14:24', 1),
(29, 30, 1, '2022-08-09 22:19:11', 1),
(30, 31, 1, '2022-08-09 22:19:48', 1),
(31, 32, 1, '2022-08-09 22:20:05', 1),
(32, 33, 1, '2022-08-09 22:20:54', 1),
(33, 34, 1, '2022-08-09 22:22:48', 1),
(34, 35, 1, '2022-08-09 22:39:18', 1),
(35, 36, 1, '2022-08-09 22:41:35', 1),
(36, 37, 1, '2022-08-09 22:44:40', 1),
(37, 38, 1, '2022-08-09 22:46:05', 1),
(38, 39, 1, '2022-08-09 22:52:19', 1),
(39, 40, 1, '2022-08-09 23:05:57', 1),
(40, 41, 1, '2022-08-09 23:08:22', 1),
(41, 42, 1, '2022-08-09 23:52:03', 1),
(42, 43, 1, '2022-08-10 06:47:39', 1),
(43, 44, 1, '2022-08-10 08:06:38', 1),
(44, 45, 1, '2022-08-10 08:25:40', 1),
(45, 46, 1, '2022-08-10 13:13:54', 1),
(46, 47, 1, '2022-08-10 16:48:00', 1),
(47, 48, 1, '2022-08-10 16:50:40', 1),
(48, 49, 1, '2022-08-10 16:53:12', 1),
(49, 50, 1, '2022-08-10 16:59:32', 1),
(50, 51, 1, '2022-08-10 17:01:50', 1),
(51, 52, 1, '2022-08-10 17:18:53', 1),
(52, 53, 1, '2022-08-10 18:43:59', 1),
(53, 54, 1, '2022-08-10 21:50:36', 1),
(54, 55, 1, '2022-08-10 21:51:08', 1),
(55, 56, 1, '2022-08-11 09:04:42', 1),
(56, 58, 1, '2022-08-11 18:42:18', 1),
(57, 59, 1, '2022-08-11 18:44:15', 1),
(58, 60, 1, '2022-08-11 18:49:16', 1),
(59, 61, 1, '2022-08-11 19:44:18', 1),
(60, 62, 1, '2022-08-11 19:46:37', 1),
(61, 63, 1, '2022-08-11 19:48:12', 1),
(62, 64, 1, '2022-08-11 19:49:41', 1),
(63, 65, 1, '2022-08-11 19:51:36', 1),
(64, 66, 1, '2022-08-11 19:56:55', 1),
(65, 67, 1, '2022-08-11 19:59:45', 1),
(66, 68, 1, '2022-08-11 20:01:15', 1),
(67, 69, 1, '2022-08-12 11:32:57', 1),
(68, 70, 1, '2022-08-12 11:40:48', 1),
(69, 71, 1, '2022-08-12 11:43:29', 1),
(70, 72, 1, '2022-08-12 11:45:07', 1),
(71, 73, 1, '2022-08-12 11:46:40', 1),
(72, 74, 1, '2022-08-12 11:48:32', 1),
(73, 75, 1, '2022-08-12 11:49:59', 1),
(74, 76, 1, '2022-08-12 14:12:53', 1),
(75, 77, 1, '2022-08-12 16:49:00', 1),
(76, 78, 1, '2022-08-12 16:53:02', 1),
(77, 79, 1, '2022-08-12 16:56:43', 1),
(78, 80, 1, '2022-08-12 17:00:31', 1),
(79, 81, 1, '2022-08-12 17:03:36', 1),
(80, 82, 1, '2022-08-12 17:06:11', 1),
(81, 83, 1, '2022-08-12 17:08:56', 1),
(82, 84, 1, '2022-08-12 17:11:53', 1),
(83, 85, 1, '2022-08-12 17:13:36', 1),
(84, 86, 1, '2022-08-12 17:17:24', 1),
(85, 87, 1, '2022-08-12 21:12:41', 1),
(86, 88, 1, '2022-08-12 21:14:23', 1),
(87, 89, 1, '2022-08-12 21:16:59', 1),
(88, 90, 1, '2022-08-12 21:18:19', 1),
(89, 91, 1, '2022-08-12 21:19:54', 1),
(90, 92, 1, '2022-08-12 21:21:24', 1),
(91, 93, 1, '2022-08-12 21:22:52', 1),
(92, 94, 1, '2022-08-12 21:24:20', 1),
(93, 95, 1, '2022-08-12 21:25:36', 1),
(94, 96, 1, '2022-08-12 21:26:57', 1),
(95, 97, 1, '2022-08-12 21:28:37', 1),
(96, 98, 1, '2022-08-12 21:38:08', 1),
(97, 99, 1, '2022-08-12 23:13:11', 1),
(98, 100, 1, '2022-08-12 23:15:07', 1),
(99, 101, 1, '2022-08-12 23:17:05', 1),
(100, 102, 1, '2022-08-12 23:19:16', 1),
(101, 103, 1, '2022-08-12 23:21:51', 1),
(102, 104, 1, '2022-08-12 23:34:38', 1),
(103, 105, 1, '2022-08-13 08:10:47', 1),
(104, 106, 1, '2022-08-13 08:12:50', 1),
(105, 107, 1, '2022-08-13 08:15:10', 1),
(106, 108, 1, '2022-08-13 08:20:12', 1),
(107, 109, 1, '2022-08-13 09:32:23', 1),
(108, 110, 1, '2022-08-13 11:04:15', 1),
(109, 111, 1, '2022-08-13 11:37:06', 1),
(110, 112, 1, '2022-08-13 11:48:22', 1),
(111, 113, 1, '2022-08-13 11:57:05', 1),
(112, 114, 1, '2022-08-13 12:02:14', 1),
(113, 115, 1, '2022-08-13 12:07:38', 1),
(114, 116, 1, '2022-08-13 12:09:20', 1),
(115, 117, 1, '2022-08-13 12:16:42', 1),
(116, 118, 1, '2022-08-13 12:19:27', 1),
(117, 119, 1, '2022-08-13 12:25:29', 1),
(118, 120, 1, '2022-08-13 12:29:33', 1),
(119, 121, 1, '2022-08-13 13:02:59', 1),
(120, 122, 1, '2022-08-13 16:12:30', 1),
(121, 123, 1, '2022-08-14 11:22:36', 1),
(122, 124, 1, '2022-08-14 12:08:20', 1),
(123, 125, 1, '2022-08-14 12:11:02', 1),
(124, 126, 1, '2022-08-14 12:18:12', 1),
(125, 127, 1, '2022-08-14 12:24:08', 1),
(126, 128, 1, '2022-08-14 20:58:34', 1),
(127, 129, 1, '2022-08-16 00:08:09', 1),
(128, 130, 1, '2022-08-17 08:56:55', 1),
(129, 131, 1, '2022-08-17 10:17:08', 1),
(130, 132, 1, '2022-08-17 15:03:39', 1),
(131, 133, 1, '2022-08-18 19:07:14', 1),
(132, 134, 1, '2022-08-18 19:47:40', 1),
(133, 135, 1, '2022-08-18 21:06:48', 1),
(134, 136, 1, '2022-08-19 13:14:47', 1),
(135, 137, 1, '2022-08-21 23:23:00', 1),
(136, 138, 1, '2022-08-28 14:31:26', 1),
(137, 139, 1, '2022-08-28 14:51:34', 1),
(138, 140, 1, '2022-08-30 10:28:31', 1),
(139, 141, 1, '2022-08-30 14:20:52', 1),
(140, 142, 1, '2022-09-03 16:40:30', 1),
(141, 143, 1, '2022-09-23 22:54:46', 1),
(142, 144, 1, '2022-09-24 08:33:29', 1),
(143, 145, 1, '2022-09-26 23:14:29', 1),
(144, 146, 1, '2022-09-27 12:34:05', 1),
(145, 147, 1, '2022-09-27 15:00:45', 1),
(146, 148, 1, '2022-09-27 15:13:00', 1),
(147, 149, 1, '2022-09-27 16:02:13', 1),
(148, 150, 1, '2022-10-22 22:09:41', 1),
(149, 151, 1, '2022-10-22 22:23:42', 1),
(150, 152, 1, '2023-01-21 19:32:42', 1);

-- --------------------------------------------------------

--
-- Table structure for table `wpqh_uap_affiliate_referral_users_relations`
--

CREATE TABLE `wpqh_uap_affiliate_referral_users_relations` (
  `id` int(11) NOT NULL,
  `affiliate_id` int(11) NOT NULL,
  `referral_wp_uid` int(11) DEFAULT NULL,
  `DATE` timestamp NOT NULL DEFAULT current_timestamp()
) ENGINE=MyISAM DEFAULT CHARSET=utf8mb3 COLLATE=utf8mb3_general_ci;

--
-- Dumping data for table `wpqh_uap_affiliate_referral_users_relations`
--

INSERT INTO `wpqh_uap_affiliate_referral_users_relations` (`id`, `affiliate_id`, `referral_wp_uid`, `DATE`) VALUES
(1, 12, 18, '2022-08-09 22:01:34'),
(2, 10, 19, '2022-08-09 22:01:43'),
(3, 10, 20, '2022-08-09 22:02:03'),
(4, 10, 23, '2022-08-09 22:05:04'),
(5, 10, 26, '2022-08-09 22:08:36'),
(6, 10, 27, '2022-08-09 22:08:55'),
(7, 10, 28, '2022-08-09 22:11:20'),
(8, 10, 29, '2022-08-09 22:14:24'),
(9, 26, 32, '2022-08-09 22:20:05'),
(10, 10, 33, '2022-08-09 22:20:54'),
(11, 10, 34, '2022-08-09 22:22:48'),
(12, 10, 35, '2022-08-09 22:39:18'),
(13, 10, 36, '2022-08-09 22:41:35'),
(14, 10, 37, '2022-08-09 22:44:40'),
(15, 10, 38, '2022-08-09 22:46:05'),
(16, 10, 39, '2022-08-09 22:52:19'),
(17, 10, 47, '2022-08-10 16:48:00'),
(18, 10, 48, '2022-08-10 16:50:40'),
(19, 10, 49, '2022-08-10 16:53:12'),
(20, 10, 50, '2022-08-10 16:59:32'),
(21, 10, 51, '2022-08-10 17:01:50'),
(22, 10, 55, '2022-08-10 21:51:07'),
(23, 10, 56, '2022-08-11 09:04:42'),
(24, 10, 58, '2022-08-11 18:42:18'),
(25, 10, 59, '2022-08-11 18:44:15'),
(26, 10, 60, '2022-08-11 18:49:16'),
(27, 10, 61, '2022-08-11 19:44:18'),
(28, 10, 62, '2022-08-11 19:46:37'),
(29, 10, 63, '2022-08-11 19:48:12'),
(30, 10, 64, '2022-08-11 19:49:41'),
(31, 10, 65, '2022-08-11 19:51:36'),
(32, 10, 66, '2022-08-11 19:56:55'),
(33, 10, 67, '2022-08-11 19:59:45'),
(34, 10, 68, '2022-08-11 20:01:15'),
(35, 10, 69, '2022-08-12 11:32:57'),
(36, 10, 70, '2022-08-12 11:40:48'),
(37, 10, 71, '2022-08-12 11:43:29'),
(38, 10, 72, '2022-08-12 11:45:07'),
(39, 10, 73, '2022-08-12 11:46:40'),
(40, 10, 74, '2022-08-12 11:48:32'),
(41, 10, 75, '2022-08-12 11:49:59'),
(42, 10, 76, '2022-08-12 14:12:53'),
(43, 10, 77, '2022-08-12 16:49:00'),
(44, 10, 78, '2022-08-12 16:53:02'),
(45, 10, 79, '2022-08-12 16:56:43'),
(46, 10, 80, '2022-08-12 17:00:31'),
(47, 10, 81, '2022-08-12 17:03:36'),
(48, 10, 82, '2022-08-12 17:06:11'),
(49, 10, 83, '2022-08-12 17:08:56'),
(50, 10, 84, '2022-08-12 17:11:53'),
(51, 10, 85, '2022-08-12 17:13:36'),
(52, 10, 86, '2022-08-12 17:17:24'),
(53, 10, 87, '2022-08-12 21:12:41'),
(54, 10, 88, '2022-08-12 21:14:23'),
(55, 10, 89, '2022-08-12 21:16:59'),
(56, 10, 90, '2022-08-12 21:18:19'),
(57, 10, 91, '2022-08-12 21:19:54'),
(58, 10, 92, '2022-08-12 21:21:24'),
(59, 10, 93, '2022-08-12 21:22:52'),
(60, 10, 94, '2022-08-12 21:24:20'),
(61, 10, 95, '2022-08-12 21:25:36'),
(62, 10, 96, '2022-08-12 21:26:57'),
(63, 10, 97, '2022-08-12 21:28:37'),
(64, 10, 98, '2022-08-12 21:38:08'),
(65, 10, 99, '2022-08-12 23:13:11'),
(66, 10, 100, '2022-08-12 23:15:07'),
(67, 10, 101, '2022-08-12 23:17:05'),
(68, 10, 102, '2022-08-12 23:19:16'),
(69, 10, 103, '2022-08-12 23:21:51'),
(70, 10, 105, '2022-08-13 08:10:47'),
(71, 10, 106, '2022-08-13 08:12:50'),
(72, 10, 107, '2022-08-13 08:15:10'),
(73, 10, 108, '2022-08-13 08:20:12'),
(74, 10, 112, '2022-08-13 11:48:22'),
(75, 10, 113, '2022-08-13 11:57:05'),
(76, 10, 114, '2022-08-13 12:02:14'),
(77, 10, 115, '2022-08-13 12:07:38'),
(78, 10, 117, '2022-08-13 12:16:42'),
(79, 10, 118, '2022-08-13 12:19:27'),
(80, 10, 119, '2022-08-13 12:25:29'),
(81, 10, 120, '2022-08-13 12:29:33'),
(82, 107, 121, '2022-08-13 13:02:59'),
(83, 10, 124, '2022-08-14 12:08:20'),
(84, 10, 125, '2022-08-14 12:11:02'),
(85, 10, 126, '2022-08-14 12:18:12'),
(86, 10, 127, '2022-08-14 12:24:08'),
(87, 131, 134, '2022-08-18 19:47:40'),
(88, 131, 135, '2022-08-18 21:06:48'),
(89, 6, 138, '2022-08-28 14:31:26'),
(90, 6, 139, '2022-08-28 14:51:34'),
(91, 6, 140, '2022-08-30 10:28:31'),
(92, 6, 141, '2022-08-30 14:20:52'),
(93, 143, 146, '2022-09-27 12:34:05'),
(94, 144, 147, '2022-09-27 15:00:45'),
(95, 145, 148, '2022-09-27 15:13:00'),
(96, 144, 149, '2022-09-27 16:02:13'),
(97, 148, 151, '2022-10-22 22:23:42');

-- --------------------------------------------------------

--
-- Table structure for table `wpqh_uap_banners`
--

CREATE TABLE `wpqh_uap_banners` (
  `id` int(11) NOT NULL,
  `name` varchar(200) DEFAULT NULL,
  `description` text DEFAULT NULL,
  `url` varchar(200) DEFAULT NULL,
  `image` varchar(200) DEFAULT NULL,
  `status` tinyint(1) DEFAULT 0,
  `DATE` timestamp NOT NULL DEFAULT current_timestamp()
) ENGINE=MyISAM DEFAULT CHARSET=utf8mb3 COLLATE=utf8mb3_general_ci;

--
-- Dumping data for table `wpqh_uap_banners`
--

INSERT INTO `wpqh_uap_banners` (`id`, `name`, `description`, `url`, `image`, `status`, `DATE`) VALUES
(10, 'Untitled Banner', 'Building Awesome Marketing Tool', 'https://shop.digitalgurukul.in', 'https://shop.digitalgurukul.in/wp-content/uploads/2022/08/466ec873-067c-452d-979a-003f6fa69db7.jpg', 1, '2022-08-08 11:31:55'),
(9, 'Untitled Banner', 'Building Awesome Marketing Tool', 'https://shop.digitalgurukul.in', 'https://shop.digitalgurukul.in/wp-content/uploads/2022/08/WhatsApp-Image-2022-06-04-at-12.00.35-PM.jpeg', 1, '2022-08-08 11:18:34'),
(8, 'Untitled Banner', 'Building Awesome Marketing Tool', 'https://shop.digitalgurukul.in', 'https://shop.digitalgurukul.in/wp-content/uploads/2022/08/WhatsApp-Image-2022-08-02-at-6.37.55-PM.jpeg', 1, '2022-08-08 11:18:21'),
(7, 'Untitled Banner', 'Building Awesome Marketing Tool', 'https://shop.digitalgurukul.in', 'https://shop.digitalgurukul.in/wp-content/uploads/2022/08/WhatsApp-Image-2022-08-02-at-6.38.23-PM.jpeg', 1, '2022-08-08 11:18:05'),
(6, 'Untitled Banner', 'Building Awesome Marketing Tool', 'https://shop.digitalgurukul.in', 'https://shop.digitalgurukul.in/wp-content/uploads/2022/08/soha-digital-gurukul-new-1024x512-1.png', 1, '2022-08-06 04:25:45'),
(11, 'Untitled Banner', 'Building Awesome Marketing Tool', 'https://shop.digitalgurukul.in', 'https://shop.digitalgurukul.in/wp-content/uploads/2022/08/329a4f61-f0e6-4e86-b391-548d3182dd72.jpg', 1, '2022-08-08 11:32:05'),
(12, 'Untitled Banner', 'Building Awesome Marketing Tool', 'https://shop.digitalgurukul.in', 'https://shop.digitalgurukul.in/wp-content/uploads/2022/08/59f37c4f-5534-41e4-b0a2-717740475e08.jpg', 1, '2022-08-08 11:32:18'),
(13, 'Untitled Banner', 'Building Awesome Marketing Tool', 'https://shop.digitalgurukul.in', 'https://shop.digitalgurukul.in/wp-content/uploads/2022/08/22fea3bd-88f3-40a2-bd6b-024cfe8f7859.jpg', 1, '2022-08-08 11:32:29'),
(14, 'Untitled Banner', 'Building Awesome Marketing Tool', 'https://shop.digitalgurukul.in', 'https://shop.digitalgurukul.in/wp-content/uploads/2022/08/69603d31-5619-435d-bf41-987e55caaf21.jpg', 1, '2022-08-08 11:33:15'),
(15, 'Untitled Banner', 'Building Awesome Marketing Tool', 'https://shop.digitalgurukul.in', 'https://shop.digitalgurukul.in/wp-content/uploads/2022/08/b71c43bb-b7dc-4a1b-9c50-fa96905ebf67.jpg', 1, '2022-08-08 11:33:26'),
(16, 'Untitled Banner', 'Building Awesome Marketing Tool', 'https://shop.digitalgurukul.in', 'https://shop.digitalgurukul.in/wp-content/uploads/2022/08/d03f315a-5b5b-4322-8250-5f43be87690a.jpg', 1, '2022-08-08 11:33:36'),
(17, 'Untitled Banner', 'Building Awesome Marketing Tool', 'https://shop.digitalgurukul.in', 'https://shop.digitalgurukul.in/wp-content/uploads/2022/08/e86de80e-517d-4182-b45e-0e99c38b6dae.jpg', 1, '2022-08-08 11:34:16'),
(18, 'Untitled Banner', 'Building Awesome Marketing Tool', 'https://shop.digitalgurukul.in', 'https://shop.digitalgurukul.in/wp-content/uploads/2022/08/f234f488-7126-4eec-9405-78c842f88caa.jpg', 1, '2022-08-08 11:34:39'),
(19, 'Untitled Banner', 'Building Awesome Marketing Tool', 'https://shop.digitalgurukul.in', 'https://shop.digitalgurukul.in/wp-content/uploads/2022/08/fd4df874-1b6b-42ec-b045-d5b0eed8ee09.jpg', 1, '2022-08-08 11:34:54');

-- --------------------------------------------------------

--
-- Table structure for table `wpqh_uap_campaigns`
--

CREATE TABLE `wpqh_uap_campaigns` (
  `id` int(11) NOT NULL,
  `name` varchar(100) NOT NULL,
  `affiliate_id` int(11) NOT NULL DEFAULT 0,
  `referrals` int(11) DEFAULT 0,
  `visit_count` int(11) DEFAULT 0,
  `unique_visits_count` int(11) DEFAULT 0
) ENGINE=MyISAM DEFAULT CHARSET=utf8mb3 COLLATE=utf8mb3_general_ci;

-- --------------------------------------------------------

--
-- Table structure for table `wpqh_uap_coupons_code_affiliates`
--

CREATE TABLE `wpqh_uap_coupons_code_affiliates` (
  `id` int(11) NOT NULL,
  `code` varchar(200) NOT NULL,
  `affiliate_id` int(11) NOT NULL,
  `type` varchar(200) DEFAULT NULL,
  `settings` text DEFAULT NULL,
  `status` tinyint(1) DEFAULT 1
) ENGINE=MyISAM DEFAULT CHARSET=utf8mb3 COLLATE=utf8mb3_general_ci;

-- --------------------------------------------------------

--
-- Table structure for table `wpqh_uap_cpm`
--

CREATE TABLE `wpqh_uap_cpm` (
  `id` int(11) NOT NULL,
  `affiliate_id` int(11) NOT NULL,
  `count_number` int(11) NOT NULL,
  `update_time` timestamp NOT NULL DEFAULT current_timestamp()
) ENGINE=MyISAM DEFAULT CHARSET=utf8mb3 COLLATE=utf8mb3_general_ci;

-- --------------------------------------------------------

--
-- Table structure for table `wpqh_uap_dashboard_notifications`
--

CREATE TABLE `wpqh_uap_dashboard_notifications` (
  `type` varchar(40) NOT NULL,
  `value` int(11) DEFAULT 0
) ENGINE=MyISAM DEFAULT CHARSET=utf8mb3 COLLATE=utf8mb3_general_ci;

--
-- Dumping data for table `wpqh_uap_dashboard_notifications`
--

INSERT INTO `wpqh_uap_dashboard_notifications` (`type`, `value`) VALUES
('affiliates', 11),
('referrals', 26);

-- --------------------------------------------------------

--
-- Table structure for table `wpqh_uap_generated_affiliate_links`
--

CREATE TABLE `wpqh_uap_generated_affiliate_links` (
  `id` int(11) NOT NULL,
  `aid` int(11) NOT NULL,
  `base_url` varchar(400) NOT NULL,
  `affiliate_url` varchar(400) NOT NULL,
  `campaign` varchar(400) DEFAULT NULL,
  `create_date` int(11) DEFAULT NULL
) ENGINE=MyISAM DEFAULT CHARSET=utf8mb3 COLLATE=utf8mb3_general_ci;

--
-- Dumping data for table `wpqh_uap_generated_affiliate_links`
--

INSERT INTO `wpqh_uap_generated_affiliate_links` (`id`, `aid`, `base_url`, `affiliate_url`, `campaign`, `create_date`) VALUES
(1, 6, 'https://shop.digitalgurukul.in/?ref=6', 'https://shop.digitalgurukul.in/ref/6', '', 1660392991),
(2, 6, 'https://shop.digitalgurukul.in/?ref=6', 'https://shop.digitalgurukul.in/?ref=6', '', 1660393011),
(3, 134, 'https://shop.digitalgurukul.in/product/koubek-token-starter-package/', 'https://shop.digitalgurukul.in/product/koubek-token-starter-package/ref/134', '', 1661689428),
(4, 134, 'https://shop.digitalgurukul.in/product/koubek-token-starter-package/', 'https://shop.digitalgurukul.in/product/koubek-token-starter-package/?ref=134', '', 1661689430);

-- --------------------------------------------------------

--
-- Table structure for table `wpqh_uap_landing_commissions`
--

CREATE TABLE `wpqh_uap_landing_commissions` (
  `id` int(11) NOT NULL,
  `slug` varchar(200) NOT NULL,
  `settings` text DEFAULT NULL,
  `create_date` timestamp NOT NULL DEFAULT current_timestamp(),
  `status` tinyint(1) DEFAULT 1
) ENGINE=MyISAM DEFAULT CHARSET=utf8mb3 COLLATE=utf8mb3_general_ci;

-- --------------------------------------------------------

--
-- Table structure for table `wpqh_uap_mlm_relations`
--

CREATE TABLE `wpqh_uap_mlm_relations` (
  `id` int(11) NOT NULL,
  `affiliate_id` int(11) NOT NULL,
  `parent_affiliate_id` int(11) NOT NULL
) ENGINE=MyISAM DEFAULT CHARSET=utf8mb3 COLLATE=utf8mb3_general_ci;

--
-- Dumping data for table `wpqh_uap_mlm_relations`
--

INSERT INTO `wpqh_uap_mlm_relations` (`id`, `affiliate_id`, `parent_affiliate_id`) VALUES
(1, 138, 6),
(2, 139, 6),
(3, 144, 143),
(4, 145, 144),
(5, 146, 145),
(6, 147, 144),
(7, 149, 148);

-- --------------------------------------------------------

--
-- Table structure for table `wpqh_uap_notifications`
--

CREATE TABLE `wpqh_uap_notifications` (
  `id` int(11) NOT NULL,
  `type` varchar(200) DEFAULT NULL,
  `rank_id` int(11) DEFAULT NULL,
  `subject` varchar(200) DEFAULT NULL,
  `message` text DEFAULT NULL,
  `pushover_message` text DEFAULT NULL,
  `pushover_status` tinyint(1) NOT NULL DEFAULT 0,
  `status` tinyint(1) DEFAULT 0
) ENGINE=MyISAM DEFAULT CHARSET=utf8mb3 COLLATE=utf8mb3_general_ci;



-- --------------------------------------------------------

--
-- Table structure for table `wpqh_uap_offers`
--

CREATE TABLE `wpqh_uap_offers` (
  `id` int(11) NOT NULL,
  `name` varchar(200) NOT NULL,
  `start_date` timestamp NOT NULL DEFAULT current_timestamp(),
  `end_date` timestamp NOT NULL DEFAULT '0000-00-00 00:00:00',
  `amount_type` varchar(200) DEFAULT NULL,
  `amount_value` decimal(12,2) DEFAULT 0.00,
  `settings` text DEFAULT NULL,
  `status` tinyint(1) DEFAULT 0
) ENGINE=MyISAM DEFAULT CHARSET=utf8mb3 COLLATE=utf8mb3_general_ci;

-- --------------------------------------------------------

--
-- Table structure for table `wpqh_uap_offers_affiliates_reference`
--

CREATE TABLE `wpqh_uap_offers_affiliates_reference` (
  `id` int(11) NOT NULL,
  `offer_id` int(11) NOT NULL,
  `affiliate_id` int(11) DEFAULT NULL,
  `source` varchar(200) DEFAULT NULL,
  `products` text DEFAULT NULL
) ENGINE=MyISAM DEFAULT CHARSET=utf8mb3 COLLATE=utf8mb3_general_ci;

-- --------------------------------------------------------

--
-- Table structure for table `wpqh_uap_payments`
--

CREATE TABLE `wpqh_uap_payments` (
  `id` int(11) NOT NULL,
  `payment_type` varchar(20) DEFAULT NULL,
  `transaction_id` varchar(50) DEFAULT NULL,
  `referral_ids` text DEFAULT NULL,
  `affiliate_id` int(11) NOT NULL DEFAULT 0,
  `amount` decimal(12,2) DEFAULT 0.00,
  `currency` varchar(20) DEFAULT NULL,
  `payment_details` text DEFAULT NULL,
  `create_date` timestamp NOT NULL DEFAULT current_timestamp(),
  `update_date` timestamp NOT NULL DEFAULT '0000-00-00 00:00:00',
  `payment_special_status` varchar(200) DEFAULT NULL,
  `status` tinyint(1) DEFAULT 0
) ENGINE=MyISAM DEFAULT CHARSET=utf8mb3 COLLATE=utf8mb3_general_ci;

--
-- Dumping data for table `wpqh_uap_payments`
--

INSERT INTO `wpqh_uap_payments` (`id`, `payment_type`, `transaction_id`, `referral_ids`, `affiliate_id`, `amount`, `currency`, `payment_details`, `create_date`, `update_date`, `payment_special_status`, `status`) VALUES
(1, 'bank_transfer', '-', '1', 2, 9.00, 'INR', 'a:1:{s:32:\"uap_affiliate_bank_transfer_data\";a:2:{s:5:\"label\";s:22:\"Direct Deposit Details\";s:5:\"value\";s:132:\"Account Holder: KAUSTUBH JOSHI Account Number: 50100533221273 IFSC: HDFC0007169 Branch: BHANWARKUA Account Type: SAVING MMID:9240925\";}}', '2022-08-06 04:30:34', '2022-08-06 04:30:34', '', 2);

-- --------------------------------------------------------

--
-- Table structure for table `wpqh_uap_ranks`
--

CREATE TABLE `wpqh_uap_ranks` (
  `id` int(11) NOT NULL,
  `slug` varchar(200) DEFAULT NULL,
  `label` varchar(200) DEFAULT NULL,
  `amount_type` varchar(200) DEFAULT NULL,
  `amount_value` decimal(12,2) DEFAULT 0.00,
  `bonus` decimal(12,2) DEFAULT NULL,
  `pay_per_click` decimal(12,2) DEFAULT NULL,
  `cpm_commission` decimal(12,2) DEFAULT NULL,
  `sign_up_amount_value` decimal(12,2) DEFAULT -1.00,
  `lifetime_amount_type` varchar(200) DEFAULT NULL,
  `lifetime_amount_value` decimal(12,2) DEFAULT -1.00,
  `reccuring_amount_type` varchar(200) DEFAULT NULL,
  `reccuring_amount_value` decimal(12,2) DEFAULT -1.00,
  `mlm_amount_type` text DEFAULT NULL,
  `mlm_amount_value` text DEFAULT NULL,
  `achieve` text DEFAULT NULL,
  `settings` text DEFAULT NULL,
  `rank_order` tinyint(4) DEFAULT NULL,
  `status` tinyint(1) DEFAULT 0
) ENGINE=MyISAM DEFAULT CHARSET=utf8mb3 COLLATE=utf8mb3_general_ci;

--
-- Dumping data for table `wpqh_uap_ranks`
--

INSERT INTO `wpqh_uap_ranks` (`id`, `slug`, `label`, `amount_type`, `amount_value`, `bonus`, `pay_per_click`, `cpm_commission`, `sign_up_amount_value`, `lifetime_amount_type`, `lifetime_amount_value`, `reccuring_amount_type`, `reccuring_amount_value`, `mlm_amount_type`, `mlm_amount_value`, `achieve`, `settings`, `rank_order`, `status`) VALUES
(1, 'rank_1', 'Starter', 'percentage', 10.00, 100.00, 0.00, 0.00, -1.00, 'flat', -1.00, 'flat', -1.00, 'a:3:{i:1;s:10:\"percentage\";i:2;s:10:\"percentage\";i:3;s:10:\"percentage\";}', 'a:3:{i:1;s:2:\"10\";i:2;s:1:\"5\";i:3;s:1:\"2\";}', '', 'a:2:{s:5:\"color\";s:6:\"6a3da3\";s:11:\"description\";s:11:\"A Demo Rank\";}', 1, 1),
(2, 'rank_2', 'Premium', 'percentage', 25.00, 25000.00, 0.00, 0.00, -1.00, 'percentage', -1.00, 'flat', -1.00, 'a:3:{i:1;s:10:\"percentage\";i:2;s:10:\"percentage\";i:3;s:10:\"percentage\";}', 'a:3:{i:1;s:2:\"10\";i:2;s:1:\"5\";i:3;s:1:\"2\";}', '{\"i\":1,\"type_1\":\"referrals_number\",\"value_1\":\"30\"}', 'a:2:{s:5:\"color\";s:6:\"6a3da3\";s:11:\"description\";s:0:\"\";}', 3, 1),
(3, 'rank_3', 'Deluxue', 'percentage', 30.00, 75000.00, 0.00, 0.00, -1.00, 'percentage', -1.00, 'flat', -1.00, 'a:3:{i:1;s:10:\"percentage\";i:2;s:10:\"percentage\";i:3;s:10:\"percentage\";}', 'a:3:{i:1;s:2:\"10\";i:2;s:1:\"5\";i:3;s:1:\"2\";}', '{\"i\":1,\"type_1\":\"referrals_number\",\"value_1\":\"60\"}', 'a:2:{s:5:\"color\";s:6:\"6a3da3\";s:11:\"description\";s:0:\"\";}', 4, 1),
(4, 'rank_4', 'Executive', 'percentage', 50.00, 150000.00, 0.00, 0.00, -1.00, 'percentage', -1.00, 'flat', -1.00, 'a:3:{i:1;s:4:\"flat\";i:2;s:4:\"flat\";i:3;s:4:\"flat\";}', 'a:3:{i:1;s:0:\"\";i:2;s:0:\"\";i:3;s:0:\"\";}', '{\"i\":1,\"type_1\":\"referrals_number\",\"value_1\":\"80\"}', 'a:2:{s:5:\"color\";s:6:\"6a3da3\";s:11:\"description\";s:0:\"\";}', 5, 1),
(5, 'rank_5', 'Economy', 'percentage', 15.00, 10000.00, 0.00, 0.00, -1.00, 'flat', -1.00, 'flat', -1.00, 'a:3:{i:1;s:10:\"percentage\";i:2;s:10:\"percentage\";i:3;s:10:\"percentage\";}', 'a:3:{i:1;s:2:\"10\";i:2;s:1:\"5\";i:3;s:1:\"2\";}', '{\"i\":1,\"type_1\":\"referrals_number\",\"value_1\":\"15\"}', 'a:2:{s:5:\"color\";s:6:\"6a3da3\";s:11:\"description\";s:0:\"\";}', 2, 1);

-- --------------------------------------------------------

--
-- Table structure for table `wpqh_uap_ranks_history`
--

CREATE TABLE `wpqh_uap_ranks_history` (
  `id` int(11) NOT NULL,
  `affiliate_id` int(11) NOT NULL,
  `prev_rank_id` int(11) NOT NULL DEFAULT 0,
  `rank_id` int(11) NOT NULL,
  `add_date` timestamp NOT NULL DEFAULT current_timestamp()
) ENGINE=MyISAM DEFAULT CHARSET=utf8mb3 COLLATE=utf8mb3_general_ci;

--
-- Dumping data for table `wpqh_uap_ranks_history`
--

INSERT INTO `wpqh_uap_ranks_history` (`id`, `affiliate_id`, `prev_rank_id`, `rank_id`, `add_date`) VALUES
(1, 1, 0, 1, '2022-08-04 09:22:55'),
(2, 2, 0, 1, '2022-08-04 09:25:36'),
(3, 3, 0, 1, '2022-08-08 07:34:51'),
(4, 4, 0, 1, '2022-08-08 07:42:33'),
(5, 5, 0, 1, '2022-08-08 18:57:55'),
(6, 6, 0, 1, '2022-08-08 21:55:31'),
(7, 7, 0, 1, '2022-08-09 16:55:47'),
(8, 8, 0, 1, '2022-08-09 21:46:53'),
(9, 9, 0, 1, '2022-08-09 21:48:16'),
(10, 10, 0, 1, '2022-08-09 21:48:21'),
(11, 11, 0, 1, '2022-08-09 21:50:12'),
(12, 12, 0, 1, '2022-08-09 21:51:29'),
(13, 13, 0, 1, '2022-08-09 21:52:12'),
(14, 14, 0, 1, '2022-08-09 21:52:13'),
(15, 15, 0, 1, '2022-08-09 21:59:53'),
(16, 16, 0, 1, '2022-08-09 22:01:18'),
(17, 17, 0, 1, '2022-08-09 22:01:35'),
(18, 18, 0, 1, '2022-08-09 22:01:44'),
(19, 19, 0, 1, '2022-08-09 22:02:04'),
(20, 20, 0, 1, '2022-08-09 22:03:21'),
(21, 21, 0, 1, '2022-08-09 22:04:27'),
(22, 22, 0, 1, '2022-08-09 22:05:05'),
(23, 23, 0, 1, '2022-08-09 22:05:18'),
(24, 24, 0, 1, '2022-08-09 22:06:47'),
(25, 25, 0, 1, '2022-08-09 22:08:37'),
(26, 26, 0, 1, '2022-08-09 22:08:56'),
(27, 27, 0, 1, '2022-08-09 22:11:20'),
(28, 28, 0, 1, '2022-08-09 22:14:25'),
(29, 29, 0, 1, '2022-08-09 22:19:12'),
(30, 30, 0, 1, '2022-08-09 22:19:49'),
(31, 31, 0, 1, '2022-08-09 22:20:06'),
(32, 32, 0, 1, '2022-08-09 22:20:55'),
(33, 33, 0, 1, '2022-08-09 22:22:49'),
(34, 34, 0, 1, '2022-08-09 22:39:19'),
(35, 35, 0, 1, '2022-08-09 22:41:36'),
(36, 36, 0, 1, '2022-08-09 22:44:41'),
(37, 37, 0, 1, '2022-08-09 22:46:06'),
(38, 38, 0, 1, '2022-08-09 22:52:20'),
(39, 39, 0, 1, '2022-08-09 23:05:58'),
(40, 40, 0, 1, '2022-08-09 23:08:23'),
(41, 41, 0, 1, '2022-08-09 23:52:04'),
(42, 42, 0, 1, '2022-08-10 06:47:39'),
(43, 43, 0, 1, '2022-08-10 08:06:39'),
(44, 44, 0, 1, '2022-08-10 08:25:40'),
(45, 45, 0, 1, '2022-08-10 13:13:54'),
(46, 10, 1, 5, '2022-08-10 16:40:07'),
(47, 46, 0, 1, '2022-08-10 16:48:01'),
(48, 47, 0, 1, '2022-08-10 16:50:41'),
(49, 48, 0, 1, '2022-08-10 16:53:13'),
(50, 49, 0, 1, '2022-08-10 16:59:33'),
(51, 50, 0, 1, '2022-08-10 17:01:51'),
(52, 51, 0, 1, '2022-08-10 17:18:54'),
(53, 52, 0, 1, '2022-08-10 18:44:01'),
(54, 53, 0, 1, '2022-08-10 21:50:38'),
(55, 54, 0, 1, '2022-08-10 21:51:08'),
(56, 55, 0, 1, '2022-08-11 09:04:43'),
(57, 56, 0, 1, '2022-08-11 18:42:19'),
(58, 57, 0, 1, '2022-08-11 18:44:15'),
(59, 58, 0, 1, '2022-08-11 18:49:17'),
(60, 59, 0, 1, '2022-08-11 19:44:19'),
(61, 60, 0, 1, '2022-08-11 19:46:38'),
(62, 61, 0, 1, '2022-08-11 19:48:13'),
(63, 62, 0, 1, '2022-08-11 19:49:42'),
(64, 63, 0, 1, '2022-08-11 19:51:37'),
(65, 64, 0, 1, '2022-08-11 19:56:56'),
(66, 65, 0, 1, '2022-08-11 19:59:46'),
(67, 66, 0, 1, '2022-08-11 20:01:16'),
(68, 67, 0, 1, '2022-08-12 11:32:58'),
(69, 68, 0, 1, '2022-08-12 11:40:48'),
(70, 69, 0, 1, '2022-08-12 11:43:30'),
(71, 70, 0, 1, '2022-08-12 11:45:08'),
(72, 71, 0, 1, '2022-08-12 11:46:41'),
(73, 72, 0, 1, '2022-08-12 11:48:33'),
(74, 73, 0, 1, '2022-08-12 11:50:00'),
(75, 74, 0, 1, '2022-08-12 14:12:54'),
(76, 10, 5, 2, '2022-08-12 16:40:10'),
(77, 75, 0, 1, '2022-08-12 16:49:01'),
(78, 76, 0, 1, '2022-08-12 16:53:03'),
(79, 77, 0, 1, '2022-08-12 16:56:44'),
(80, 78, 0, 1, '2022-08-12 17:00:32'),
(81, 79, 0, 1, '2022-08-12 17:03:37'),
(82, 80, 0, 1, '2022-08-12 17:06:12'),
(83, 81, 0, 1, '2022-08-12 17:08:57'),
(84, 82, 0, 1, '2022-08-12 17:11:54'),
(85, 83, 0, 1, '2022-08-12 17:13:37'),
(86, 84, 0, 1, '2022-08-12 17:17:25'),
(87, 85, 0, 1, '2022-08-12 21:12:42'),
(88, 86, 0, 1, '2022-08-12 21:14:24'),
(89, 87, 0, 1, '2022-08-12 21:17:01'),
(90, 88, 0, 1, '2022-08-12 21:18:20'),
(91, 89, 0, 1, '2022-08-12 21:19:56'),
(92, 90, 0, 1, '2022-08-12 21:21:26'),
(93, 91, 0, 1, '2022-08-12 21:22:53'),
(94, 92, 0, 1, '2022-08-12 21:24:22'),
(95, 93, 0, 1, '2022-08-12 21:25:37'),
(96, 94, 0, 1, '2022-08-12 21:26:59'),
(97, 95, 0, 1, '2022-08-12 21:28:38'),
(98, 96, 0, 1, '2022-08-12 21:38:09'),
(99, 97, 0, 1, '2022-08-12 23:13:12'),
(100, 98, 0, 1, '2022-08-12 23:15:07'),
(101, 99, 0, 1, '2022-08-12 23:17:06'),
(102, 100, 0, 1, '2022-08-12 23:19:16'),
(103, 101, 0, 1, '2022-08-12 23:21:52'),
(104, 102, 0, 1, '2022-08-12 23:34:38'),
(105, 103, 0, 1, '2022-08-13 08:10:48'),
(106, 104, 0, 1, '2022-08-13 08:12:51'),
(107, 105, 0, 1, '2022-08-13 08:15:11'),
(108, 106, 0, 1, '2022-08-13 08:20:13'),
(109, 107, 0, 1, '2022-08-13 09:32:24'),
(110, 108, 0, 1, '2022-08-13 11:04:16'),
(111, 109, 0, 1, '2022-08-13 11:37:07'),
(112, 110, 0, 1, '2022-08-13 11:48:23'),
(113, 111, 0, 1, '2022-08-13 11:57:06'),
(114, 112, 0, 1, '2022-08-13 12:02:15'),
(115, 113, 0, 1, '2022-08-13 12:07:39'),
(116, 114, 0, 1, '2022-08-13 12:09:21'),
(117, 115, 0, 1, '2022-08-13 12:16:42'),
(118, 116, 0, 1, '2022-08-13 12:19:28'),
(119, 117, 0, 1, '2022-08-13 12:25:30'),
(120, 118, 0, 1, '2022-08-13 12:29:34'),
(121, 119, 0, 1, '2022-08-13 13:03:00'),
(122, 120, 0, 1, '2022-08-13 16:12:31'),
(123, 10, 2, 3, '2022-08-13 16:40:07'),
(124, 10, 3, 4, '2022-08-13 16:40:07'),
(125, 121, 0, 1, '2022-08-14 11:22:37'),
(126, 122, 0, 1, '2022-08-14 12:08:20'),
(127, 123, 0, 1, '2022-08-14 12:11:03'),
(128, 124, 0, 1, '2022-08-14 12:18:14'),
(129, 125, 0, 1, '2022-08-14 12:24:09'),
(130, 126, 0, 1, '2022-08-14 20:58:35'),
(131, 127, 0, 1, '2022-08-16 00:08:10'),
(132, 128, 0, 1, '2022-08-17 08:56:57'),
(133, 129, 0, 1, '2022-08-17 10:17:10'),
(134, 130, 0, 1, '2022-08-17 15:03:41'),
(135, 131, 0, 1, '2022-08-18 19:07:16'),
(136, 132, 0, 1, '2022-08-18 19:47:42'),
(137, 133, 0, 1, '2022-08-18 21:06:50'),
(138, 134, 0, 1, '2022-08-19 13:14:50'),
(139, 135, 0, 1, '2022-08-21 23:23:02'),
(140, 136, 0, 1, '2022-08-28 14:31:28'),
(141, 137, 0, 1, '2022-08-28 14:51:36'),
(142, 138, 0, 1, '2022-08-30 10:28:33'),
(143, 139, 0, 1, '2022-08-30 14:20:55'),
(144, 140, 0, 1, '2022-09-03 16:40:33'),
(145, 141, 0, 1, '2022-09-23 22:54:48'),
(146, 142, 0, 1, '2022-09-24 08:33:31'),
(147, 143, 0, 1, '2022-09-26 23:14:31'),
(148, 144, 0, 1, '2022-09-27 12:34:07'),
(149, 145, 0, 1, '2022-09-27 15:00:47'),
(150, 146, 0, 1, '2022-09-27 15:13:02'),
(151, 147, 0, 1, '2022-09-27 16:02:15'),
(152, 148, 0, 1, '2022-10-22 22:09:43'),
(153, 149, 0, 1, '2022-10-22 22:23:44'),
(154, 150, 0, 1, '2023-01-21 19:32:44');

-- --------------------------------------------------------

--
-- Table structure for table `wpqh_uap_referrals`
--

CREATE TABLE `wpqh_uap_referrals` (
  `id` int(11) NOT NULL,
  `refferal_wp_uid` int(11) DEFAULT 0,
  `campaign` varchar(200) DEFAULT NULL,
  `affiliate_id` int(11) DEFAULT NULL,
  `visit_id` int(11) DEFAULT NULL,
  `description` varchar(400) DEFAULT NULL,
  `source` varchar(200) DEFAULT NULL,
  `reference` varchar(400) DEFAULT NULL,
  `reference_details` text DEFAULT NULL,
  `parent_referral_id` int(11) DEFAULT NULL,
  `child_referral_id` int(11) DEFAULT NULL,
  `amount` decimal(12,2) DEFAULT 0.00,
  `currency` varchar(50) DEFAULT NULL,
  `date` timestamp NOT NULL DEFAULT current_timestamp(),
  `status` tinyint(1) DEFAULT 0,
  `payment` tinyint(1) DEFAULT 0
) ENGINE=MyISAM DEFAULT CHARSET=utf8mb3 COLLATE=utf8mb3_general_ci;

--
-- Dumping data for table `wpqh_uap_referrals`
--

INSERT INTO `wpqh_uap_referrals` (`id`, `refferal_wp_uid`, `campaign`, `affiliate_id`, `visit_id`, `description`, `source`, `reference`, `reference_details`, `parent_referral_id`, `child_referral_id`, `amount`, `currency`, `date`, `status`, `payment`) VALUES
(1, 0, '', 2, 3, '', 'woo', '5654', '5643', 0, 0, 9.00, 'INR', '2022-08-04 09:28:15', 2, 2),
(2, 0, '', 3, 0, 'Bonus for reaching rank: Basic', 'bonus', '0', 'Bonus', 0, 0, 0.00, 'INR', '2022-08-08 07:34:51', 2, 0),
(3, 0, '', 4, 0, 'Bonus for reaching rank: Basic', 'bonus', '0', 'Bonus', 0, 0, 0.00, 'INR', '2022-08-08 07:42:33', 2, 0),
(4, 0, '', 5, 0, 'Bonus for reaching rank: Starter', 'bonus', '0', 'Bonus', 0, 0, 100.00, 'INR', '2022-08-08 18:57:55', 2, 0),
(5, 0, '', 6, 0, 'Bonus for reaching rank: Starter', 'bonus', '0', 'Bonus', 0, 0, 100.00, 'INR', '2022-08-08 21:55:31', 2, 0),
(6, 0, '', 6, 8, '', 'woo', '5942', '5643', 0, 0, 9.00, 'INR', '2022-08-08 22:25:20', 2, 0),
(7, 0, '', 7, 0, 'Bonus for reaching rank: Starter', 'bonus', '0', 'Bonus', 0, 0, 100.00, 'INR', '2022-08-09 16:55:47', 2, 0),
(8, 0, '', 8, 0, 'Bonus for reaching rank: Starter', 'bonus', '0', 'Bonus', 0, 0, 100.00, 'INR', '2022-08-09 21:46:53', 2, 0),
(9, 0, '', 9, 0, 'Bonus for reaching rank: Starter', 'bonus', '0', 'Bonus', 0, 0, 100.00, 'INR', '2022-08-09 21:48:16', 2, 0),
(10, 0, '', 10, 0, 'Bonus for reaching rank: Starter', 'bonus', '0', 'Bonus', 0, 0, 100.00, 'INR', '2022-08-09 21:48:21', 2, 0),
(11, 0, '', 11, 0, 'Bonus for reaching rank: Starter', 'bonus', '0', 'Bonus', 0, 0, 100.00, 'INR', '2022-08-09 21:50:12', 2, 0),
(12, 0, '', 12, 0, 'Bonus for reaching rank: Starter', 'bonus', '0', 'Bonus', 0, 0, 100.00, 'INR', '2022-08-09 21:51:29', 2, 0),
(13, 0, '', 13, 0, 'Bonus for reaching rank: Starter', 'bonus', '0', 'Bonus', 0, 0, 100.00, 'INR', '2022-08-09 21:52:12', 2, 0),
(14, 0, '', 14, 0, 'Bonus for reaching rank: Starter', 'bonus', '0', 'Bonus', 0, 0, 100.00, 'INR', '2022-08-09 21:52:13', 2, 0),
(15, 0, '', 15, 0, 'Bonus for reaching rank: Starter', 'bonus', '0', 'Bonus', 0, 0, 100.00, 'INR', '2022-08-09 21:59:53', 2, 0),
(16, 0, '', 16, 0, 'Bonus for reaching rank: Starter', 'bonus', '0', 'Bonus', 0, 0, 100.00, 'INR', '2022-08-09 22:01:18', 2, 0),
(17, 18, '', 12, 16, 'User SignUp', 'User SignUp', 'user_id_18', 'User SignUp', 0, 0, 1.00, 'INR', '2022-08-09 22:01:34', 2, 0),
(18, 0, '', 17, 0, 'Bonus for reaching rank: Starter', 'bonus', '0', 'Bonus', 0, 0, 100.00, 'INR', '2022-08-09 22:01:35', 2, 0),
(19, 19, '', 10, 13, 'User SignUp', 'User SignUp', 'user_id_19', 'User SignUp', 0, 0, 1.00, 'INR', '2022-08-09 22:01:43', 2, 0),
(20, 0, '', 18, 0, 'Bonus for reaching rank: Starter', 'bonus', '0', 'Bonus', 0, 0, 100.00, 'INR', '2022-08-09 22:01:44', 2, 0),
(21, 20, '', 10, 17, 'User SignUp', 'User SignUp', 'user_id_20', 'User SignUp', 0, 0, 1.00, 'INR', '2022-08-09 22:02:03', 2, 0),
(22, 0, '', 19, 0, 'Bonus for reaching rank: Starter', 'bonus', '0', 'Bonus', 0, 0, 100.00, 'INR', '2022-08-09 22:02:04', 2, 0),
(23, 0, '', 20, 0, 'Bonus for reaching rank: Starter', 'bonus', '0', 'Bonus', 0, 0, 100.00, 'INR', '2022-08-09 22:03:21', 2, 0),
(24, 0, '', 12, 20, '', 'woo', '5975', '5643', 0, 0, 9.00, 'INR', '2022-08-09 22:03:47', 1, 0),
(25, 0, '', 21, 0, 'Bonus for reaching rank: Starter', 'bonus', '0', 'Bonus', 0, 0, 100.00, 'INR', '2022-08-09 22:04:27', 2, 0),
(26, 23, '', 10, 13, 'User SignUp', 'User SignUp', 'user_id_23', 'User SignUp', 0, 0, 1.00, 'INR', '2022-08-09 22:05:04', 2, 0),
(27, 0, '', 22, 0, 'Bonus for reaching rank: Starter', 'bonus', '0', 'Bonus', 0, 0, 100.00, 'INR', '2022-08-09 22:05:05', 2, 0),
(28, 0, '', 23, 0, 'Bonus for reaching rank: Starter', 'bonus', '0', 'Bonus', 0, 0, 100.00, 'INR', '2022-08-09 22:05:18', 2, 0),
(29, 0, '', 24, 0, 'Bonus for reaching rank: Starter', 'bonus', '0', 'Bonus', 0, 0, 100.00, 'INR', '2022-08-09 22:06:47', 2, 0),
(30, 26, '', 10, 21, 'User SignUp', 'User SignUp', 'user_id_26', 'User SignUp', 0, 0, 1.00, 'INR', '2022-08-09 22:08:36', 2, 0),
(31, 0, '', 25, 0, 'Bonus for reaching rank: Starter', 'bonus', '0', 'Bonus', 0, 0, 100.00, 'INR', '2022-08-09 22:08:37', 2, 0),
(32, 27, '', 10, 13, 'User SignUp', 'User SignUp', 'user_id_27', 'User SignUp', 0, 0, 1.00, 'INR', '2022-08-09 22:08:55', 2, 0),
(33, 0, '', 26, 0, 'Bonus for reaching rank: Starter', 'bonus', '0', 'Bonus', 0, 0, 100.00, 'INR', '2022-08-09 22:08:56', 2, 0),
(34, 28, '', 10, 13, 'User SignUp', 'User SignUp', 'user_id_28', 'User SignUp', 0, 0, 1.00, 'INR', '2022-08-09 22:11:20', 2, 0),
(35, 0, '', 27, 0, 'Bonus for reaching rank: Starter', 'bonus', '0', 'Bonus', 0, 0, 100.00, 'INR', '2022-08-09 22:11:20', 2, 0),
(36, 29, '', 10, 13, 'User SignUp', 'User SignUp', 'user_id_29', 'User SignUp', 0, 0, 1.00, 'INR', '2022-08-09 22:14:24', 2, 0),
(37, 0, '', 28, 0, 'Bonus for reaching rank: Starter', 'bonus', '0', 'Bonus', 0, 0, 100.00, 'INR', '2022-08-09 22:14:25', 2, 0),
(38, 0, '', 29, 0, 'Bonus for reaching rank: Starter', 'bonus', '0', 'Bonus', 0, 0, 100.00, 'INR', '2022-08-09 22:19:12', 2, 0),
(39, 0, '', 30, 0, 'Bonus for reaching rank: Starter', 'bonus', '0', 'Bonus', 0, 0, 100.00, 'INR', '2022-08-09 22:19:49', 2, 0),
(40, 32, '', 26, 24, 'User SignUp', 'User SignUp', 'user_id_32', 'User SignUp', 0, 0, 1.00, 'INR', '2022-08-09 22:20:05', 2, 0),
(41, 0, '', 31, 0, 'Bonus for reaching rank: Starter', 'bonus', '0', 'Bonus', 0, 0, 100.00, 'INR', '2022-08-09 22:20:06', 2, 0),
(42, 33, '', 10, 13, 'User SignUp', 'User SignUp', 'user_id_33', 'User SignUp', 0, 0, 1.00, 'INR', '2022-08-09 22:20:54', 2, 0),
(43, 0, '', 32, 0, 'Bonus for reaching rank: Starter', 'bonus', '0', 'Bonus', 0, 0, 100.00, 'INR', '2022-08-09 22:20:55', 2, 0),
(44, 34, '', 10, 13, 'User SignUp', 'User SignUp', 'user_id_34', 'User SignUp', 0, 0, 1.00, 'INR', '2022-08-09 22:22:48', 2, 0),
(45, 0, '', 33, 0, 'Bonus for reaching rank: Starter', 'bonus', '0', 'Bonus', 0, 0, 100.00, 'INR', '2022-08-09 22:22:49', 2, 0),
(46, 35, '', 10, 13, 'User SignUp', 'User SignUp', 'user_id_35', 'User SignUp', 0, 0, 1.00, 'INR', '2022-08-09 22:39:18', 2, 0),
(47, 0, '', 34, 0, 'Bonus for reaching rank: Starter', 'bonus', '0', 'Bonus', 0, 0, 100.00, 'INR', '2022-08-09 22:39:19', 2, 0),
(48, 36, '', 10, 13, 'User SignUp', 'User SignUp', 'user_id_36', 'User SignUp', 0, 0, 1.00, 'INR', '2022-08-09 22:41:35', 2, 0),
(49, 0, '', 35, 0, 'Bonus for reaching rank: Starter', 'bonus', '0', 'Bonus', 0, 0, 100.00, 'INR', '2022-08-09 22:41:36', 2, 0),
(50, 37, '', 10, 13, 'User SignUp', 'User SignUp', 'user_id_37', 'User SignUp', 0, 0, 1.00, 'INR', '2022-08-09 22:44:40', 2, 0),
(51, 0, '', 36, 0, 'Bonus for reaching rank: Starter', 'bonus', '0', 'Bonus', 0, 0, 100.00, 'INR', '2022-08-09 22:44:41', 2, 0),
(52, 38, '', 10, 13, 'User SignUp', 'User SignUp', 'user_id_38', 'User SignUp', 0, 0, 1.00, 'INR', '2022-08-09 22:46:05', 2, 0),
(53, 0, '', 37, 0, 'Bonus for reaching rank: Starter', 'bonus', '0', 'Bonus', 0, 0, 100.00, 'INR', '2022-08-09 22:46:06', 2, 0),
(54, 39, '', 10, 13, 'User SignUp', 'User SignUp', 'user_id_39', 'User SignUp', 0, 0, 1.00, 'INR', '2022-08-09 22:52:19', 2, 0),
(55, 0, '', 38, 0, 'Bonus for reaching rank: Starter', 'bonus', '0', 'Bonus', 0, 0, 100.00, 'INR', '2022-08-09 22:52:20', 2, 0),
(56, 0, '', 39, 0, 'Bonus for reaching rank: Starter', 'bonus', '0', 'Bonus', 0, 0, 100.00, 'INR', '2022-08-09 23:05:58', 2, 0),
(57, 0, '', 40, 0, 'Bonus for reaching rank: Starter', 'bonus', '0', 'Bonus', 0, 0, 100.00, 'INR', '2022-08-09 23:08:23', 2, 0),
(58, 0, '', 41, 0, 'Bonus for reaching rank: Starter', 'bonus', '0', 'Bonus', 0, 0, 100.00, 'INR', '2022-08-09 23:52:04', 2, 0),
(59, 0, '', 42, 0, 'Bonus for reaching rank: Starter', 'bonus', '0', 'Bonus', 0, 0, 100.00, 'INR', '2022-08-10 06:47:39', 2, 0),
(60, 0, '', 43, 0, 'Bonus for reaching rank: Starter', 'bonus', '0', 'Bonus', 0, 0, 100.00, 'INR', '2022-08-10 08:06:39', 2, 0),
(61, 0, '', 44, 0, 'Bonus for reaching rank: Starter', 'bonus', '0', 'Bonus', 0, 0, 100.00, 'INR', '2022-08-10 08:25:40', 2, 0),
(62, 0, '', 45, 0, 'Bonus for reaching rank: Starter', 'bonus', '0', 'Bonus', 0, 0, 100.00, 'INR', '2022-08-10 13:13:54', 2, 0),
(63, 0, '', 10, 0, 'Bonus for reaching rank: Economy', 'bonus', '0', 'Bonus', 0, 0, 10000.00, 'INR', '2022-08-10 16:40:07', 2, 0),
(64, 47, '', 10, 61, 'User SignUp', 'User SignUp', 'user_id_47', 'User SignUp', 0, 0, 1.00, 'INR', '2022-08-10 16:48:00', 2, 0),
(65, 0, '', 46, 0, 'Bonus for reaching rank: Starter', 'bonus', '0', 'Bonus', 0, 0, 100.00, 'INR', '2022-08-10 16:48:01', 2, 0),
(66, 48, '', 10, 61, 'User SignUp', 'User SignUp', 'user_id_48', 'User SignUp', 0, 0, 1.00, 'INR', '2022-08-10 16:50:40', 2, 0),
(67, 0, '', 47, 0, 'Bonus for reaching rank: Starter', 'bonus', '0', 'Bonus', 0, 0, 100.00, 'INR', '2022-08-10 16:50:41', 2, 0),
(68, 49, '', 10, 61, 'User SignUp', 'User SignUp', 'user_id_49', 'User SignUp', 0, 0, 1.00, 'INR', '2022-08-10 16:53:12', 2, 0),
(69, 0, '', 48, 0, 'Bonus for reaching rank: Starter', 'bonus', '0', 'Bonus', 0, 0, 100.00, 'INR', '2022-08-10 16:53:13', 2, 0),
(70, 50, '', 10, 13, 'User SignUp', 'User SignUp', 'user_id_50', 'User SignUp', 0, 0, 1.00, 'INR', '2022-08-10 16:59:32', 2, 0),
(71, 0, '', 49, 0, 'Bonus for reaching rank: Starter', 'bonus', '0', 'Bonus', 0, 0, 100.00, 'INR', '2022-08-10 16:59:33', 2, 0),
(72, 51, '', 10, 13, 'User SignUp', 'User SignUp', 'user_id_51', 'User SignUp', 0, 0, 1.00, 'INR', '2022-08-10 17:01:50', 2, 0),
(73, 0, '', 50, 0, 'Bonus for reaching rank: Starter', 'bonus', '0', 'Bonus', 0, 0, 100.00, 'INR', '2022-08-10 17:01:51', 2, 0),
(74, 0, '', 51, 0, 'Bonus for reaching rank: Starter', 'bonus', '0', 'Bonus', 0, 0, 100.00, 'INR', '2022-08-10 17:18:54', 2, 0),
(75, 0, '', 52, 0, 'Bonus for reaching rank: Starter', 'bonus', '0', 'Bonus', 0, 0, 100.00, 'INR', '2022-08-10 18:44:01', 2, 0),
(76, 0, '', 53, 0, 'Bonus for reaching rank: Starter', 'bonus', '0', 'Bonus', 0, 0, 100.00, 'INR', '2022-08-10 21:50:38', 2, 0),
(77, 55, '', 10, 13, 'User SignUp', 'User SignUp', 'user_id_55', 'User SignUp', 0, 0, 1.00, 'INR', '2022-08-10 21:51:08', 2, 0),
(78, 0, '', 54, 0, 'Bonus for reaching rank: Starter', 'bonus', '0', 'Bonus', 0, 0, 100.00, 'INR', '2022-08-10 21:51:08', 2, 0),
(79, 56, '', 10, 13, 'User SignUp', 'User SignUp', 'user_id_56', 'User SignUp', 0, 0, 1.00, 'INR', '2022-08-11 09:04:42', 2, 0),
(80, 0, '', 55, 0, 'Bonus for reaching rank: Starter', 'bonus', '0', 'Bonus', 0, 0, 100.00, 'INR', '2022-08-11 09:04:43', 2, 0),
(81, 58, '', 10, 13, 'User SignUp', 'User SignUp', 'user_id_58', 'User SignUp', 0, 0, 1.00, 'INR', '2022-08-11 18:42:18', 2, 0),
(82, 0, '', 56, 0, 'Bonus for reaching rank: Starter', 'bonus', '0', 'Bonus', 0, 0, 100.00, 'INR', '2022-08-11 18:42:19', 2, 0),
(83, 59, '', 10, 13, 'User SignUp', 'User SignUp', 'user_id_59', 'User SignUp', 0, 0, 1.00, 'INR', '2022-08-11 18:44:15', 2, 0),
(84, 0, '', 57, 0, 'Bonus for reaching rank: Starter', 'bonus', '0', 'Bonus', 0, 0, 100.00, 'INR', '2022-08-11 18:44:15', 2, 0),
(85, 60, '', 10, 13, 'User SignUp', 'User SignUp', 'user_id_60', 'User SignUp', 0, 0, 1.00, 'INR', '2022-08-11 18:49:16', 2, 0),
(86, 0, '', 58, 0, 'Bonus for reaching rank: Starter', 'bonus', '0', 'Bonus', 0, 0, 100.00, 'INR', '2022-08-11 18:49:17', 2, 0),
(87, 61, '', 10, 13, 'User SignUp', 'User SignUp', 'user_id_61', 'User SignUp', 0, 0, 1.00, 'INR', '2022-08-11 19:44:18', 2, 0),
(88, 0, '', 59, 0, 'Bonus for reaching rank: Starter', 'bonus', '0', 'Bonus', 0, 0, 100.00, 'INR', '2022-08-11 19:44:19', 2, 0),
(89, 62, '', 10, 13, 'User SignUp', 'User SignUp', 'user_id_62', 'User SignUp', 0, 0, 1.00, 'INR', '2022-08-11 19:46:37', 2, 0),
(90, 0, '', 60, 0, 'Bonus for reaching rank: Starter', 'bonus', '0', 'Bonus', 0, 0, 100.00, 'INR', '2022-08-11 19:46:38', 2, 0),
(91, 63, '', 10, 13, 'User SignUp', 'User SignUp', 'user_id_63', 'User SignUp', 0, 0, 1.00, 'INR', '2022-08-11 19:48:12', 2, 0),
(92, 0, '', 61, 0, 'Bonus for reaching rank: Starter', 'bonus', '0', 'Bonus', 0, 0, 100.00, 'INR', '2022-08-11 19:48:13', 2, 0),
(93, 64, '', 10, 13, 'User SignUp', 'User SignUp', 'user_id_64', 'User SignUp', 0, 0, 1.00, 'INR', '2022-08-11 19:49:41', 2, 0),
(94, 0, '', 62, 0, 'Bonus for reaching rank: Starter', 'bonus', '0', 'Bonus', 0, 0, 100.00, 'INR', '2022-08-11 19:49:42', 2, 0),
(95, 65, '', 10, 13, 'User SignUp', 'User SignUp', 'user_id_65', 'User SignUp', 0, 0, 1.00, 'INR', '2022-08-11 19:51:36', 2, 0),
(96, 0, '', 63, 0, 'Bonus for reaching rank: Starter', 'bonus', '0', 'Bonus', 0, 0, 100.00, 'INR', '2022-08-11 19:51:37', 2, 0),
(97, 66, '', 10, 13, 'User SignUp', 'User SignUp', 'user_id_66', 'User SignUp', 0, 0, 1.00, 'INR', '2022-08-11 19:56:55', 2, 0),
(98, 0, '', 64, 0, 'Bonus for reaching rank: Starter', 'bonus', '0', 'Bonus', 0, 0, 100.00, 'INR', '2022-08-11 19:56:56', 2, 0),
(99, 67, '', 10, 13, 'User SignUp', 'User SignUp', 'user_id_67', 'User SignUp', 0, 0, 1.00, 'INR', '2022-08-11 19:59:45', 2, 0),
(100, 0, '', 65, 0, 'Bonus for reaching rank: Starter', 'bonus', '0', 'Bonus', 0, 0, 100.00, 'INR', '2022-08-11 19:59:46', 2, 0),
(101, 68, '', 10, 13, 'User SignUp', 'User SignUp', 'user_id_68', 'User SignUp', 0, 0, 1.00, 'INR', '2022-08-11 20:01:15', 2, 0),
(102, 0, '', 66, 0, 'Bonus for reaching rank: Starter', 'bonus', '0', 'Bonus', 0, 0, 100.00, 'INR', '2022-08-11 20:01:16', 2, 0),
(103, 69, '', 10, 13, 'User SignUp', 'User SignUp', 'user_id_69', 'User SignUp', 0, 0, 1.00, 'INR', '2022-08-12 11:32:57', 2, 0),
(104, 0, '', 67, 0, 'Bonus for reaching rank: Starter', 'bonus', '0', 'Bonus', 0, 0, 100.00, 'INR', '2022-08-12 11:32:58', 2, 0),
(105, 70, '', 10, 13, 'User SignUp', 'User SignUp', 'user_id_70', 'User SignUp', 0, 0, 1.00, 'INR', '2022-08-12 11:40:48', 2, 0),
(106, 0, '', 68, 0, 'Bonus for reaching rank: Starter', 'bonus', '0', 'Bonus', 0, 0, 100.00, 'INR', '2022-08-12 11:40:48', 2, 0),
(107, 71, '', 10, 13, 'User SignUp', 'User SignUp', 'user_id_71', 'User SignUp', 0, 0, 1.00, 'INR', '2022-08-12 11:43:29', 2, 0),
(108, 0, '', 69, 0, 'Bonus for reaching rank: Starter', 'bonus', '0', 'Bonus', 0, 0, 100.00, 'INR', '2022-08-12 11:43:30', 2, 0),
(109, 72, '', 10, 13, 'User SignUp', 'User SignUp', 'user_id_72', 'User SignUp', 0, 0, 1.00, 'INR', '2022-08-12 11:45:07', 2, 0),
(110, 0, '', 70, 0, 'Bonus for reaching rank: Starter', 'bonus', '0', 'Bonus', 0, 0, 100.00, 'INR', '2022-08-12 11:45:08', 2, 0),
(111, 73, '', 10, 13, 'User SignUp', 'User SignUp', 'user_id_73', 'User SignUp', 0, 0, 1.00, 'INR', '2022-08-12 11:46:40', 2, 0),
(112, 0, '', 71, 0, 'Bonus for reaching rank: Starter', 'bonus', '0', 'Bonus', 0, 0, 100.00, 'INR', '2022-08-12 11:46:41', 2, 0),
(113, 74, '', 10, 13, 'User SignUp', 'User SignUp', 'user_id_74', 'User SignUp', 0, 0, 1.00, 'INR', '2022-08-12 11:48:32', 2, 0),
(114, 0, '', 72, 0, 'Bonus for reaching rank: Starter', 'bonus', '0', 'Bonus', 0, 0, 100.00, 'INR', '2022-08-12 11:48:33', 2, 0),
(115, 75, '', 10, 13, 'User SignUp', 'User SignUp', 'user_id_75', 'User SignUp', 0, 0, 1.00, 'INR', '2022-08-12 11:49:59', 2, 0),
(116, 0, '', 73, 0, 'Bonus for reaching rank: Starter', 'bonus', '0', 'Bonus', 0, 0, 100.00, 'INR', '2022-08-12 11:50:00', 2, 0),
(117, 76, '', 10, 13, 'User SignUp', 'User SignUp', 'user_id_76', 'User SignUp', 0, 0, 1.00, 'INR', '2022-08-12 14:12:53', 2, 0),
(118, 0, '', 74, 0, 'Bonus for reaching rank: Starter', 'bonus', '0', 'Bonus', 0, 0, 100.00, 'INR', '2022-08-12 14:12:54', 2, 0),
(119, 0, '', 10, 0, 'Bonus for reaching rank: Premium', 'bonus', '0', 'Bonus', 0, 0, 25000.00, 'INR', '2022-08-12 16:40:10', 2, 0),
(120, 77, '', 10, 72, 'User SignUp', 'User SignUp', 'user_id_77', 'User SignUp', 0, 0, 1.00, 'INR', '2022-08-12 16:49:00', 2, 0),
(121, 0, '', 75, 0, 'Bonus for reaching rank: Starter', 'bonus', '0', 'Bonus', 0, 0, 100.00, 'INR', '2022-08-12 16:49:01', 2, 0),
(122, 78, '', 10, 72, 'User SignUp', 'User SignUp', 'user_id_78', 'User SignUp', 0, 0, 1.00, 'INR', '2022-08-12 16:53:02', 2, 0),
(123, 0, '', 76, 0, 'Bonus for reaching rank: Starter', 'bonus', '0', 'Bonus', 0, 0, 100.00, 'INR', '2022-08-12 16:53:03', 2, 0),
(124, 79, '', 10, 72, 'User SignUp', 'User SignUp', 'user_id_79', 'User SignUp', 0, 0, 1.00, 'INR', '2022-08-12 16:56:43', 2, 0),
(125, 0, '', 77, 0, 'Bonus for reaching rank: Starter', 'bonus', '0', 'Bonus', 0, 0, 100.00, 'INR', '2022-08-12 16:56:44', 2, 0),
(126, 80, '', 10, 72, 'User SignUp', 'User SignUp', 'user_id_80', 'User SignUp', 0, 0, 1.00, 'INR', '2022-08-12 17:00:31', 2, 0),
(127, 0, '', 78, 0, 'Bonus for reaching rank: Starter', 'bonus', '0', 'Bonus', 0, 0, 100.00, 'INR', '2022-08-12 17:00:32', 2, 0),
(128, 81, '', 10, 72, 'User SignUp', 'User SignUp', 'user_id_81', 'User SignUp', 0, 0, 1.00, 'INR', '2022-08-12 17:03:36', 2, 0),
(129, 0, '', 79, 0, 'Bonus for reaching rank: Starter', 'bonus', '0', 'Bonus', 0, 0, 100.00, 'INR', '2022-08-12 17:03:37', 2, 0),
(130, 82, '', 10, 72, 'User SignUp', 'User SignUp', 'user_id_82', 'User SignUp', 0, 0, 1.00, 'INR', '2022-08-12 17:06:11', 2, 0),
(131, 0, '', 80, 0, 'Bonus for reaching rank: Starter', 'bonus', '0', 'Bonus', 0, 0, 100.00, 'INR', '2022-08-12 17:06:12', 2, 0),
(132, 83, '', 10, 72, 'User SignUp', 'User SignUp', 'user_id_83', 'User SignUp', 0, 0, 1.00, 'INR', '2022-08-12 17:08:56', 2, 0),
(133, 0, '', 81, 0, 'Bonus for reaching rank: Starter', 'bonus', '0', 'Bonus', 0, 0, 100.00, 'INR', '2022-08-12 17:08:57', 2, 0),
(134, 84, '', 10, 72, 'User SignUp', 'User SignUp', 'user_id_84', 'User SignUp', 0, 0, 1.00, 'INR', '2022-08-12 17:11:53', 2, 0),
(135, 0, '', 82, 0, 'Bonus for reaching rank: Starter', 'bonus', '0', 'Bonus', 0, 0, 100.00, 'INR', '2022-08-12 17:11:54', 2, 0),
(136, 85, '', 10, 72, 'User SignUp', 'User SignUp', 'user_id_85', 'User SignUp', 0, 0, 1.00, 'INR', '2022-08-12 17:13:36', 2, 0),
(137, 0, '', 83, 0, 'Bonus for reaching rank: Starter', 'bonus', '0', 'Bonus', 0, 0, 100.00, 'INR', '2022-08-12 17:13:37', 2, 0),
(138, 86, '', 10, 72, 'User SignUp', 'User SignUp', 'user_id_86', 'User SignUp', 0, 0, 1.00, 'INR', '2022-08-12 17:17:24', 2, 0),
(139, 0, '', 84, 0, 'Bonus for reaching rank: Starter', 'bonus', '0', 'Bonus', 0, 0, 100.00, 'INR', '2022-08-12 17:17:25', 2, 0),
(140, 87, '', 10, 13, 'User SignUp', 'User SignUp', 'user_id_87', 'User SignUp', 0, 0, 1.00, 'INR', '2022-08-12 21:12:41', 2, 0),
(141, 0, '', 85, 0, 'Bonus for reaching rank: Starter', 'bonus', '0', 'Bonus', 0, 0, 100.00, 'INR', '2022-08-12 21:12:42', 2, 0),
(142, 88, '', 10, 13, 'User SignUp', 'User SignUp', 'user_id_88', 'User SignUp', 0, 0, 1.00, 'INR', '2022-08-12 21:14:23', 2, 0),
(143, 0, '', 86, 0, 'Bonus for reaching rank: Starter', 'bonus', '0', 'Bonus', 0, 0, 100.00, 'INR', '2022-08-12 21:14:24', 2, 0),
(144, 89, '', 10, 13, 'User SignUp', 'User SignUp', 'user_id_89', 'User SignUp', 0, 0, 1.00, 'INR', '2022-08-12 21:16:59', 2, 0),
(145, 0, '', 87, 0, 'Bonus for reaching rank: Starter', 'bonus', '0', 'Bonus', 0, 0, 100.00, 'INR', '2022-08-12 21:17:01', 2, 0),
(146, 90, '', 10, 13, 'User SignUp', 'User SignUp', 'user_id_90', 'User SignUp', 0, 0, 1.00, 'INR', '2022-08-12 21:18:19', 2, 0),
(147, 0, '', 88, 0, 'Bonus for reaching rank: Starter', 'bonus', '0', 'Bonus', 0, 0, 100.00, 'INR', '2022-08-12 21:18:20', 2, 0),
(148, 91, '', 10, 13, 'User SignUp', 'User SignUp', 'user_id_91', 'User SignUp', 0, 0, 1.00, 'INR', '2022-08-12 21:19:54', 2, 0),
(149, 0, '', 89, 0, 'Bonus for reaching rank: Starter', 'bonus', '0', 'Bonus', 0, 0, 100.00, 'INR', '2022-08-12 21:19:56', 2, 0),
(150, 92, '', 10, 13, 'User SignUp', 'User SignUp', 'user_id_92', 'User SignUp', 0, 0, 1.00, 'INR', '2022-08-12 21:21:24', 2, 0),
(151, 0, '', 90, 0, 'Bonus for reaching rank: Starter', 'bonus', '0', 'Bonus', 0, 0, 100.00, 'INR', '2022-08-12 21:21:26', 2, 0),
(152, 93, '', 10, 13, 'User SignUp', 'User SignUp', 'user_id_93', 'User SignUp', 0, 0, 1.00, 'INR', '2022-08-12 21:22:52', 2, 0),
(153, 0, '', 91, 0, 'Bonus for reaching rank: Starter', 'bonus', '0', 'Bonus', 0, 0, 100.00, 'INR', '2022-08-12 21:22:53', 2, 0),
(154, 94, '', 10, 13, 'User SignUp', 'User SignUp', 'user_id_94', 'User SignUp', 0, 0, 1.00, 'INR', '2022-08-12 21:24:20', 2, 0),
(155, 0, '', 92, 0, 'Bonus for reaching rank: Starter', 'bonus', '0', 'Bonus', 0, 0, 100.00, 'INR', '2022-08-12 21:24:22', 2, 0),
(156, 95, '', 10, 13, 'User SignUp', 'User SignUp', 'user_id_95', 'User SignUp', 0, 0, 1.00, 'INR', '2022-08-12 21:25:36', 2, 0),
(157, 0, '', 93, 0, 'Bonus for reaching rank: Starter', 'bonus', '0', 'Bonus', 0, 0, 100.00, 'INR', '2022-08-12 21:25:37', 2, 0),
(158, 96, '', 10, 13, 'User SignUp', 'User SignUp', 'user_id_96', 'User SignUp', 0, 0, 1.00, 'INR', '2022-08-12 21:26:57', 2, 0),
(159, 0, '', 94, 0, 'Bonus for reaching rank: Starter', 'bonus', '0', 'Bonus', 0, 0, 100.00, 'INR', '2022-08-12 21:26:59', 2, 0),
(160, 97, '', 10, 13, 'User SignUp', 'User SignUp', 'user_id_97', 'User SignUp', 0, 0, 1.00, 'INR', '2022-08-12 21:28:37', 2, 0),
(161, 0, '', 95, 0, 'Bonus for reaching rank: Starter', 'bonus', '0', 'Bonus', 0, 0, 100.00, 'INR', '2022-08-12 21:28:38', 2, 0),
(162, 98, '', 10, 13, 'User SignUp', 'User SignUp', 'user_id_98', 'User SignUp', 0, 0, 1.00, 'INR', '2022-08-12 21:38:08', 2, 0),
(163, 0, '', 96, 0, 'Bonus for reaching rank: Starter', 'bonus', '0', 'Bonus', 0, 0, 100.00, 'INR', '2022-08-12 21:38:09', 2, 0),
(164, 99, '', 10, 13, 'User SignUp', 'User SignUp', 'user_id_99', 'User SignUp', 0, 0, 1.00, 'INR', '2022-08-12 23:13:11', 2, 0),
(165, 0, '', 97, 0, 'Bonus for reaching rank: Starter', 'bonus', '0', 'Bonus', 0, 0, 100.00, 'INR', '2022-08-12 23:13:12', 2, 0),
(166, 100, '', 10, 13, 'User SignUp', 'User SignUp', 'user_id_100', 'User SignUp', 0, 0, 1.00, 'INR', '2022-08-12 23:15:07', 2, 0),
(167, 0, '', 98, 0, 'Bonus for reaching rank: Starter', 'bonus', '0', 'Bonus', 0, 0, 100.00, 'INR', '2022-08-12 23:15:07', 2, 0),
(168, 101, '', 10, 13, 'User SignUp', 'User SignUp', 'user_id_101', 'User SignUp', 0, 0, 1.00, 'INR', '2022-08-12 23:17:05', 2, 0),
(169, 0, '', 99, 0, 'Bonus for reaching rank: Starter', 'bonus', '0', 'Bonus', 0, 0, 100.00, 'INR', '2022-08-12 23:17:06', 2, 0),
(170, 102, '', 10, 13, 'User SignUp', 'User SignUp', 'user_id_102', 'User SignUp', 0, 0, 1.00, 'INR', '2022-08-12 23:19:16', 2, 0),
(171, 0, '', 100, 0, 'Bonus for reaching rank: Starter', 'bonus', '0', 'Bonus', 0, 0, 100.00, 'INR', '2022-08-12 23:19:16', 2, 0),
(172, 103, '', 10, 13, 'User SignUp', 'User SignUp', 'user_id_103', 'User SignUp', 0, 0, 1.00, 'INR', '2022-08-12 23:21:51', 2, 0),
(173, 0, '', 101, 0, 'Bonus for reaching rank: Starter', 'bonus', '0', 'Bonus', 0, 0, 100.00, 'INR', '2022-08-12 23:21:52', 2, 0),
(174, 0, '', 102, 0, 'Bonus for reaching rank: Starter', 'bonus', '0', 'Bonus', 0, 0, 100.00, 'INR', '2022-08-12 23:34:38', 2, 0),
(175, 105, '', 10, 13, 'User SignUp', 'User SignUp', 'user_id_105', 'User SignUp', 0, 0, 1.00, 'INR', '2022-08-13 08:10:47', 2, 0),
(176, 0, '', 103, 0, 'Bonus for reaching rank: Starter', 'bonus', '0', 'Bonus', 0, 0, 100.00, 'INR', '2022-08-13 08:10:48', 2, 0),
(177, 106, '', 10, 13, 'User SignUp', 'User SignUp', 'user_id_106', 'User SignUp', 0, 0, 1.00, 'INR', '2022-08-13 08:12:50', 2, 0),
(178, 0, '', 104, 0, 'Bonus for reaching rank: Starter', 'bonus', '0', 'Bonus', 0, 0, 100.00, 'INR', '2022-08-13 08:12:51', 2, 0),
(179, 107, '', 10, 13, 'User SignUp', 'User SignUp', 'user_id_107', 'User SignUp', 0, 0, 1.00, 'INR', '2022-08-13 08:15:10', 2, 0),
(180, 0, '', 105, 0, 'Bonus for reaching rank: Starter', 'bonus', '0', 'Bonus', 0, 0, 100.00, 'INR', '2022-08-13 08:15:11', 2, 0),
(181, 108, '', 10, 13, 'User SignUp', 'User SignUp', 'user_id_108', 'User SignUp', 0, 0, 1.00, 'INR', '2022-08-13 08:20:12', 2, 0),
(182, 0, '', 106, 0, 'Bonus for reaching rank: Starter', 'bonus', '0', 'Bonus', 0, 0, 100.00, 'INR', '2022-08-13 08:20:13', 2, 0),
(183, 0, '', 107, 0, 'Bonus for reaching rank: Starter', 'bonus', '0', 'Bonus', 0, 0, 100.00, 'INR', '2022-08-13 09:32:24', 2, 0),
(184, 0, '', 108, 0, 'Bonus for reaching rank: Starter', 'bonus', '0', 'Bonus', 0, 0, 100.00, 'INR', '2022-08-13 11:04:16', 2, 0),
(185, 0, '', 109, 0, 'Bonus for reaching rank: Starter', 'bonus', '0', 'Bonus', 0, 0, 100.00, 'INR', '2022-08-13 11:37:07', 2, 0),
(186, 112, '', 10, 13, 'User SignUp', 'User SignUp', 'user_id_112', 'User SignUp', 0, 0, 1.00, 'INR', '2022-08-13 11:48:22', 2, 0),
(187, 0, '', 110, 0, 'Bonus for reaching rank: Starter', 'bonus', '0', 'Bonus', 0, 0, 100.00, 'INR', '2022-08-13 11:48:23', 2, 0),
(188, 113, '', 10, 13, 'User SignUp', 'User SignUp', 'user_id_113', 'User SignUp', 0, 0, 1.00, 'INR', '2022-08-13 11:57:05', 2, 0),
(189, 0, '', 111, 0, 'Bonus for reaching rank: Starter', 'bonus', '0', 'Bonus', 0, 0, 100.00, 'INR', '2022-08-13 11:57:06', 2, 0),
(190, 114, '', 10, 13, 'User SignUp', 'User SignUp', 'user_id_114', 'User SignUp', 0, 0, 1.00, 'INR', '2022-08-13 12:02:14', 2, 0),
(191, 0, '', 112, 0, 'Bonus for reaching rank: Starter', 'bonus', '0', 'Bonus', 0, 0, 100.00, 'INR', '2022-08-13 12:02:15', 2, 0),
(192, 115, '', 10, 13, 'User SignUp', 'User SignUp', 'user_id_115', 'User SignUp', 0, 0, 1.00, 'INR', '2022-08-13 12:07:38', 2, 0),
(193, 0, '', 113, 0, 'Bonus for reaching rank: Starter', 'bonus', '0', 'Bonus', 0, 0, 100.00, 'INR', '2022-08-13 12:07:39', 2, 0),
(194, 0, '', 114, 0, 'Bonus for reaching rank: Starter', 'bonus', '0', 'Bonus', 0, 0, 100.00, 'INR', '2022-08-13 12:09:21', 2, 0),
(195, 117, '', 10, 13, 'User SignUp', 'User SignUp', 'user_id_117', 'User SignUp', 0, 0, 1.00, 'INR', '2022-08-13 12:16:42', 2, 0),
(196, 0, '', 115, 0, 'Bonus for reaching rank: Starter', 'bonus', '0', 'Bonus', 0, 0, 100.00, 'INR', '2022-08-13 12:16:42', 2, 0),
(197, 118, '', 10, 13, 'User SignUp', 'User SignUp', 'user_id_118', 'User SignUp', 0, 0, 1.00, 'INR', '2022-08-13 12:19:27', 2, 0),
(198, 0, '', 116, 0, 'Bonus for reaching rank: Starter', 'bonus', '0', 'Bonus', 0, 0, 100.00, 'INR', '2022-08-13 12:19:28', 2, 0),
(199, 119, '', 10, 13, 'User SignUp', 'User SignUp', 'user_id_119', 'User SignUp', 0, 0, 1.00, 'INR', '2022-08-13 12:25:29', 2, 0),
(200, 0, '', 117, 0, 'Bonus for reaching rank: Starter', 'bonus', '0', 'Bonus', 0, 0, 100.00, 'INR', '2022-08-13 12:25:30', 2, 0),
(201, 120, '', 10, 13, 'User SignUp', 'User SignUp', 'user_id_120', 'User SignUp', 0, 0, 1.00, 'INR', '2022-08-13 12:29:33', 2, 0),
(202, 0, '', 118, 0, 'Bonus for reaching rank: Starter', 'bonus', '0', 'Bonus', 0, 0, 100.00, 'INR', '2022-08-13 12:29:34', 2, 0),
(203, 121, '', 107, 77, 'User SignUp', 'User SignUp', 'user_id_121', 'User SignUp', 0, 0, 1.00, 'INR', '2022-08-13 13:02:59', 2, 0),
(204, 0, '', 119, 0, 'Bonus for reaching rank: Starter', 'bonus', '0', 'Bonus', 0, 0, 100.00, 'INR', '2022-08-13 13:03:00', 2, 0),
(205, 0, '', 120, 0, 'Bonus for reaching rank: Starter', 'bonus', '0', 'Bonus', 0, 0, 100.00, 'INR', '2022-08-13 16:12:31', 2, 0),
(206, 0, '', 10, 0, 'Bonus for reaching rank: Deluxue', 'bonus', '0', 'Bonus', 0, 0, 50000.00, 'INR', '2022-08-13 16:40:07', 2, 0),
(207, 0, '', 10, 0, 'Bonus for reaching rank: Executive', 'bonus', '0', 'Bonus', 0, 0, 100000.00, 'INR', '2022-08-13 16:40:07', 2, 0),
(208, 0, '', 121, 0, 'Bonus for reaching rank: Starter', 'bonus', '0', 'Bonus', 0, 0, 100.00, 'INR', '2022-08-14 11:22:37', 2, 0),
(209, 124, '', 10, 13, 'User SignUp', 'User SignUp', 'user_id_124', 'User SignUp', 0, 0, 1.00, 'INR', '2022-08-14 12:08:20', 2, 0),
(210, 0, '', 122, 0, 'Bonus for reaching rank: Starter', 'bonus', '0', 'Bonus', 0, 0, 100.00, 'INR', '2022-08-14 12:08:20', 2, 0),
(211, 125, '', 10, 13, 'User SignUp', 'User SignUp', 'user_id_125', 'User SignUp', 0, 0, 1.00, 'INR', '2022-08-14 12:11:02', 2, 0),
(212, 0, '', 123, 0, 'Bonus for reaching rank: Starter', 'bonus', '0', 'Bonus', 0, 0, 100.00, 'INR', '2022-08-14 12:11:03', 2, 0),
(213, 126, '', 10, 13, 'User SignUp', 'User SignUp', 'user_id_126', 'User SignUp', 0, 0, 1.00, 'INR', '2022-08-14 12:18:12', 2, 0),
(214, 0, '', 124, 0, 'Bonus for reaching rank: Starter', 'bonus', '0', 'Bonus', 0, 0, 100.00, 'INR', '2022-08-14 12:18:14', 2, 0),
(215, 127, '', 10, 13, 'User SignUp', 'User SignUp', 'user_id_127', 'User SignUp', 0, 0, 1.00, 'INR', '2022-08-14 12:24:08', 2, 0),
(216, 0, '', 125, 0, 'Bonus for reaching rank: Starter', 'bonus', '0', 'Bonus', 0, 0, 100.00, 'INR', '2022-08-14 12:24:09', 2, 0),
(217, 0, '', 126, 0, 'Bonus for reaching rank: Starter', 'bonus', '0', 'Bonus', 0, 0, 100.00, 'INR', '2022-08-14 20:58:35', 2, 0),
(218, 0, '', 127, 0, 'Bonus for reaching rank: Starter', 'bonus', '0', 'Bonus', 0, 0, 100.00, 'INR', '2022-08-16 00:08:10', 2, 0),
(219, 0, '', 128, 0, 'Bonus for reaching rank: Starter', 'bonus', '0', 'Bonus', 0, 0, 100.00, 'INR', '2022-08-17 08:56:57', 2, 0),
(220, 0, '', 129, 0, 'Bonus for reaching rank: Starter', 'bonus', '0', 'Bonus', 0, 0, 100.00, 'INR', '2022-08-17 10:17:10', 2, 0),
(221, 0, '', 130, 0, 'Bonus for reaching rank: Starter', 'bonus', '0', 'Bonus', 0, 0, 100.00, 'INR', '2022-08-17 15:03:41', 2, 0),
(222, 0, '', 131, 0, 'Bonus for reaching rank: Starter', 'bonus', '0', 'Bonus', 0, 0, 100.00, 'INR', '2022-08-18 19:07:16', 2, 0),
(223, 134, '', 131, 82, 'User SignUp', 'User SignUp', 'user_id_134', 'User SignUp', 0, 0, 1.00, 'INR', '2022-08-18 19:47:40', 2, 0),
(224, 0, '', 132, 0, 'Bonus for reaching rank: Starter', 'bonus', '0', 'Bonus', 0, 0, 100.00, 'INR', '2022-08-18 19:47:42', 2, 0),
(225, 135, '', 131, 86, 'User SignUp', 'User SignUp', 'user_id_135', 'User SignUp', 0, 0, 1.00, 'INR', '2022-08-18 21:06:48', 2, 0),
(226, 0, '', 133, 0, 'Bonus for reaching rank: Starter', 'bonus', '0', 'Bonus', 0, 0, 100.00, 'INR', '2022-08-18 21:06:50', 2, 0),
(227, 0, '', 134, 0, 'Bonus for reaching rank: Starter', 'bonus', '0', 'Bonus', 0, 0, 100.00, 'INR', '2022-08-19 13:14:50', 2, 0),
(228, 0, '', 135, 0, 'Bonus for reaching rank: Starter', 'bonus', '0', 'Bonus', 0, 0, 100.00, 'INR', '2022-08-21 23:23:02', 2, 0),
(229, 138, '', 6, 91, 'User SignUp', 'User SignUp', 'user_id_138', 'User SignUp', 0, 0, 1.00, 'INR', '2022-08-28 14:31:26', 2, 0),
(230, 0, '', 136, 0, 'Bonus for reaching rank: Starter', 'bonus', '0', 'Bonus', 0, 0, 100.00, 'INR', '2022-08-28 14:31:28', 2, 0),
(231, 139, '', 6, 91, 'User SignUp', 'User SignUp', 'user_id_139', 'User SignUp', 0, 0, 1.00, 'INR', '2022-08-28 14:51:34', 2, 0),
(232, 0, '', 137, 0, 'Bonus for reaching rank: Starter', 'bonus', '0', 'Bonus', 0, 0, 100.00, 'INR', '2022-08-28 14:51:36', 2, 0),
(233, 140, '', 6, 91, 'User SignUp', 'User SignUp', 'user_id_140', 'User SignUp', 0, 0, 1.00, 'INR', '2022-08-30 10:28:31', 2, 0),
(234, 0, '', 138, 0, 'Bonus for reaching rank: Starter', 'bonus', '0', 'Bonus', 0, 0, 100.00, 'INR', '2022-08-30 10:28:33', 2, 0),
(235, 141, '', 6, 91, 'User SignUp', 'User SignUp', 'user_id_141', 'User SignUp', 0, 0, 1.00, 'INR', '2022-08-30 14:20:52', 2, 0),
(236, 0, '', 139, 0, 'Bonus for reaching rank: Starter', 'bonus', '0', 'Bonus', 0, 0, 100.00, 'INR', '2022-08-30 14:20:55', 2, 0),
(237, 0, '', 139, 109, '', 'woo', '6011', '5947', 238, 0, 500.00, 'INR', '2022-08-31 19:57:31', 1, 0),
(238, 0, '-', 6, 0, 'From DIPALI8031', 'mlm', 'mlm_237', '-', 0, 237, 50.00, 'INR', '2022-08-31 19:57:31', 1, 0),
(239, 0, '', 140, 0, 'Bonus for reaching rank: Starter', 'bonus', '0', 'Bonus', 0, 0, 100.00, 'INR', '2022-09-03 16:40:33', 2, 0),
(240, 0, '', 141, 0, 'Bonus for reaching rank: Starter', 'bonus', '0', 'Bonus', 0, 0, 100.00, 'INR', '2022-09-23 22:54:48', 2, 0),
(241, 0, '', 142, 0, 'Bonus for reaching rank: Starter', 'bonus', '0', 'Bonus', 0, 0, 100.00, 'INR', '2022-09-24 08:33:31', 2, 0),
(242, 0, '', 143, 0, 'Bonus for reaching rank: Starter', 'bonus', '0', 'Bonus', 0, 0, 100.00, 'INR', '2022-09-26 23:14:31', 2, 0),
(243, 146, '', 143, 112, 'User SignUp', 'User SignUp', 'user_id_146', 'User SignUp', 0, 0, 1.00, 'INR', '2022-09-27 12:34:05', 2, 0),
(244, 0, '', 144, 0, 'Bonus for reaching rank: Starter', 'bonus', '0', 'Bonus', 0, 0, 100.00, 'INR', '2022-09-27 12:34:07', 2, 0),
(245, 147, '', 144, 115, 'User SignUp', 'User SignUp', 'user_id_147', 'User SignUp', 246, 0, 1.00, 'INR', '2022-09-27 15:00:45', 2, 0),
(246, 0, '-', 143, 0, 'From Krishan@999', 'mlm', 'mlm_245', '-', 0, 245, 0.10, 'INR', '2022-09-27 15:00:45', 2, 0),
(247, 0, '', 145, 0, 'Bonus for reaching rank: Starter', 'bonus', '0', 'Bonus', 0, 0, 100.00, 'INR', '2022-09-27 15:00:47', 2, 0),
(248, 148, '', 145, 117, 'User SignUp', 'User SignUp', 'user_id_148', 'User SignUp', 249, 0, 1.00, 'INR', '2022-09-27 15:13:00', 2, 0),
(249, 0, '-', 144, 0, 'From PrithviRaj@3333', 'mlm', 'mlm_248', '-', 250, 248, 0.10, 'INR', '2022-09-27 15:13:00', 2, 0),
(250, 0, '-', 143, 0, 'From PrithviRaj@3333', 'mlm', 'mlm_248', '-', 0, 249, 0.05, 'INR', '2022-09-27 15:13:00', 2, 0),
(251, 0, '', 146, 0, 'Bonus for reaching rank: Starter', 'bonus', '0', 'Bonus', 0, 0, 100.00, 'INR', '2022-09-27 15:13:02', 2, 0),
(252, 149, '', 144, 119, 'User SignUp', 'User SignUp', 'user_id_149', 'User SignUp', 253, 0, 1.00, 'INR', '2022-09-27 16:02:13', 2, 0),
(253, 0, '-', 143, 0, 'From Krishan@999', 'mlm', 'mlm_252', '-', 0, 252, 0.10, 'INR', '2022-09-27 16:02:13', 2, 0),
(254, 0, '', 147, 0, 'Bonus for reaching rank: Starter', 'bonus', '0', 'Bonus', 0, 0, 100.00, 'INR', '2022-09-27 16:02:15', 2, 0),
(255, 0, '', 148, 0, 'Bonus for reaching rank: Starter', 'bonus', '0', 'Bonus', 0, 0, 100.00, 'INR', '2022-10-22 22:09:43', 2, 0),
(256, 151, '', 148, 120, 'User SignUp', 'User SignUp', 'user_id_151', 'User SignUp', 0, 0, 1.00, 'INR', '2022-10-22 22:23:42', 2, 0),
(257, 0, '', 149, 0, 'Bonus for reaching rank: Starter', 'bonus', '0', 'Bonus', 0, 0, 100.00, 'INR', '2022-10-22 22:23:44', 2, 0),
(258, 0, '', 150, 0, 'Bonus for reaching rank: Starter', 'bonus', '0', 'Bonus', 0, 0, 100.00, 'INR', '2023-01-21 19:32:44', 2, 0);

-- --------------------------------------------------------

--
